This is the mail archive of the gcc-testresults@gcc.gnu.org mailing list for the GCC project.


Index Nav: [Date Index] [Subject Index] [Author Index] [Thread Index]
Message Nav: [Date Prev] [Date Next] [Thread Prev] [Thread Next]
Other format: [Raw text]

Results for 3.4 20021228 (experimental) testsuite on powerpc-unknown-linux-gnu


Debian GNU/Linux 3.0
Linux 2.4.18-powerpc
binutils Version: 2.12.90.0.15-1
glibc Version: 2.2.5-15

Test results for libjava include the results of the Mauve testsuite
(see http://sources.redhat.com/mauve/)

Native configuration is powerpc-unknown-linux-gnu

		=== g++ tests ===


Running target unix
FAIL: g++.dg/compat/break/bitfield7 y_tst.o compile
UNRESOLVED: g++.dg/compat/break/bitfield7 x_tst.o-y_tst.o link 
UNRESOLVED: g++.dg/compat/break/bitfield7 x_tst.o-y_tst.o execute 
XPASS: g++.dg/other/anon-struct.C  (test for bogus messages, line 8)
FAIL: g++.dg/warn/Wunused-2.C  (test for warnings, line 5)
XPASS: g++.brendan/parse4.C - treated as decl (test for bogus messages, line 22)
XPASS: g++.brendan/parse4.C - treated as decl (test for bogus messages, line 23)
XPASS: g++.brendan/parse5.C - (test for bogus messages, line 24)
XPASS: g++.brendan/parse6.C - (test for bogus messages, line 12)
XPASS: g++.bugs/900404_04.C , (test for errors, line 15)
XPASS: g++.jason/access8.C cannot convert to inh (test for errors, line 28)
XPASS: g++.jason/ambig3.C - late parsing (test for bogus messages, line 12)
XPASS: g++.jason/ambig3.C - late parsing (test for bogus messages, line 14)
XPASS: g++.other/access6.C - private - (test for bogus messages, line 9)
XPASS: g++.other/access6.C - redeclared - (test for bogus messages, line 11)
XPASS: g++.other/access6.C - private - (test for bogus messages, line 14)
XPASS: g++.other/decl1.C (test for excess errors)
XPASS: g++.other/decl5.C ::Q not a member of B (test for errors, line 34)
XPASS: g++.pt/typename12.C (test for excess errors)
XPASS: g++.pt/typename12.C  Execution test
FAIL: g++.robertl/eb42.C (test for excess errors)

		=== g++ Summary ===

# of expected passes		8027
# of unexpected failures	3
# of unexpected successes	16
# of expected failures		72
# of unresolved testcases	2
# of untested testcases		23
# of unsupported tests		17
/home/mark/src/gcc34/obj/gcc/testsuite/../g++ version 3.4 20021228 (experimental)

		=== gcc tests ===


Running target unix
WARNING: program timed out.
FAIL: gcc.c-torture/compile/20001226-1.c,  -O3 -g  
WARNING: program timed out.
FAIL: gcc.c-torture/compile/20001226-1.c,  -Os  
FAIL: gcc.c-torture/compile/simd-4.c,  -Os  
FAIL: gcc.c-torture/execute/builtin-constant.c execution,  -O1 
FAIL: gcc.c-torture/execute/builtin-constant.c execution,  -O2 
FAIL: gcc.c-torture/execute/builtin-constant.c execution,  -O3 -fomit-frame-pointer 
FAIL: gcc.c-torture/execute/builtin-constant.c execution,  -O3 -g 
FAIL: gcc.c-torture/execute/builtin-constant.c execution,  -Os 
FAIL: gcc.c-torture/execute/simd-2.c compilation,  -Os 
UNRESOLVED: gcc.c-torture/execute/simd-2.c execution,  -Os 
FAIL: gcc.dg/20020103-1.c scan-assembler-not LC
FAIL: gcc.dg/20020118-1.c execution test
FAIL: gcc.dg/altivec-5.c (test for excess errors)
FAIL: gcc.dg/duff-2.c (test for excess errors)
FAIL: gcc.dg/typespec-1.c unsigned long long int short (test for errors, line 930)
FAIL: gcc.dg/typespec-1.c unsigned long long int int (test for errors, line 931)
FAIL: gcc.dg/typespec-1.c unsigned long long int long (test for errors, line 932)
FAIL: gcc.dg/typespec-1.c unsigned long long int float (test for errors, line 933)
FAIL: gcc.dg/typespec-1.c unsigned long long int double (test for errors, line 934)
FAIL: gcc.dg/typespec-1.c unsigned long long int signed (test for errors, line 935)
FAIL: gcc.dg/typespec-1.c unsigned long long int unsigned (test for errors, line 936)
FAIL: gcc.dg/typespec-1.c unsigned long long int _Bool (test for errors, line 937)
FAIL: gcc.dg/typespec-1.c (test for excess errors)

		=== gcc Summary ===

# of expected passes		20600
# of unexpected failures	22
# of expected failures		62
# of unresolved testcases	1
# of unsupported tests		149
/home/mark/src/gcc34/obj/gcc/xgcc version 3.4 20021228 (experimental)

		=== libjava tests ===


Running target unix
FAIL: PR1343 compilation from bytecode
FAIL: PR1343 -O compilation from bytecode
FAIL: Array_3 execution - source compiled test
FAIL: Array_3 execution - bytecode->native test
FAIL: Array_3 -O execution - source compiled test
FAIL: Array_3 -O execution - bytecode->native test
WARNING: program timed out.
FAIL: SyncTest execution - gij test
WARNING: program timed out.
FAIL: SyncTest execution - gij test
FAIL: Thread_Interrupt output - bytecode->native test
FAIL: Thread_Interrupt -O output - source compiled test
FAIL: pr8823 compilation from bytecode
FAIL: pr8823 -O compilation from bytecode
FAIL: Compile DejaGNUTestHarness.java

		=== libjava Summary ===

# of expected passes		2895
# of unexpected failures	13
# of expected failures		14
# of untested testcases		18
		=== libstdc++-v3 tests ===


Running target unix
XPASS: 22_locale/collate_byname.cc execution test
XPASS: 22_locale/collate_members_char.cc execution test
XPASS: 22_locale/collate_members_wchar_t.cc execution test
XPASS: 22_locale/ctype_is_char.cc execution test
XPASS: 22_locale/ctype_is_wchar_t.cc execution test
XPASS: 22_locale/members.cc execution test
XPASS: 22_locale/messages_byname.cc execution test
XPASS: 22_locale/messages_members_char.cc execution test
XPASS: 22_locale/money_get_members_char.cc execution test
XPASS: 22_locale/money_get_members_wchar_t.cc execution test
XPASS: 22_locale/money_put_members_char.cc execution test
XPASS: 22_locale/money_put_members_wchar_t.cc execution test
XPASS: 22_locale/moneypunct_byname.cc execution test
XPASS: 22_locale/moneypunct_members_char.cc execution test
XPASS: 22_locale/moneypunct_members_wchar_t.cc execution test
XPASS: 22_locale/num_get_members_char.cc execution test
XPASS: 22_locale/num_get_members_wchar_t.cc execution test
XPASS: 22_locale/num_put_members_char.cc execution test
XPASS: 22_locale/num_put_members_wchar_t.cc execution test
XPASS: 22_locale/numpunct_byname.cc execution test
XPASS: 22_locale/numpunct_members_char.cc execution test
XPASS: 22_locale/numpunct_members_wchar_t.cc execution test
XPASS: 22_locale/time_get_members_char.cc execution test
XPASS: 22_locale/time_get_members_wchar_t.cc execution test
XPASS: 22_locale/time_put_members_char.cc execution test
XPASS: 22_locale/time_put_members_wchar_t.cc execution test
FAIL: 26_numerics/c99_classification_macros_c.cc (test for excess errors)
WARNING: program timed out.
FAIL: thread/pthread4.cc execution test

		=== libstdc++-v3 Summary ===

# of expected passes		418
# of unexpected failures	2
# of unexpected successes	26
# of expected failures		1

Compiler version: 3.4 20021228 (experimental) 
Platform: powerpc-unknown-linux-gnu


time make bootstrap
real 22366.93
user 18803.82
sys 2734.13

time check
Command exited with non-zero status 2
real 17890.46
user 11317.17
sys 3515.71


Index Nav: [Date Index] [Subject Index] [Author Index] [Thread Index]
Message Nav: [Date Prev] [Date Next] [Thread Prev] [Thread Next]