This is the mail archive of the gcc-testresults@gcc.gnu.org mailing list for the GCC project.


Index Nav: [Date Index] [Subject Index] [Author Index] [Thread Index]
Message Nav: [Date Prev] [Date Next] [Thread Prev] [Thread Next]
Other format: [Raw text]

Results for 3.3 20021227 (prerelease) testsuite on sparc-sun-solaris2.7 (RTL check)


LAST_UPDATED: 
Native configuration is sparc-sun-solaris2.7

		=== g++ tests ===


Running target unix/-m64
ERROR: g++.dg/abi/rtti1.C: error executing dg-final: couldn't execute "c++filt": no such file or directory
UNRESOLVED: g++.dg/abi/rtti1.C: error executing dg-final: couldn't execute "c++filt": no such file or directory
ERROR: g++.dg/opt/vtgc1.C: error executing dg-final: couldn't execute "c++filt": no such file or directory
UNRESOLVED: g++.dg/opt/vtgc1.C: error executing dg-final: couldn't execute "c++filt": no such file or directory
FAIL: g++.dg/warn/Wunused-2.C  (test for warnings, line 5)

		=== g++ Summary for unix/-m64 ===

# of expected passes		7830
# of unexpected failures	1
# of expected failures		95
# of unresolved testcases	2
# of untested testcases		21
# of unsupported tests		15

Running target unix/-fPIC
FAIL: g++.dg/bprob/g++-bprob-1.C compilation, {} {} -fprofile-arcs
UNRESOLVED: g++.dg/bprob/g++-bprob-1.C execution,   {} {} -fprofile-arcs
UNRESOLVED: g++.dg/bprob/g++-bprob-1.C compilation, {} {} -fbranch-probabilities
UNRESOLVED: g++.dg/bprob/g++-bprob-1.C execution,   {} {} -fbranch-probabilities
FAIL: g++.dg/compat/break/bitfield7 y_tst.o compile
UNRESOLVED: g++.dg/compat/break/bitfield7 x_tst.o-y_tst.o link 
UNRESOLVED: g++.dg/compat/break/bitfield7 x_tst.o-y_tst.o execute 
ERROR: g++.dg/abi/rtti1.C: error executing dg-final: couldn't execute "c++filt": no such file or directory
UNRESOLVED: g++.dg/abi/rtti1.C: error executing dg-final: couldn't execute "c++filt": no such file or directory
ERROR: g++.dg/opt/vtgc1.C: error executing dg-final: couldn't execute "c++filt": no such file or directory
UNRESOLVED: g++.dg/opt/vtgc1.C: error executing dg-final: couldn't execute "c++filt": no such file or directory
FAIL: g++.dg/warn/Wunused-2.C  (test for warnings, line 5)

		=== g++ Summary for unix/-fPIC ===

# of expected passes		7800
# of unexpected failures	3
# of expected failures		94
# of unresolved testcases	7
# of untested testcases		21
# of unsupported tests		15

Running target unix/-fpic
FAIL: g++.dg/bprob/g++-bprob-1.C compilation, {} {} -fprofile-arcs
UNRESOLVED: g++.dg/bprob/g++-bprob-1.C execution,   {} {} -fprofile-arcs
UNRESOLVED: g++.dg/bprob/g++-bprob-1.C compilation, {} {} -fbranch-probabilities
UNRESOLVED: g++.dg/bprob/g++-bprob-1.C execution,   {} {} -fbranch-probabilities
FAIL: g++.dg/compat/break/bitfield7 y_tst.o compile
UNRESOLVED: g++.dg/compat/break/bitfield7 x_tst.o-y_tst.o link 
UNRESOLVED: g++.dg/compat/break/bitfield7 x_tst.o-y_tst.o execute 
ERROR: g++.dg/abi/rtti1.C: error executing dg-final: couldn't execute "c++filt": no such file or directory
UNRESOLVED: g++.dg/abi/rtti1.C: error executing dg-final: couldn't execute "c++filt": no such file or directory
ERROR: g++.dg/opt/vtgc1.C: error executing dg-final: couldn't execute "c++filt": no such file or directory
UNRESOLVED: g++.dg/opt/vtgc1.C: error executing dg-final: couldn't execute "c++filt": no such file or directory
FAIL: g++.dg/warn/Wunused-2.C  (test for warnings, line 5)

		=== g++ Summary for unix/-fpic ===

# of expected passes		7800
# of unexpected failures	3
# of expected failures		94
# of unresolved testcases	7
# of untested testcases		21
# of unsupported tests		15

Running target unix
FAIL: g++.dg/bprob/g++-bprob-1.C compilation, {} {} -fprofile-arcs
UNRESOLVED: g++.dg/bprob/g++-bprob-1.C execution,   {} {} -fprofile-arcs
UNRESOLVED: g++.dg/bprob/g++-bprob-1.C compilation, {} {} -fbranch-probabilities
UNRESOLVED: g++.dg/bprob/g++-bprob-1.C execution,   {} {} -fbranch-probabilities
FAIL: g++.dg/compat/break/bitfield7 y_tst.o compile
UNRESOLVED: g++.dg/compat/break/bitfield7 x_tst.o-y_tst.o link 
UNRESOLVED: g++.dg/compat/break/bitfield7 x_tst.o-y_tst.o execute 
ERROR: g++.dg/abi/rtti1.C: error executing dg-final: couldn't execute "c++filt": no such file or directory
UNRESOLVED: g++.dg/abi/rtti1.C: error executing dg-final: couldn't execute "c++filt": no such file or directory
ERROR: g++.dg/opt/vtgc1.C: error executing dg-final: couldn't execute "c++filt": no such file or directory
UNRESOLVED: g++.dg/opt/vtgc1.C: error executing dg-final: couldn't execute "c++filt": no such file or directory
FAIL: g++.dg/warn/Wunused-2.C  (test for warnings, line 5)

		=== g++ Summary for unix ===

# of expected passes		7800
# of unexpected failures	3
# of expected failures		94
# of unresolved testcases	7
# of untested testcases		21
# of unsupported tests		15

		=== g++ Summary ===

# of expected passes		31230
# of unexpected failures	10
# of expected failures		377
# of unresolved testcases	23
# of untested testcases		84
# of unsupported tests		60
/teal/tmpdisk/ghazi/gcc-testing/33/build/gcc/testsuite/../g++ version 3.3 20021227 (prerelease)

		=== g77 tests ===


Running target unix/-m64

		=== g77 Summary for unix/-m64 ===

# of expected passes		1638
# of unsupported tests		8

Running target unix/-fPIC

		=== g77 Summary for unix/-fPIC ===

# of expected passes		1638
# of unsupported tests		8

Running target unix/-fpic

		=== g77 Summary for unix/-fpic ===

# of expected passes		1638
# of unsupported tests		8

Running target unix

		=== g77 Summary for unix ===

# of expected passes		1638
# of unsupported tests		8

		=== g77 Summary ===

# of expected passes		6552
# of unsupported tests		32
/teal/tmpdisk/ghazi/gcc-testing/33/build/gcc/testsuite/../g77 version 3.3 20021227 (prerelease)

		=== gcc tests ===


Running target unix/-m64
WARNING: program timed out.
FAIL: gcc.c-torture/compile/20001226-1.c,  -O3 -g  
FAIL: gcc.c-torture/compile/960704-1.c,  -O1  
FAIL: gcc.c-torture/compile/960704-1.c,  -O2  
FAIL: gcc.c-torture/compile/960704-1.c,  -O3 -fomit-frame-pointer  
FAIL: gcc.c-torture/compile/960704-1.c,  -O3 -g  
FAIL: gcc.c-torture/compile/960704-1.c,  -Os  
FAIL: gcc.c-torture/compile/simd-5.c,  -O0  
FAIL: gcc.c-torture/compile/simd-5.c,  -O1  
FAIL: gcc.c-torture/compile/simd-5.c,  -O2  
FAIL: gcc.c-torture/compile/simd-5.c,  -O3 -fomit-frame-pointer  
FAIL: gcc.c-torture/compile/simd-5.c,  -O3 -g  
FAIL: gcc.c-torture/compile/simd-5.c,  -Os  
XPASS: gcc.c-torture/execute/20020227-1.c execution,  -O0 
XPASS: gcc.c-torture/execute/20020227-1.c execution,  -O1 
FAIL: gcc.c-torture/execute/930921-1.c compilation,  -O3 -fomit-frame-pointer -funroll-loops 
UNRESOLVED: gcc.c-torture/execute/930921-1.c execution,  -O3 -fomit-frame-pointer -funroll-loops 
FAIL: gcc.c-torture/execute/930921-1.c compilation,  -O3 -fomit-frame-pointer -funroll-all-loops -finline-functions 
UNRESOLVED: gcc.c-torture/execute/930921-1.c execution,  -O3 -fomit-frame-pointer -funroll-all-loops -finline-functions 
FAIL: gcc.c-torture/execute/991019-1.c compilation,  -O1 
UNRESOLVED: gcc.c-torture/execute/991019-1.c execution,  -O1 
FAIL: gcc.c-torture/execute/991019-1.c compilation,  -O2 
UNRESOLVED: gcc.c-torture/execute/991019-1.c execution,  -O2 
FAIL: gcc.c-torture/execute/991019-1.c compilation,  -Os 
UNRESOLVED: gcc.c-torture/execute/991019-1.c execution,  -Os 
FAIL: gcc.c-torture/execute/builtin-constant.c execution,  -O1 
FAIL: gcc.c-torture/execute/builtin-constant.c execution,  -O2 
FAIL: gcc.c-torture/execute/builtin-constant.c execution,  -O3 -fomit-frame-pointer 
FAIL: gcc.c-torture/execute/builtin-constant.c execution,  -O3 -g 
FAIL: gcc.c-torture/execute/builtin-constant.c execution,  -Os 
WARNING: gcc.dg/20021014-1.c compilation failed to produce executable
FAIL: gcc.dg/duff-2.c (test for excess errors)
FAIL: gcc.dg/sparc-ret.c (test for excess errors)
ERROR: gcc.dg/sparc-ret.c: error executing dg-final: couldn't open "sparc-ret.s": no such file or directory
UNRESOLVED: gcc.dg/sparc-ret.c: error executing dg-final: couldn't open "sparc-ret.s": no such file or directory

		=== gcc Summary for unix/-m64 ===

# of expected passes		20536
# of unexpected failures	24
# of unexpected successes	2
# of expected failures		66
# of unresolved testcases	6
# of unsupported tests		149

Running target unix/-fPIC
WARNING: program timed out.
FAIL: gcc.c-torture/compile/20001226-1.c,  -O3 -g  
FAIL: gcc.c-torture/execute/builtin-constant.c execution,  -O1 
FAIL: gcc.c-torture/execute/builtin-constant.c execution,  -O2 
FAIL: gcc.c-torture/execute/builtin-constant.c execution,  -O3 -fomit-frame-pointer 
FAIL: gcc.c-torture/execute/builtin-constant.c execution,  -O3 -g 
FAIL: gcc.c-torture/execute/builtin-constant.c execution,  -Os 
FAIL: gcc.dg/20020312-2.c (test for excess errors)
WARNING: gcc.dg/20020312-2.c compilation failed to produce executable
WARNING: gcc.dg/20021014-1.c compilation failed to produce executable
FAIL: gcc.dg/duff-2.c (test for excess errors)

		=== gcc Summary for unix/-fPIC ===

# of expected passes		20564
# of unexpected failures	8
# of expected failures		62
# of unsupported tests		149

Running target unix/-fpic
WARNING: program timed out.
FAIL: gcc.c-torture/compile/20001226-1.c,  -O3 -g  
FAIL: gcc.c-torture/execute/builtin-constant.c execution,  -O1 
FAIL: gcc.c-torture/execute/builtin-constant.c execution,  -O2 
FAIL: gcc.c-torture/execute/builtin-constant.c execution,  -O3 -fomit-frame-pointer 
FAIL: gcc.c-torture/execute/builtin-constant.c execution,  -O3 -g 
FAIL: gcc.c-torture/execute/builtin-constant.c execution,  -Os 
FAIL: gcc.dg/20020312-2.c (test for excess errors)
WARNING: gcc.dg/20020312-2.c compilation failed to produce executable
WARNING: gcc.dg/20021014-1.c compilation failed to produce executable
FAIL: gcc.dg/duff-2.c (test for excess errors)

		=== gcc Summary for unix/-fpic ===

# of expected passes		20564
# of unexpected failures	8
# of expected failures		62
# of unsupported tests		149

Running target unix
WARNING: program timed out.
FAIL: gcc.c-torture/compile/20001226-1.c,  -O3 -g  
FAIL: gcc.c-torture/execute/builtin-constant.c execution,  -O1 
FAIL: gcc.c-torture/execute/builtin-constant.c execution,  -O2 
FAIL: gcc.c-torture/execute/builtin-constant.c execution,  -O3 -fomit-frame-pointer 
FAIL: gcc.c-torture/execute/builtin-constant.c execution,  -O3 -g 
FAIL: gcc.c-torture/execute/builtin-constant.c execution,  -Os 
WARNING: gcc.dg/20021014-1.c compilation failed to produce executable
FAIL: gcc.dg/duff-2.c (test for excess errors)

		=== gcc Summary for unix ===

# of expected passes		20566
# of unexpected failures	7
# of expected failures		62
# of unsupported tests		149

		=== gcc Summary ===

# of expected passes		82230
# of unexpected failures	47
# of unexpected successes	2
# of expected failures		252
# of unresolved testcases	6
# of unsupported tests		596
/teal/tmpdisk/ghazi/gcc-testing/33/build/gcc/xgcc version 3.3 20021227 (prerelease)

		=== objc tests ===


Running target unix/-m64

		=== objc Summary for unix/-m64 ===

# of expected passes		1153

Running target unix/-fPIC

		=== objc Summary for unix/-fPIC ===

# of expected passes		1153

Running target unix/-fpic

		=== objc Summary for unix/-fpic ===

# of expected passes		1153

Running target unix

		=== objc Summary for unix ===

# of expected passes		1153

		=== objc Summary ===

# of expected passes		4612
/teal/tmpdisk/ghazi/gcc-testing/33/build/gcc/xgcc version 3.3 20021227 (prerelease)

		=== libjava tests ===


Running target unix/-m64
FAIL: PR1343 compilation from bytecode
FAIL: PR1343 -O compilation from bytecode
FAIL: calls run
FAIL: linking cxxtest
FAIL: field run
FAIL: final_method run
FAIL: findclass run
FAIL: invoke run
FAIL: martin run
FAIL: noclass run
FAIL: overload run
FAIL: register run
FAIL: simple_int run
FAIL: throwit run
FAIL: virtual run
FAIL: FileHandleGcTest execution - source compiled test
FAIL: FileHandleGcTest execution - bytecode->native test
FAIL: FileHandleGcTest -O execution - source compiled test
FAIL: FileHandleGcTest -O execution - bytecode->native test
WARNING: program timed out.
FAIL: SyncTest execution - bytecode->native test
WARNING: program timed out.
FAIL: SyncTest -O execution - bytecode->native test
FAIL: TestProxy execution - source compiled test
FAIL: TestProxy execution - bytecode->native test
FAIL: TestProxy -O execution - source compiled test
FAIL: TestProxy -O execution - bytecode->native test
FAIL: pr8823 compilation from bytecode
FAIL: pr8823 -O compilation from bytecode
FAIL: /teal/tmpdisk/ghazi/gcc-testing/33/build/sparc-sun-solaris2.7/libjava/testsuite/TestEarlyGC.exe output - /teal/tmpdisk/ghazi/gcc-testing/33/build/sparc-sun-solaris2.7/libjava/testsuite/TestEarlyGC.exe
FAIL: /teal/tmpdisk/ghazi/gcc-testing/33/build/sparc-sun-solaris2.7/libjava/testsuite/TestLeak.exe execution - /teal/tmpdisk/ghazi/gcc-testing/33/build/sparc-sun-solaris2.7/libjava/testsuite/TestLeak.exe
FAIL: /teal/tmpdisk/ghazi/gcc-testing/33/build/sparc-sun-solaris2.7/libjava/testsuite/TestMultiple.exe execution - /teal/tmpdisk/ghazi/gcc-testing/33/build/sparc-sun-solaris2.7/libjava/testsuite/TestMultiple.exe
FAIL: /teal/tmpdisk/ghazi/gcc-testing/33/build/sparc-sun-solaris2.7/libjava/testsuite/TestParent.exe execution - /teal/tmpdisk/ghazi/gcc-testing/33/build/sparc-sun-solaris2.7/libjava/testsuite/TestParent.exe

		=== libjava Summary for unix/-m64 ===

# of expected passes		2338
# of unexpected failures	31
# of expected failures		15
# of untested testcases		37

Running target unix/-fPIC
FAIL: PR1343 compilation from bytecode
FAIL: PR1343 -O compilation from bytecode
FAIL: calls run
FAIL: linking cxxtest
FAIL: field run
FAIL: final_method run
FAIL: findclass run
FAIL: invoke run
FAIL: martin run
FAIL: noclass run
FAIL: overload run
FAIL: register run
FAIL: simple_int run
FAIL: throwit run
FAIL: virtual run
FAIL: FileHandleGcTest execution - source compiled test
FAIL: FileHandleGcTest execution - bytecode->native test
FAIL: FileHandleGcTest -O execution - source compiled test
FAIL: FileHandleGcTest -O execution - bytecode->native test
WARNING: program timed out.
FAIL: SyncTest execution - bytecode->native test
WARNING: program timed out.
FAIL: SyncTest -O execution - bytecode->native test
FAIL: TestProxy execution - source compiled test
FAIL: TestProxy execution - bytecode->native test
FAIL: TestProxy -O execution - source compiled test
FAIL: TestProxy -O execution - bytecode->native test
FAIL: Throw_2 execution - source compiled test
FAIL: Throw_2 execution - bytecode->native test
FAIL: Throw_2 -O execution - source compiled test
FAIL: Throw_2 -O execution - bytecode->native test
FAIL: pr8823 compilation from bytecode
FAIL: pr8823 -O compilation from bytecode
FAIL: /teal/tmpdisk/ghazi/gcc-testing/33/build/sparc-sun-solaris2.7/libjava/testsuite/TestEarlyGC.exe output - /teal/tmpdisk/ghazi/gcc-testing/33/build/sparc-sun-solaris2.7/libjava/testsuite/TestEarlyGC.exe
FAIL: /teal/tmpdisk/ghazi/gcc-testing/33/build/sparc-sun-solaris2.7/libjava/testsuite/TestLeak.exe execution - /teal/tmpdisk/ghazi/gcc-testing/33/build/sparc-sun-solaris2.7/libjava/testsuite/TestLeak.exe
FAIL: /teal/tmpdisk/ghazi/gcc-testing/33/build/sparc-sun-solaris2.7/libjava/testsuite/TestMultiple.exe execution - /teal/tmpdisk/ghazi/gcc-testing/33/build/sparc-sun-solaris2.7/libjava/testsuite/TestMultiple.exe
FAIL: /teal/tmpdisk/ghazi/gcc-testing/33/build/sparc-sun-solaris2.7/libjava/testsuite/TestParent.exe execution - /teal/tmpdisk/ghazi/gcc-testing/33/build/sparc-sun-solaris2.7/libjava/testsuite/TestParent.exe

		=== libjava Summary for unix/-fPIC ===

# of expected passes		2330
# of unexpected failures	35
# of expected failures		15
# of untested testcases		41

Running target unix/-fpic
FAIL: PR1343 compilation from bytecode
FAIL: PR1343 -O compilation from bytecode
FAIL: calls run
FAIL: linking cxxtest
FAIL: field run
FAIL: final_method run
FAIL: findclass run
FAIL: invoke run
FAIL: martin run
FAIL: noclass run
FAIL: overload run
FAIL: register run
FAIL: simple_int run
FAIL: throwit run
FAIL: virtual run
FAIL: FileHandleGcTest execution - source compiled test
FAIL: FileHandleGcTest execution - bytecode->native test
FAIL: FileHandleGcTest -O execution - source compiled test
FAIL: FileHandleGcTest -O execution - bytecode->native test
WARNING: program timed out.
FAIL: SyncTest execution - bytecode->native test
WARNING: program timed out.
FAIL: SyncTest -O execution - bytecode->native test
FAIL: TestProxy execution - source compiled test
FAIL: TestProxy execution - bytecode->native test
FAIL: TestProxy -O execution - source compiled test
FAIL: TestProxy -O execution - bytecode->native test
FAIL: Throw_2 execution - source compiled test
FAIL: Throw_2 execution - bytecode->native test
FAIL: Throw_2 -O execution - source compiled test
FAIL: Throw_2 -O execution - bytecode->native test
FAIL: pr8823 compilation from bytecode
FAIL: pr8823 -O compilation from bytecode
FAIL: /teal/tmpdisk/ghazi/gcc-testing/33/build/sparc-sun-solaris2.7/libjava/testsuite/TestEarlyGC.exe output - /teal/tmpdisk/ghazi/gcc-testing/33/build/sparc-sun-solaris2.7/libjava/testsuite/TestEarlyGC.exe
FAIL: /teal/tmpdisk/ghazi/gcc-testing/33/build/sparc-sun-solaris2.7/libjava/testsuite/TestLeak.exe execution - /teal/tmpdisk/ghazi/gcc-testing/33/build/sparc-sun-solaris2.7/libjava/testsuite/TestLeak.exe
FAIL: /teal/tmpdisk/ghazi/gcc-testing/33/build/sparc-sun-solaris2.7/libjava/testsuite/TestMultiple.exe execution - /teal/tmpdisk/ghazi/gcc-testing/33/build/sparc-sun-solaris2.7/libjava/testsuite/TestMultiple.exe
FAIL: /teal/tmpdisk/ghazi/gcc-testing/33/build/sparc-sun-solaris2.7/libjava/testsuite/TestParent.exe execution - /teal/tmpdisk/ghazi/gcc-testing/33/build/sparc-sun-solaris2.7/libjava/testsuite/TestParent.exe

		=== libjava Summary for unix/-fpic ===

# of expected passes		2330
# of unexpected failures	35
# of expected failures		15
# of untested testcases		41

Running target unix
FAIL: PR1343 compilation from bytecode
FAIL: PR1343 -O compilation from bytecode
FAIL: calls run
FAIL: linking cxxtest
FAIL: field run
FAIL: final_method run
FAIL: findclass run
FAIL: invoke run
FAIL: martin run
FAIL: noclass run
FAIL: overload run
FAIL: register run
FAIL: simple_int run
FAIL: throwit run
FAIL: virtual run
FAIL: FileHandleGcTest execution - source compiled test
FAIL: FileHandleGcTest execution - bytecode->native test
FAIL: FileHandleGcTest -O execution - source compiled test
FAIL: FileHandleGcTest -O execution - bytecode->native test
WARNING: program timed out.
FAIL: SyncTest execution - bytecode->native test
WARNING: program timed out.
FAIL: SyncTest -O execution - bytecode->native test
FAIL: TestProxy execution - source compiled test
FAIL: TestProxy execution - bytecode->native test
FAIL: TestProxy -O execution - source compiled test
FAIL: TestProxy -O execution - bytecode->native test
FAIL: Throw_2 execution - source compiled test
FAIL: Throw_2 execution - bytecode->native test
FAIL: Throw_2 -O execution - source compiled test
FAIL: Throw_2 -O execution - bytecode->native test
FAIL: pr8823 compilation from bytecode
FAIL: pr8823 -O compilation from bytecode
FAIL: /teal/tmpdisk/ghazi/gcc-testing/33/build/sparc-sun-solaris2.7/libjava/testsuite/TestEarlyGC.exe output - /teal/tmpdisk/ghazi/gcc-testing/33/build/sparc-sun-solaris2.7/libjava/testsuite/TestEarlyGC.exe
FAIL: /teal/tmpdisk/ghazi/gcc-testing/33/build/sparc-sun-solaris2.7/libjava/testsuite/TestLeak.exe execution - /teal/tmpdisk/ghazi/gcc-testing/33/build/sparc-sun-solaris2.7/libjava/testsuite/TestLeak.exe
FAIL: /teal/tmpdisk/ghazi/gcc-testing/33/build/sparc-sun-solaris2.7/libjava/testsuite/TestMultiple.exe execution - /teal/tmpdisk/ghazi/gcc-testing/33/build/sparc-sun-solaris2.7/libjava/testsuite/TestMultiple.exe
FAIL: /teal/tmpdisk/ghazi/gcc-testing/33/build/sparc-sun-solaris2.7/libjava/testsuite/TestParent.exe execution - /teal/tmpdisk/ghazi/gcc-testing/33/build/sparc-sun-solaris2.7/libjava/testsuite/TestParent.exe

		=== libjava Summary for unix ===

# of expected passes		2330
# of unexpected failures	35
# of expected failures		15
# of untested testcases		41

		=== libjava Summary ===

# of expected passes		9328
# of unexpected failures	136
# of expected failures		60
# of untested testcases		160
		=== libstdc++-v3 tests ===


Running target unix/-m64
XPASS: 22_locale/collate_members_wchar_t.cc execution test
XPASS: 22_locale/ctype_is_wchar_t.cc execution test
XPASS: 22_locale/money_get_members_wchar_t.cc execution test
XPASS: 22_locale/money_put_members_wchar_t.cc execution test
XPASS: 22_locale/moneypunct_members_wchar_t.cc execution test
XPASS: 22_locale/num_get_members_wchar_t.cc execution test
XPASS: 22_locale/num_put_members_wchar_t.cc execution test
XPASS: 22_locale/numpunct_members_wchar_t.cc execution test
XPASS: 22_locale/time_get_members_wchar_t.cc execution test
XPASS: 22_locale/time_put_members_wchar_t.cc execution test
WARNING: program timed out.
FAIL: 27_io/ios_base_storage.cc execution test
FAIL: 27_io/istream_extractor_arith.cc execution test

		=== libstdc++-v3 Summary for unix/-m64 ===

# of expected passes		418
# of unexpected failures	2
# of unexpected successes	10
# of expected failures		17

Running target unix/-fPIC
XPASS: 22_locale/collate_members_wchar_t.cc execution test
XPASS: 22_locale/ctype_is_wchar_t.cc execution test
XPASS: 22_locale/money_get_members_wchar_t.cc execution test
XPASS: 22_locale/money_put_members_wchar_t.cc execution test
XPASS: 22_locale/moneypunct_members_wchar_t.cc execution test
XPASS: 22_locale/num_get_members_wchar_t.cc execution test
XPASS: 22_locale/num_put_members_wchar_t.cc execution test
XPASS: 22_locale/numpunct_members_wchar_t.cc execution test
XPASS: 22_locale/time_get_members_wchar_t.cc execution test
XPASS: 22_locale/time_put_members_wchar_t.cc execution test
WARNING: program timed out.
FAIL: 23_containers/map_operators.cc (test for excess errors)
WARNING: 23_containers/map_operators.cc compilation failed to produce executable
FAIL: 27_io/istream_extractor_arith.cc execution test

		=== libstdc++-v3 Summary for unix/-fPIC ===

# of expected passes		417
# of unexpected failures	2
# of unexpected successes	10
# of expected failures		17

Running target unix/-fpic
XPASS: 22_locale/collate_members_wchar_t.cc execution test
XPASS: 22_locale/ctype_is_wchar_t.cc execution test
XPASS: 22_locale/money_get_members_wchar_t.cc execution test
XPASS: 22_locale/money_put_members_wchar_t.cc execution test
XPASS: 22_locale/moneypunct_members_wchar_t.cc execution test
XPASS: 22_locale/num_get_members_wchar_t.cc execution test
XPASS: 22_locale/num_put_members_wchar_t.cc execution test
XPASS: 22_locale/numpunct_members_wchar_t.cc execution test
XPASS: 22_locale/time_get_members_wchar_t.cc execution test
XPASS: 22_locale/time_put_members_wchar_t.cc execution test
FAIL: 27_io/istream_extractor_arith.cc execution test

		=== libstdc++-v3 Summary for unix/-fpic ===

# of expected passes		419
# of unexpected failures	1
# of unexpected successes	10
# of expected failures		17

Running target unix
XPASS: 22_locale/collate_members_wchar_t.cc execution test
XPASS: 22_locale/ctype_is_wchar_t.cc execution test
XPASS: 22_locale/money_get_members_wchar_t.cc execution test
XPASS: 22_locale/money_put_members_wchar_t.cc execution test
XPASS: 22_locale/moneypunct_members_wchar_t.cc execution test
XPASS: 22_locale/num_get_members_wchar_t.cc execution test
XPASS: 22_locale/num_put_members_wchar_t.cc execution test
XPASS: 22_locale/numpunct_members_wchar_t.cc execution test
XPASS: 22_locale/time_get_members_wchar_t.cc execution test
XPASS: 22_locale/time_put_members_wchar_t.cc execution test
FAIL: 27_io/istream_extractor_arith.cc execution test
WARNING: program timed out.
FAIL: 27_io/stringstream.cc (test for excess errors)

		=== libstdc++-v3 Summary for unix ===

# of expected passes		418
# of unexpected failures	2
# of unexpected successes	10
# of expected failures		17

		=== libstdc++-v3 Summary ===

# of expected passes		1672
# of unexpected failures	7
# of unexpected successes	40
# of expected failures		68

Compiler version: 3.3 20021227 (prerelease) 
Platform: sparc-sun-solaris2.7
configure flags: --host=sparc-sun-solaris2.7 --verbose --enable-checking=misc,tree,rtl,rtlflag,gc


Index Nav: [Date Index] [Subject Index] [Author Index] [Thread Index]
Message Nav: [Date Prev] [Date Next] [Thread Prev] [Thread Next]