This is the mail archive of the gcc-testresults@gcc.gnu.org mailing list for the GCC project.


Index Nav: [Date Index] [Subject Index] [Author Index] [Thread Index]
Message Nav: [Date Prev] [Date Next] [Thread Prev] [Thread Next]
Other format: [Raw text]

Results for 3.420021228(experimental) testsuite on powerpc-unknown-linux-gnu


Native configuration is powerpc-unknown-linux-gnu

		=== g++ tests ===


Running target unix
FAIL: g++.dg/compat/break/bitfield7 y_tst.o compile
UNRESOLVED: g++.dg/compat/break/bitfield7 x_tst.o-y_tst.o link 
UNRESOLVED: g++.dg/compat/break/bitfield7 x_tst.o-y_tst.o execute 
XPASS: g++.dg/other/anon-struct.C  (test for bogus messages, line 8)
XPASS: g++.dg/parse/angle-bracket.C  (test for bogus messages, line 7)
FAIL: g++.dg/warn/Wunused-2.C  (test for warnings, line 5)
XPASS: g++.brendan/parse4.C - treated as decl (test for bogus messages, line 22)
XPASS: g++.brendan/parse4.C - treated as decl (test for bogus messages, line 23)
XPASS: g++.brendan/parse5.C - (test for bogus messages, line 24)
XPASS: g++.brendan/parse6.C - (test for bogus messages, line 12)
XPASS: g++.bugs/900404_04.C , (test for errors, line 15)
XPASS: g++.jason/access8.C cannot convert to inh (test for errors, line 28)
XPASS: g++.jason/ambig3.C - late parsing (test for bogus messages, line 12)
XPASS: g++.jason/ambig3.C - late parsing (test for bogus messages, line 14)
XPASS: g++.other/access6.C - private - (test for bogus messages, line 9)
XPASS: g++.other/access6.C - redeclared - (test for bogus messages, line 11)
XPASS: g++.other/access6.C - private - (test for bogus messages, line 14)
XPASS: g++.other/decl1.C (test for excess errors)
XPASS: g++.other/decl5.C ::Q not a member of B (test for errors, line 34)
XPASS: g++.pt/typename12.C (test for excess errors)
XPASS: g++.pt/typename12.C  Execution test

		=== g++ Summary ===

# of expected passes		8026
# of unexpected failures	2
# of unexpected successes	17
# of expected failures		72
# of unresolved testcases	2
# of untested testcases		23
# of unsupported tests		17
/home/toon/compilers/snapshots/obj/gcc/testsuite/../g++ version 3.4 20021228 (experimental)

		=== g77 tests ===


Running target unix

		=== g77 Summary ===

# of expected passes		1638
# of unsupported tests		8
/home/toon/compilers/snapshots/obj/gcc/testsuite/../g77 version 3.4 20021228 (experimental)

		=== gcc tests ===


Running target unix
FAIL: gcc.c-torture/compile/simd-4.c,  -Os  
FAIL: gcc.c-torture/execute/builtin-constant.c execution,  -O1 
FAIL: gcc.c-torture/execute/builtin-constant.c execution,  -O2 
FAIL: gcc.c-torture/execute/builtin-constant.c execution,  -O3 -fomit-frame-pointer 
FAIL: gcc.c-torture/execute/builtin-constant.c execution,  -O3 -g 
FAIL: gcc.c-torture/execute/builtin-constant.c execution,  -Os 
FAIL: gcc.c-torture/execute/simd-2.c compilation,  -Os 
UNRESOLVED: gcc.c-torture/execute/simd-2.c execution,  -Os 
FAIL: gcc.dg/20020103-1.c scan-assembler-not LC
FAIL: gcc.dg/20020118-1.c execution test
FAIL: gcc.dg/altivec-5.c (test for excess errors)
FAIL: gcc.dg/duff-2.c (test for excess errors)

		=== gcc Summary ===

# of expected passes		20611
# of unexpected failures	11
# of expected failures		62
# of unresolved testcases	1
# of unsupported tests		149
/home/toon/compilers/snapshots/obj/gcc/xgcc version 3.4 20021228 (experimental)

		=== objc tests ===


Running target unix

		=== objc Summary ===

# of expected passes		1153
/home/toon/compilers/snapshots/obj/gcc/xgcc version 3.4 20021228 (experimental)

		=== libstdc++-v3 tests ===


Running target unix
XPASS: 22_locale/ctype_is_wchar_t.cc execution test
FAIL: 26_numerics/c99_classification_macros_c.cc (test for excess errors)

		=== libstdc++-v3 Summary ===

# of expected passes		419
# of unexpected failures	1
# of unexpected successes	1
# of expected failures		26

Compiler version: 3.420021228(experimental) 
Platform: powerpc-unknown-linux-gnu


Index Nav: [Date Index] [Subject Index] [Author Index] [Thread Index]
Message Nav: [Date Prev] [Date Next] [Thread Prev] [Thread Next]