This is the mail archive of the gcc-testresults@gcc.gnu.org mailing list for the GCC project.


Index Nav: [Date Index] [Subject Index] [Author Index] [Thread Index]
Message Nav: [Date Prev] [Date Next] [Thread Prev] [Thread Next]
Other format: [Raw text]

Results for 3.4 20021226 (experimental) testsuite on arm-unknown-elf


LAST_UPDATED: Fri Dec 27 08:05:24 UTC 2002

Target is arm-unknown-elf
Host   is i686-pc-linux-gnu

		=== g++ tests ===


Running target arm-sim
FAIL: g++.dg/compat/break/bitfield7 y_tst.o compile
UNRESOLVED: g++.dg/compat/break/bitfield7 x_tst.o-y_tst.o link 
UNRESOLVED: g++.dg/compat/break/bitfield7 x_tst.o-y_tst.o execute 
FAIL: g++.dg/abi/bitfield4.C (test for excess errors)
WARNING: g++.dg/abi/bitfield4.C compilation failed to produce executable
FAIL: g++.dg/abi/empty6.C  (test for warnings, line 6)
FAIL: g++.dg/abi/mangle17.C (test for excess errors)
FAIL: g++.dg/abi/vbase10.C  (test for warnings, line 6)
FAIL: g++.dg/warn/Wunused-2.C  (test for warnings, line 5)
FAIL: g++.benjamin/bool01.C (test for excess errors)
FAIL: g++.benjamin/p12475.C (test for excess errors)
FAIL: g++.jason/rfg10.C (test for excess errors)
FAIL: g++.mike/p755.C  Execution test
FAIL: g++.mike/p755a.C  Execution test
FAIL: g++.pt/static11.C  Execution test

		=== g++ Summary ===

# of expected passes		7824
# of unexpected failures	12
# of expected failures		89
# of unresolved testcases	2
# of untested testcases		29
# of unsupported tests		20
/mmix/arm-elf/build/gcc/testsuite/../g++ version 3.4 20021226 (experimental)

Host   is i686-pc-linux-gnu

		=== g77 tests ===


Running target arm-sim
FAIL: g77.f-torture/execute/20001201.f execution,  -O0 
FAIL: g77.f-torture/execute/20001201.f execution,  -O1 
FAIL: g77.f-torture/execute/20001201.f execution,  -O2 
FAIL: g77.f-torture/execute/20001201.f execution,  -O3 -fomit-frame-pointer 
FAIL: g77.f-torture/execute/20001201.f execution,  -O3 -g 
FAIL: g77.f-torture/execute/20001201.f execution,  -Os 
FAIL: g77.f-torture/execute/6367.f execution,  -O0 
FAIL: g77.f-torture/execute/6367.f execution,  -O1 
FAIL: g77.f-torture/execute/6367.f execution,  -O2 
FAIL: g77.f-torture/execute/6367.f execution,  -O3 -fomit-frame-pointer 
FAIL: g77.f-torture/execute/6367.f execution,  -O3 -fomit-frame-pointer -funroll-loops 
FAIL: g77.f-torture/execute/6367.f execution,  -O3 -fomit-frame-pointer -funroll-all-loops -finline-functions 
FAIL: g77.f-torture/execute/6367.f execution,  -O3 -g 
FAIL: g77.f-torture/execute/6367.f execution,  -Os 
FAIL: g77.f-torture/execute/erfc.f execution,  -O0 
FAIL: g77.f-torture/execute/erfc.f execution,  -O1 
FAIL: g77.f-torture/execute/erfc.f execution,  -O2 
FAIL: g77.f-torture/execute/erfc.f execution,  -O3 -fomit-frame-pointer 
FAIL: g77.f-torture/execute/erfc.f execution,  -O3 -g 
FAIL: g77.f-torture/execute/erfc.f execution,  -Os 
FAIL: g77.f-torture/execute/f90-intrinsic-mathematical.f execution,  -O0 
FAIL: g77.f-torture/execute/f90-intrinsic-mathematical.f execution,  -O1 
FAIL: g77.f-torture/execute/f90-intrinsic-mathematical.f execution,  -O2 
FAIL: g77.f-torture/execute/f90-intrinsic-mathematical.f execution,  -O3 -fomit-frame-pointer 
FAIL: g77.f-torture/execute/f90-intrinsic-mathematical.f execution,  -O3 -g 
FAIL: g77.f-torture/execute/f90-intrinsic-mathematical.f execution,  -Os 
FAIL: g77.f-torture/execute/f90-intrinsic-numeric.f execution,  -O0 
FAIL: g77.f-torture/execute/f90-intrinsic-numeric.f execution,  -O1 
FAIL: g77.f-torture/execute/f90-intrinsic-numeric.f execution,  -O2 
FAIL: g77.f-torture/execute/f90-intrinsic-numeric.f execution,  -O3 -fomit-frame-pointer 
FAIL: g77.f-torture/execute/f90-intrinsic-numeric.f execution,  -O3 -g 
FAIL: g77.f-torture/execute/f90-intrinsic-numeric.f execution,  -Os 
FAIL: g77.f-torture/execute/intrinsic-f2c-z.f execution,  -O0 
FAIL: g77.f-torture/execute/intrinsic-f2c-z.f execution,  -O1 
FAIL: g77.f-torture/execute/intrinsic-f2c-z.f execution,  -O2 
FAIL: g77.f-torture/execute/intrinsic-f2c-z.f execution,  -O3 -fomit-frame-pointer 
FAIL: g77.f-torture/execute/intrinsic-f2c-z.f execution,  -O3 -g 
FAIL: g77.f-torture/execute/intrinsic-f2c-z.f execution,  -Os 
FAIL: g77.f-torture/execute/intrinsic-unix-bessel.f execution,  -O0 
FAIL: g77.f-torture/execute/intrinsic-unix-bessel.f execution,  -O1 
FAIL: g77.f-torture/execute/intrinsic-unix-bessel.f execution,  -O2 
FAIL: g77.f-torture/execute/intrinsic-unix-bessel.f execution,  -O3 -fomit-frame-pointer 
FAIL: g77.f-torture/execute/intrinsic-unix-bessel.f execution,  -O3 -g 
FAIL: g77.f-torture/execute/intrinsic-unix-bessel.f execution,  -Os 
FAIL: g77.f-torture/execute/intrinsic-vax-cd.f execution,  -O0 
FAIL: g77.f-torture/execute/intrinsic-vax-cd.f execution,  -O1 
FAIL: g77.f-torture/execute/intrinsic-vax-cd.f execution,  -O2 
FAIL: g77.f-torture/execute/intrinsic-vax-cd.f execution,  -O3 -fomit-frame-pointer 
FAIL: g77.f-torture/execute/intrinsic-vax-cd.f execution,  -O3 -g 
FAIL: g77.f-torture/execute/intrinsic-vax-cd.f execution,  -Os 
FAIL: g77.f-torture/execute/intrinsic77.f execution,  -O0 
FAIL: g77.f-torture/execute/intrinsic77.f execution,  -O1 
FAIL: g77.f-torture/execute/intrinsic77.f execution,  -O2 
FAIL: g77.f-torture/execute/intrinsic77.f execution,  -O3 -fomit-frame-pointer 
FAIL: g77.f-torture/execute/intrinsic77.f execution,  -O3 -g 
FAIL: g77.f-torture/execute/intrinsic77.f execution,  -Os 
FAIL: g77.f-torture/execute/io0.f execution,  -O0 
FAIL: g77.f-torture/execute/io0.f execution,  -O1 
FAIL: g77.f-torture/execute/io0.f execution,  -O2 
FAIL: g77.f-torture/execute/io0.f execution,  -O3 -fomit-frame-pointer 
FAIL: g77.f-torture/execute/io0.f execution,  -O3 -g 
FAIL: g77.f-torture/execute/io0.f execution,  -Os 
FAIL: g77.f-torture/execute/io1.f execution,  -O0 
FAIL: g77.f-torture/execute/io1.f execution,  -O1 
FAIL: g77.f-torture/execute/io1.f execution,  -O2 
FAIL: g77.f-torture/execute/io1.f execution,  -O3 -fomit-frame-pointer 
FAIL: g77.f-torture/execute/io1.f execution,  -O3 -g 
FAIL: g77.f-torture/execute/io1.f execution,  -Os 
FAIL: g77.f-torture/execute/u77-test.f compilation,  -O0 
FAIL: g77.f-torture/execute/u77-test.f compilation,  -O1 
FAIL: g77.f-torture/execute/u77-test.f compilation,  -O2 
FAIL: g77.f-torture/execute/u77-test.f compilation,  -O3 -fomit-frame-pointer 
FAIL: g77.f-torture/execute/u77-test.f compilation,  -O3 -fomit-frame-pointer -funroll-loops 
FAIL: g77.f-torture/execute/u77-test.f compilation,  -O3 -fomit-frame-pointer -funroll-all-loops -finline-functions 
FAIL: g77.f-torture/execute/u77-test.f compilation,  -O3 -g 
FAIL: g77.f-torture/execute/u77-test.f compilation,  -Os 

		=== g77 Summary ===

# of expected passes		1551
# of unexpected failures	76
# of untested testcases		8
# of unsupported tests		9
/mmix/arm-elf/build/gcc/testsuite/../g77 version 3.4 20021226 (experimental)

Host   is i686-pc-linux-gnu

		=== gcc tests ===


Running target arm-sim
UNRESOLVED: gcc.c-torture/execute/20020720-1.c execution,  -O1 
UNRESOLVED: gcc.c-torture/execute/20020720-1.c execution,  -O2 
UNRESOLVED: gcc.c-torture/execute/20020720-1.c execution,  -O3 -fomit-frame-pointer 
UNRESOLVED: gcc.c-torture/execute/20020720-1.c execution,  -O3 -g 
UNRESOLVED: gcc.c-torture/execute/20020720-1.c execution,  -Os 
FAIL: gcc.c-torture/execute/930614-1.c execution,  -O0 
FAIL: gcc.c-torture/execute/930614-1.c execution,  -O1 
FAIL: gcc.c-torture/execute/930614-1.c execution,  -O2 
FAIL: gcc.c-torture/execute/930614-1.c execution,  -O3 -fomit-frame-pointer 
FAIL: gcc.c-torture/execute/930614-1.c execution,  -O3 -g 
FAIL: gcc.c-torture/execute/930614-1.c execution,  -Os 
FAIL: gcc.c-torture/execute/builtin-complex-1.c execution,  -O0 
FAIL: gcc.c-torture/execute/builtin-complex-1.c execution,  -O1 
FAIL: gcc.c-torture/execute/builtin-complex-1.c execution,  -O2 
FAIL: gcc.c-torture/execute/builtin-complex-1.c execution,  -O3 -fomit-frame-pointer 
FAIL: gcc.c-torture/execute/builtin-complex-1.c execution,  -O3 -g 
FAIL: gcc.c-torture/execute/builtin-complex-1.c execution,  -Os 
FAIL: gcc.c-torture/execute/builtin-constant.c execution,  -O1 
FAIL: gcc.c-torture/execute/builtin-constant.c execution,  -O2 
FAIL: gcc.c-torture/execute/builtin-constant.c execution,  -O3 -fomit-frame-pointer 
FAIL: gcc.c-torture/execute/builtin-constant.c execution,  -O3 -g 
FAIL: gcc.c-torture/execute/builtin-constant.c execution,  -Os 
FAIL: gcc.c-torture/execute/complex-6.c execution,  -O0 
FAIL: gcc.c-torture/execute/complex-6.c execution,  -O1 
FAIL: gcc.c-torture/execute/complex-6.c execution,  -O2 
FAIL: gcc.c-torture/execute/complex-6.c execution,  -O3 -fomit-frame-pointer 
FAIL: gcc.c-torture/execute/complex-6.c execution,  -O3 -g 
FAIL: gcc.c-torture/execute/complex-6.c execution,  -Os 
FAIL: gcc.c-torture/execute/conversion.c execution,  -O0 
FAIL: gcc.c-torture/execute/conversion.c execution,  -O1 
FAIL: gcc.c-torture/execute/conversion.c execution,  -O2 
FAIL: gcc.c-torture/execute/conversion.c execution,  -O3 -fomit-frame-pointer 
FAIL: gcc.c-torture/execute/conversion.c execution,  -O3 -g 
FAIL: gcc.c-torture/execute/conversion.c execution,  -Os 
FAIL: gcc.c-torture/execute/gofast.c execution,  -O0 
FAIL: gcc.c-torture/execute/gofast.c execution,  -O1 
FAIL: gcc.c-torture/execute/gofast.c execution,  -O2 
FAIL: gcc.c-torture/execute/gofast.c execution,  -O3 -fomit-frame-pointer 
FAIL: gcc.c-torture/execute/gofast.c execution,  -O3 -g 
FAIL: gcc.c-torture/execute/gofast.c execution,  -Os 
FAIL: gcc.c-torture/execute/ieee/hugeval.c execution,  -O0 
FAIL: gcc.c-torture/execute/ieee/mzero2.c execution,  -O0 
FAIL: gcc.c-torture/execute/ieee/mzero2.c execution,  -O1 
FAIL: gcc.c-torture/execute/ieee/mzero2.c execution,  -O2 
FAIL: gcc.c-torture/execute/ieee/mzero2.c execution,  -O3 -fomit-frame-pointer 
FAIL: gcc.c-torture/execute/ieee/mzero2.c execution,  -O3 -g 
FAIL: gcc.c-torture/execute/ieee/mzero2.c execution,  -Os 
FAIL: gcc.c-torture/execute/ieee/mzero3.c execution,  -O0 
FAIL: gcc.c-torture/execute/ieee/mzero3.c execution,  -O1 
FAIL: gcc.c-torture/execute/ieee/mzero3.c execution,  -O2 
FAIL: gcc.c-torture/execute/ieee/mzero3.c execution,  -O3 -fomit-frame-pointer 
FAIL: gcc.c-torture/execute/ieee/mzero3.c execution,  -O3 -g 
FAIL: gcc.c-torture/execute/ieee/mzero3.c execution,  -Os 
FAIL: gcc.dg/20021014-1.c (test for excess errors)
WARNING: gcc.dg/20021014-1.c compilation failed to produce executable
FAIL: gcc.dg/c90-intconst-1.c (test for excess errors)
FAIL: gcc.dg/c99-intconst-1.c (test for excess errors)
FAIL: gcc.dg/duff-2.c (test for excess errors)
FAIL: gcc.dg/fnegate-1.c execution test
FAIL: gcc.dg/nest.c (test for excess errors)
WARNING: gcc.dg/nest.c compilation failed to produce executable
XPASS: gcc.dg/setjmp-1.c spurious clobbered warning (test for bogus messages, line 16)

		=== gcc Summary ===

# of expected passes		20473
# of unexpected failures	54
# of unexpected successes	1
# of expected failures		68
# of unresolved testcases	5
# of unsupported tests		179
/mmix/arm-elf/build/gcc/xgcc version 3.4 20021226 (experimental)

Host   is i686-pc-linux-gnu

		=== objc tests ===


Running target arm-sim

		=== objc Summary ===

# of expected passes		1153
/mmix/arm-elf/build/gcc/xgcc version 3.4 20021226 (experimental)


Compiler version: 3.4 20021226 (experimental) 
Platform: arm-unknown-elf
configure flags: --host=i686-pc-linux-gnu --target=arm-elf --prefix=/mmix/arm-elf/install --enable-languages=c,c++,objc,f77,ada --disable-nls --with-newlib --with-gnu-as --with-gnu-ld


Index Nav: [Date Index] [Subject Index] [Author Index] [Thread Index]
Message Nav: [Date Prev] [Date Next] [Thread Prev] [Thread Next]