This is the mail archive of the gcc-testresults@gcc.gnu.org mailing list for the GCC project.


Index Nav: [Date Index] [Subject Index] [Author Index] [Thread Index]
Message Nav: [Date Prev] [Date Next] [Thread Prev] [Thread Next]
Other format: [Raw text]

Results for 3.4 20021226 (experimental) testsuite on mmix-knuth-mmixware


LAST_UPDATED: Thu Dec 26 12:17:30 UTC 2002

Target is mmix-knuth-mmixware
Host   is i686-pc-linux-gnu

		=== g++ tests ===


Running target mmixware-sim
FAIL: g++.dg/abi/bitfield4.C (test for excess errors)
WARNING: g++.dg/abi/bitfield4.C compilation failed to produce executable
FAIL: g++.dg/abi/empty6.C  (test for warnings, line 6)
FAIL: g++.dg/abi/mangle17.C (test for excess errors)
FAIL: g++.dg/opt/vt1.C scan-assembler-not section[^
FAIL: g++.dg/warn/Wunused-2.C  (test for warnings, line 5)
FAIL: g++.benjamin/bool01.C (test for excess errors)
FAIL: g++.benjamin/p12475.C (test for excess errors)
FAIL: g++.jason/rfg10.C (test for excess errors)
FAIL: g++.mike/p755.C  Execution test
FAIL: g++.mike/p755a.C  Execution test

		=== g++ Summary ===

# of expected passes		7582
# of unexpected failures	10
# of expected failures		89
# of untested testcases		32
# of unsupported tests		20
/mmix/mmix/build/gcc/testsuite/../g++ version 3.4 20021226 (experimental)

Host   is i686-pc-linux-gnu

		=== g77 tests ===


Running target mmixware-sim

		=== g77 Summary ===

# of expected passes		1479
# of expected failures		80
# of untested testcases		48
# of unsupported tests		9
/mmix/mmix/build/gcc/testsuite/../g77 version 3.4 20021226 (experimental)

Host   is i686-pc-linux-gnu

		=== gcc tests ===


Running target mmixware-sim
FAIL: gcc.c-torture/execute/builtin-constant.c execution,  -O1 
FAIL: gcc.c-torture/execute/builtin-constant.c execution,  -O2 
FAIL: gcc.c-torture/execute/builtin-constant.c execution,  -O3 -fomit-frame-pointer 
FAIL: gcc.c-torture/execute/builtin-constant.c execution,  -O3 -g 
FAIL: gcc.c-torture/execute/builtin-constant.c execution,  -Os 
WARNING: gcc.dg/20021014-1.c compilation failed to produce executable
FAIL: gcc.dg/bitfld-3.c execution test
FAIL: gcc.dg/bitfld-4.c execution test
FAIL: gcc.dg/c90-intconst-1.c (test for excess errors)
FAIL: gcc.dg/c99-intconst-1.c (test for excess errors)
FAIL: gcc.dg/duff-2.c (test for excess errors)
FAIL: gcc.dg/empty1.c execution test
WARNING: gcc.dg/nest.c compilation failed to produce executable
FAIL: gcc.dg/uninit-A.c uninitialized variable warning (test for bogus messages, line 52)
FAIL: gcc.dg/uninit-A.c uninitialized variable warning (test for bogus messages, line 53)
FAIL: gcc.dg/weak/typeof-2.c scan-assembler-not baz2.*baz2.*baz2.*baz2.*baz2.*baz2

		=== gcc Summary ===

# of expected passes		20150
# of unexpected failures	14
# of expected failures		68
# of unsupported tests		178
/mmix/mmix/build/gcc/xgcc version 3.4 20021226 (experimental)

Host   is i686-pc-linux-gnu

		=== objc tests ===


Running target mmixware-sim
FAIL: objc/execute/bf-21.m execution,  -O0 
FAIL: objc/execute/bf-21.m execution,  -O1 
FAIL: objc/execute/bf-21.m execution,  -O2 
FAIL: objc/execute/bf-21.m execution,  -O3 -fomit-frame-pointer 
FAIL: objc/execute/bf-21.m execution,  -O3 -g 
FAIL: objc/execute/bf-21.m execution,  -Os 
FAIL: objc.dg/bitfield-2.m (test for excess errors)
WARNING: objc.dg/bitfield-2.m compilation failed to produce executable

		=== objc Summary ===

# of expected passes		1145
# of unexpected failures	7
/mmix/mmix/build/gcc/xgcc version 3.4 20021226 (experimental)


Compiler version: 3.4 20021226 (experimental) 
Platform: mmix-knuth-mmixware
configure flags: --host=i686-pc-linux-gnu --target=mmix --prefix=/mmix/mmix/install --enable-languages=c,c++,objc,f77,ada --disable-nls --with-newlib --with-gnu-as --with-gnu-ld


Index Nav: [Date Index] [Subject Index] [Author Index] [Thread Index]
Message Nav: [Date Prev] [Date Next] [Thread Prev] [Thread Next]