This is the mail archive of the gcc-testresults@gcc.gnu.org mailing list for the GCC project.


Index Nav: [Date Index] [Subject Index] [Author Index] [Thread Index]
Message Nav: [Date Prev] [Date Next] [Thread Prev] [Thread Next]
Other format: [Raw text]

Results for 3.4 20021224 (experimental) testsuite on i386-unknown-freebsd5.0


Using make with objdir configuration on ref5 (see key)

Bootstrap failed in libstdc++-v3; thus partial report
LAST_UPDATED: Tue Dec 24 17:38:05 GMT 2002

Native configuration is i386-unknown-freebsd5.0

		=== g++ tests ===


Running target unix/-pthread
FAIL: g++.dg/compat/eh/filter2 x_tst.o compile
FAIL: g++.dg/compat/eh/filter2 y_tst.o compile
UNRESOLVED: g++.dg/compat/eh/filter2 x_tst.o-y_tst.o link 
UNRESOLVED: g++.dg/compat/eh/filter2 x_tst.o-y_tst.o execute 
FAIL: g++.dg/compat/eh/new1 x_tst.o compile
FAIL: g++.dg/compat/eh/new1 y_tst.o compile
UNRESOLVED: g++.dg/compat/eh/new1 x_tst.o-y_tst.o link 
UNRESOLVED: g++.dg/compat/eh/new1 x_tst.o-y_tst.o execute 
FAIL: g++.dg/compat/eh/unexpected1 x_tst.o compile
UNRESOLVED: g++.dg/compat/eh/unexpected1 x_tst.o-y_tst.o link 
UNRESOLVED: g++.dg/compat/eh/unexpected1 x_tst.o-y_tst.o execute 
FAIL: g++.dg/abi/bitfield6.C (test for excess errors)
WARNING: g++.dg/abi/bitfield6.C compilation failed to produce executable
FAIL: g++.dg/abi/enum1.C (test for excess errors)
WARNING: g++.dg/abi/enum1.C compilation failed to produce executable
FAIL: g++.dg/abi/rtti2.C (test for excess errors)
WARNING: g++.dg/abi/rtti2.C compilation failed to produce executable
FAIL: g++.dg/eh/filter2.C (test for excess errors)
WARNING: g++.dg/eh/filter2.C compilation failed to produce executable
FAIL: g++.dg/eh/new1.C (test for excess errors)
WARNING: g++.dg/eh/new1.C compilation failed to produce executable
FAIL: g++.dg/eh/omit-frame-pointer.C (test for excess errors)
WARNING: g++.dg/eh/omit-frame-pointer.C compilation failed to produce executable
FAIL: g++.dg/eh/spec4.C (test for excess errors)
FAIL: g++.dg/eh/unexpected1.C (test for excess errors)
WARNING: g++.dg/eh/unexpected1.C compilation failed to produce executable
FAIL: g++.dg/init/array4.C (test for excess errors)
FAIL: g++.dg/other/array1.C (test for excess errors)
FAIL: g++.dg/rtti/cv1.C (test for excess errors)
WARNING: g++.dg/rtti/cv1.C compilation failed to produce executable
FAIL: g++.dg/template/friend.C (test for excess errors)
FAIL: g++.dg/warn/Wunused-2.C  (test for warnings, line 5)
FAIL: g++.dg/warn/format1.C printf warning (test for warnings, line 12)
FAIL: g++.dg/warn/format1.C scanf warning (test for warnings, line 14)
FAIL: g++.dg/warn/format1.C (test for excess errors)
FAIL: g++.dg/warn/noreturn-1.C (test for excess errors)
FAIL: g++.dg/tls/diag-1.C (test for excess errors)
FAIL: g++.dg/tls/diag-2.C (test for excess errors)
FAIL: g++.dg/tls/init-1.C (test for excess errors)
FAIL: g++.dg/tls/init-2.C (test for excess errors)
FAIL: g++.abi/arraynew.C (test for excess errors)
FAIL: g++.abi/bitfields.C (test for excess errors)
FAIL: g++.abi/cxa_vec.C (test for excess errors)
FAIL: g++.abi/ptrflags.C (test for excess errors)
FAIL: g++.abi/ptrmem.C (test for excess errors)
FAIL: g++.abi/vmihint.C (test for excess errors)
FAIL: g++.abi/vtable3a.C (test for excess errors)
FAIL: g++.abi/vtable3b.C (test for excess errors)
FAIL: g++.abi/vtable3c.C (test for excess errors)
FAIL: g++.abi/vtable3d.C (test for excess errors)
FAIL: g++.abi/vtable3e.C (test for excess errors)
FAIL: g++.abi/vtable3f.C (test for excess errors)
FAIL: g++.abi/vtable3g.C (test for excess errors)
FAIL: g++.abi/vtable3h.C (test for excess errors)
FAIL: g++.abi/vtable3i.C (test for excess errors)
FAIL: g++.abi/vtable3j.C (test for excess errors)
FAIL: g++.benjamin/15071.C (test for excess errors)
FAIL: g++.benjamin/15822.C caused compiler crash
FAIL: g++.benjamin/typeid01.C (test for excess errors)
FAIL: g++.brendan/copy9.C (test for excess errors)
FAIL: g++.brendan/crash15.C (test for excess errors)
FAIL: g++.brendan/crash20.C (test for excess errors)
FAIL: g++.brendan/crash30.C (test for excess errors)
FAIL: g++.brendan/crash38.C (test for excess errors)
FAIL: g++.brendan/crash39.C (test for excess errors)
FAIL: g++.brendan/crash49.C (test for excess errors)
FAIL: g++.brendan/crash52.C (test for excess errors)
FAIL: g++.brendan/crash62.C cannot convert .die.* (test for errors, line 29)
FAIL: g++.brendan/crash62.C (test for excess errors)
FAIL: g++.brendan/cvt1.C (test for excess errors)
FAIL: g++.brendan/err-msg3.C (test for excess errors)
FAIL: g++.brendan/nest21.C (test for excess errors)
FAIL: g++.brendan/new3.C (test for excess errors)
FAIL: g++.brendan/ptolemy2.C (test for excess errors)
FAIL: g++.brendan/rtti1.C (test for excess errors)
FAIL: g++.eh/badalloc1.C  Execution test
FAIL: g++.eh/ia64-1.C (test for excess errors)
FAIL: g++.eh/new1.C (test for excess errors)
FAIL: g++.eh/new2.C (test for excess errors)
FAIL: g++.eh/pdel1.C (test for excess errors)
FAIL: g++.eh/pdel2.C (test for excess errors)
FAIL: g++.eh/rethrow3.C (test for excess errors)
FAIL: g++.eh/spec1.C (test for excess errors)
FAIL: g++.eh/spec2.C (test for excess errors)
FAIL: g++.eh/spec3.C (test for excess errors)
FAIL: g++.eh/spec4.C (test for excess errors)
FAIL: g++.eh/terminate1.C (test for excess errors)
FAIL: g++.eh/terminate2.C (test for excess errors)
FAIL: g++.jason/2371.C (test for excess errors)
FAIL: g++.jason/dtor5.C (test for excess errors)
FAIL: g++.jason/new.C (test for excess errors)
FAIL: g++.jason/template24.C (test for excess errors)
FAIL: g++.jason/template31.C (test for excess errors)
FAIL: g++.jason/typeid1.C (test for excess errors)
FAIL: g++.jason/typeid2.C (test for excess errors)
FAIL: g++.law/arg1.C (test for excess errors)
FAIL: g++.law/arg8.C (test for excess errors)
FAIL: g++.law/arm12.C (test for excess errors)
FAIL: g++.law/arm9.C (test for excess errors)
FAIL: g++.law/bad-error7.C (test for excess errors)
FAIL: g++.law/code-gen5.C (test for excess errors)
FAIL: g++.law/ctors10.C (test for excess errors)
FAIL: g++.law/ctors12.C (test for excess errors)
FAIL: g++.law/ctors13.C (test for excess errors)
FAIL: g++.law/ctors17.C (test for excess errors)
FAIL: g++.law/ctors6.C (test for excess errors)
FAIL: g++.law/cvt16.C (test for excess errors)
FAIL: g++.law/cvt2.C (test for excess errors)
FAIL: g++.law/cvt7.C (test for excess errors)
FAIL: g++.law/except5.C (test for excess errors)
FAIL: g++.law/friend1.C (test for excess errors)
FAIL: g++.law/missed-error2.C (test for excess errors)
FAIL: g++.law/nest3.C (test for excess errors)
FAIL: g++.law/operators27.C (test for excess errors)
FAIL: g++.law/operators32.C (test for excess errors)
FAIL: g++.law/operators4.C warning (test for errors, line 17)
FAIL: g++.law/operators4.C (test for excess errors)
FAIL: g++.law/profile1.C (test for excess errors)
FAIL: g++.law/vbase1.C (test for excess errors)
FAIL: g++.law/virtual3.C (test for excess errors)
FAIL: g++.law/visibility1.C (test for excess errors)
FAIL: g++.law/visibility10.C (test for excess errors)
FAIL: g++.law/visibility13.C (test for excess errors)
FAIL: g++.law/visibility17.C (test for excess errors)
FAIL: g++.law/visibility2.C (test for excess errors)
FAIL: g++.law/visibility22.C (test for excess errors)
FAIL: g++.law/visibility25.C (test for excess errors)
FAIL: g++.law/visibility7.C (test for excess errors)
FAIL: g++.martin/bitset1.C (test for excess errors)
FAIL: g++.martin/new1.C (test for excess errors)
FAIL: g++.mike/dyncast1.C (test for excess errors)
FAIL: g++.mike/dyncast2.C (test for excess errors)
FAIL: g++.mike/dyncast6.C (test for excess errors)
FAIL: g++.mike/dyncast7.C (test for excess errors)
FAIL: g++.mike/dyncast8.C (test for excess errors)
FAIL: g++.mike/eh13.C (test for excess errors)
FAIL: g++.mike/eh2.C (test for excess errors)
FAIL: g++.mike/eh23.C (test for excess errors)
FAIL: g++.mike/eh25.C (test for excess errors)
FAIL: g++.mike/eh27.C (test for excess errors)
FAIL: g++.mike/eh28.C (test for excess errors)
FAIL: g++.mike/eh33.C (test for excess errors)
FAIL: g++.mike/eh34.C (test for excess errors)
FAIL: g++.mike/eh36.C (test for excess errors)
FAIL: g++.mike/eh37.C (test for excess errors)
FAIL: g++.mike/eh38.C (test for excess errors)
FAIL: g++.mike/eh47.C (test for excess errors)
FAIL: g++.mike/eh48.C (test for excess errors)
FAIL: g++.mike/eh50.C (test for excess errors)
FAIL: g++.mike/eh51.C (test for excess errors)
FAIL: g++.mike/eh55.C (test for excess errors)
FAIL: g++.mike/memoize1.C (test for excess errors)
FAIL: g++.mike/net34.C (test for excess errors)
FAIL: g++.mike/net46.C (test for excess errors)
FAIL: g++.mike/p658.C (test for excess errors)
FAIL: g++.mike/p755.C (test for excess errors)
FAIL: g++.mike/rtti1.C (test for excess errors)
FAIL: g++.mike/rtti2.C (test for excess errors)
FAIL: g++.mike/thunk2.C (test for excess errors)
FAIL: g++.ns/koenig9.C (test for excess errors)
FAIL: g++.ns/new1.C (test for excess errors)
FAIL: g++.ns/using4.C (test for excess errors)
FAIL: g++.ns/using6.C (test for excess errors)
FAIL: g++.oliva/new1.C (test for excess errors)
FAIL: g++.oliva/thunk1.C (test for excess errors)
FAIL: g++.other/bitfld1.C (test for excess errors)
FAIL: g++.other/crash20.C (test for excess errors)
FAIL: g++.other/defarg6.C (test for excess errors)
FAIL: g++.other/delete3.C (test for excess errors)
FAIL: g++.other/delete7.C (test for excess errors)
FAIL: g++.other/dtor1.C (test for excess errors)
FAIL: g++.other/dtor12.C (test for excess errors)
FAIL: g++.other/headers1.C (test for excess errors)
FAIL: g++.other/init9.C jump from here (test for errors, line 36)
FAIL: g++.other/init9.C jump to here (test for errors, line 38)
FAIL: g++.other/inline14.C (test for excess errors)
FAIL: g++.other/inline2.C (test for excess errors)
FAIL: g++.other/inline7.C (test for excess errors)
FAIL: g++.other/inline8.C (test for excess errors)
FAIL: g++.other/new.C (test for excess errors)
FAIL: g++.other/new6.C (test for excess errors)
FAIL: g++.other/new7.C (test for excess errors)
FAIL: g++.other/null1.C converting NULL to non-pointer type (test for warnings, line 26)
FAIL: g++.other/null1.C NULL used in arithmetic (test for warnings, line 29)
FAIL: g++.other/null1.C NULL used in arithmetic (test for warnings, line 30)
FAIL: g++.other/null1.C converting NULL to non-pointer type (test for warnings, line 33)
FAIL: g++.other/null1.C converting NULL to non-pointer type (test for warnings, line 34)
FAIL: g++.other/null1.C converting NULL to non-pointer type (test for warnings, line 35)
FAIL: g++.other/null1.C converting NULL to non-pointer-type (test for warnings, line 36)
FAIL: g++.other/null1.C converting NULL to non-pointer type (test for warnings, line 37)
FAIL: g++.other/null1.C converting NULL to non-pointer type (test for warnings, line 38)
FAIL: g++.other/null1.C converting NULL to int (test for warnings, line 39)
FAIL: g++.other/null1.C converting NULL to int (test for warnings, line 40)
FAIL: g++.other/null1.C converting NULL to int (test for warnings, line 42)
FAIL: g++.other/null1.C (test for excess errors)
FAIL: g++.other/optimize2.C (test for excess errors)
FAIL: g++.other/rtti1.C (test for excess errors)
FAIL: g++.other/rtti2.C (test for excess errors)
FAIL: g++.other/rtti3.C (test for excess errors)
FAIL: g++.other/rtti4.C (test for excess errors)
FAIL: g++.other/rttid2.C (test for excess errors)
FAIL: g++.other/rttid3.C (test for excess errors)
FAIL: g++.other/rttid4.C (test for excess errors)
FAIL: g++.other/sibcall1.C (test for excess errors)
FAIL: g++.other/typeid1.C (test for excess errors)
FAIL: g++.other/typeinfo1.C (test for excess errors)
FAIL: g++.other/unchanging1.C (test for excess errors)
FAIL: g++.pt/crash68.C (test for excess errors)
FAIL: g++.pt/instantiate10.C (test for excess errors)
FAIL: g++.pt/memclass4.C (test for excess errors)
FAIL: g++.pt/memtemp100.C (test for excess errors)
FAIL: g++.pt/spec30.C (test for excess errors)
FAIL: g++.pt/ttp19.C (test for excess errors)
FAIL: g++.pt/ttp40.C (test for excess errors)
FAIL: g++.robertl/eb109.C candidates (test for errors, line 22)
FAIL: g++.robertl/eb109.C (test for excess errors)
FAIL: g++.robertl/eb113.C (test for excess errors)
FAIL: g++.robertl/eb115.C (test for excess errors)
FAIL: g++.robertl/eb118.C (test for excess errors)
FAIL: g++.robertl/eb124.C (test for excess errors)
FAIL: g++.robertl/eb127.C (test for excess errors)
FAIL: g++.robertl/eb129.C  (test for errors, line 20)
FAIL: g++.robertl/eb129.C (test for excess errors)
FAIL: g++.robertl/eb129a.C (test for excess errors)
FAIL: g++.robertl/eb130.C (test for excess errors)
FAIL: g++.robertl/eb132.C (test for excess errors)
FAIL: g++.robertl/eb15.C (test for excess errors)
FAIL: g++.robertl/eb21.C (test for excess errors)
FAIL: g++.robertl/eb24.C (test for excess errors)
FAIL: g++.robertl/eb27.C (test for excess errors)
FAIL: g++.robertl/eb28.C (test for excess errors)
FAIL: g++.robertl/eb29.C (test for excess errors)
FAIL: g++.robertl/eb3.C (test for excess errors)
FAIL: g++.robertl/eb30.C (test for excess errors)
FAIL: g++.robertl/eb31.C (test for excess errors)
FAIL: g++.robertl/eb33.C (test for excess errors)
FAIL: g++.robertl/eb36.C caused compiler crash
FAIL: g++.robertl/eb39.C (test for excess errors)
FAIL: g++.robertl/eb4.C (test for excess errors)
FAIL: g++.robertl/eb41.C (test for excess errors)
FAIL: g++.robertl/eb43.C constructor is explicit (test for errors, line 30)
FAIL: g++.robertl/eb43.C (test for excess errors)
FAIL: g++.robertl/eb44.C (test for excess errors)
FAIL: g++.robertl/eb46.C (test for excess errors)
FAIL: g++.robertl/eb54.C (test for excess errors)
FAIL: g++.robertl/eb55.C (test for excess errors)
FAIL: g++.robertl/eb57.C (test for excess errors)
FAIL: g++.robertl/eb59.C (test for excess errors)
FAIL: g++.robertl/eb60.C (test for excess errors)
FAIL: g++.robertl/eb62.C (test for excess errors)
FAIL: g++.robertl/eb65.C caused compiler crash
FAIL: g++.robertl/eb66.C (test for excess errors)
FAIL: g++.robertl/eb7.C (test for excess errors)
FAIL: g++.robertl/eb73.C (test for excess errors)
FAIL: g++.robertl/eb76.C (test for excess errors)
FAIL: g++.robertl/eb77.C (test for excess errors)
FAIL: g++.robertl/eb79.C (test for excess errors)
FAIL: g++.robertl/eb80.C (test for excess errors)
FAIL: g++.robertl/eb91.C (test for excess errors)
FAIL: g++.warn/iomanip.C (test for excess errors)

		=== g++ Summary ===

# of expected passes		7534
# of unexpected failures	246
# of expected failures		204
# of unresolved testcases	6
# of untested testcases		12
# of unsupported tests		3
/local0/scratch/ljrittle/gcc-build-ref5-1224/gcc/testsuite/../g++ version 3.4 20021224 (experimental)

		=== g77 tests ===


Running target unix/-pthread
FAIL: g77.dg/bprob/g77-bprob-1.f compilation,  -g  -fprofile-arcs
UNRESOLVED: g77.dg/bprob/g77-bprob-1.f execution,    -g  -fprofile-arcs
UNRESOLVED: g77.dg/bprob/g77-bprob-1.f compilation,  -g  -fbranch-probabilities
UNRESOLVED: g77.dg/bprob/g77-bprob-1.f execution,    -g  -fbranch-probabilities
FAIL: g77.dg/bprob/g77-bprob-1.f compilation,  -O0  -fprofile-arcs
UNRESOLVED: g77.dg/bprob/g77-bprob-1.f execution,    -O0  -fprofile-arcs
UNRESOLVED: g77.dg/bprob/g77-bprob-1.f compilation,  -O0  -fbranch-probabilities
UNRESOLVED: g77.dg/bprob/g77-bprob-1.f execution,    -O0  -fbranch-probabilities
FAIL: g77.dg/bprob/g77-bprob-1.f compilation,  -O1  -fprofile-arcs
UNRESOLVED: g77.dg/bprob/g77-bprob-1.f execution,    -O1  -fprofile-arcs
UNRESOLVED: g77.dg/bprob/g77-bprob-1.f compilation,  -O1  -fbranch-probabilities
UNRESOLVED: g77.dg/bprob/g77-bprob-1.f execution,    -O1  -fbranch-probabilities
FAIL: g77.dg/bprob/g77-bprob-1.f compilation,  -O2  -fprofile-arcs
UNRESOLVED: g77.dg/bprob/g77-bprob-1.f execution,    -O2  -fprofile-arcs
UNRESOLVED: g77.dg/bprob/g77-bprob-1.f compilation,  -O2  -fbranch-probabilities
UNRESOLVED: g77.dg/bprob/g77-bprob-1.f execution,    -O2  -fbranch-probabilities
FAIL: g77.dg/bprob/g77-bprob-1.f compilation,  -O3  -fprofile-arcs
UNRESOLVED: g77.dg/bprob/g77-bprob-1.f execution,    -O3  -fprofile-arcs
UNRESOLVED: g77.dg/bprob/g77-bprob-1.f compilation,  -O3  -fbranch-probabilities
UNRESOLVED: g77.dg/bprob/g77-bprob-1.f execution,    -O3  -fbranch-probabilities
FAIL: g77.dg/bprob/g77-bprob-1.f compilation,  -O3 -g  -fprofile-arcs
UNRESOLVED: g77.dg/bprob/g77-bprob-1.f execution,    -O3 -g  -fprofile-arcs
UNRESOLVED: g77.dg/bprob/g77-bprob-1.f compilation,  -O3 -g  -fbranch-probabilities
UNRESOLVED: g77.dg/bprob/g77-bprob-1.f execution,    -O3 -g  -fbranch-probabilities
FAIL: g77.dg/bprob/g77-bprob-1.f compilation,  -Os  -fprofile-arcs
UNRESOLVED: g77.dg/bprob/g77-bprob-1.f execution,    -Os  -fprofile-arcs
UNRESOLVED: g77.dg/bprob/g77-bprob-1.f compilation,  -Os  -fbranch-probabilities
UNRESOLVED: g77.dg/bprob/g77-bprob-1.f execution,    -Os  -fbranch-probabilities
FAIL: g77.dg/7388.f (test for excess errors)
WARNING: g77.dg/7388.f compilation failed to produce executable
FAIL: g77.dg/7388.f (test for excess errors)
WARNING: g77.dg/7388.f compilation failed to produce executable
FAIL: g77.dg/7388.f (test for excess errors)
WARNING: g77.dg/7388.f compilation failed to produce executable
FAIL: g77.dg/7388.f (test for excess errors)
WARNING: g77.dg/7388.f compilation failed to produce executable
FAIL: g77.dg/7388.f (test for excess errors)
WARNING: g77.dg/7388.f compilation failed to produce executable
FAIL: g77.dg/7388.f (test for excess errors)
WARNING: g77.dg/7388.f compilation failed to produce executable
FAIL: g77.dg/f77-edit-apostrophe-out.f (test for excess errors)
WARNING: g77.dg/f77-edit-apostrophe-out.f compilation failed to produce executable
FAIL: g77.dg/f77-edit-apostrophe-out.f (test for excess errors)
WARNING: g77.dg/f77-edit-apostrophe-out.f compilation failed to produce executable
FAIL: g77.dg/f77-edit-apostrophe-out.f (test for excess errors)
WARNING: g77.dg/f77-edit-apostrophe-out.f compilation failed to produce executable
FAIL: g77.dg/f77-edit-apostrophe-out.f (test for excess errors)
WARNING: g77.dg/f77-edit-apostrophe-out.f compilation failed to produce executable
FAIL: g77.dg/f77-edit-apostrophe-out.f (test for excess errors)
WARNING: g77.dg/f77-edit-apostrophe-out.f compilation failed to produce executable
FAIL: g77.dg/f77-edit-apostrophe-out.f (test for excess errors)
WARNING: g77.dg/f77-edit-apostrophe-out.f compilation failed to produce executable
FAIL: g77.dg/f77-edit-colon-out.f (test for excess errors)
WARNING: g77.dg/f77-edit-colon-out.f compilation failed to produce executable
FAIL: g77.dg/f77-edit-colon-out.f (test for excess errors)
WARNING: g77.dg/f77-edit-colon-out.f compilation failed to produce executable
FAIL: g77.dg/f77-edit-colon-out.f (test for excess errors)
WARNING: g77.dg/f77-edit-colon-out.f compilation failed to produce executable
FAIL: g77.dg/f77-edit-colon-out.f (test for excess errors)
WARNING: g77.dg/f77-edit-colon-out.f compilation failed to produce executable
FAIL: g77.dg/f77-edit-colon-out.f (test for excess errors)
WARNING: g77.dg/f77-edit-colon-out.f compilation failed to produce executable
FAIL: g77.dg/f77-edit-colon-out.f (test for excess errors)
WARNING: g77.dg/f77-edit-colon-out.f compilation failed to produce executable
FAIL: g77.dg/f77-edit-h-out.f (test for excess errors)
WARNING: g77.dg/f77-edit-h-out.f compilation failed to produce executable
FAIL: g77.dg/f77-edit-h-out.f (test for excess errors)
WARNING: g77.dg/f77-edit-h-out.f compilation failed to produce executable
FAIL: g77.dg/f77-edit-h-out.f (test for excess errors)
WARNING: g77.dg/f77-edit-h-out.f compilation failed to produce executable
FAIL: g77.dg/f77-edit-h-out.f (test for excess errors)
WARNING: g77.dg/f77-edit-h-out.f compilation failed to produce executable
FAIL: g77.dg/f77-edit-h-out.f (test for excess errors)
WARNING: g77.dg/f77-edit-h-out.f compilation failed to produce executable
FAIL: g77.dg/f77-edit-h-out.f (test for excess errors)
WARNING: g77.dg/f77-edit-h-out.f compilation failed to produce executable
FAIL: g77.dg/f77-edit-i-in.f (test for excess errors)
WARNING: g77.dg/f77-edit-i-in.f compilation failed to produce executable
FAIL: g77.dg/f77-edit-i-in.f (test for excess errors)
WARNING: g77.dg/f77-edit-i-in.f compilation failed to produce executable
FAIL: g77.dg/f77-edit-i-in.f (test for excess errors)
WARNING: g77.dg/f77-edit-i-in.f compilation failed to produce executable
FAIL: g77.dg/f77-edit-i-in.f (test for excess errors)
WARNING: g77.dg/f77-edit-i-in.f compilation failed to produce executable
FAIL: g77.dg/f77-edit-i-in.f (test for excess errors)
WARNING: g77.dg/f77-edit-i-in.f compilation failed to produce executable
FAIL: g77.dg/f77-edit-i-in.f (test for excess errors)
WARNING: g77.dg/f77-edit-i-in.f compilation failed to produce executable
FAIL: g77.dg/f77-edit-i-out.f (test for excess errors)
WARNING: g77.dg/f77-edit-i-out.f compilation failed to produce executable
FAIL: g77.dg/f77-edit-i-out.f (test for excess errors)
WARNING: g77.dg/f77-edit-i-out.f compilation failed to produce executable
FAIL: g77.dg/f77-edit-i-out.f (test for excess errors)
WARNING: g77.dg/f77-edit-i-out.f compilation failed to produce executable
FAIL: g77.dg/f77-edit-i-out.f (test for excess errors)
WARNING: g77.dg/f77-edit-i-out.f compilation failed to produce executable
FAIL: g77.dg/f77-edit-i-out.f (test for excess errors)
WARNING: g77.dg/f77-edit-i-out.f compilation failed to produce executable
FAIL: g77.dg/f77-edit-i-out.f (test for excess errors)
WARNING: g77.dg/f77-edit-i-out.f compilation failed to produce executable
FAIL: g77.dg/f77-edit-s-out.f (test for excess errors)
WARNING: g77.dg/f77-edit-s-out.f compilation failed to produce executable
FAIL: g77.dg/f77-edit-s-out.f (test for excess errors)
WARNING: g77.dg/f77-edit-s-out.f compilation failed to produce executable
FAIL: g77.dg/f77-edit-s-out.f (test for excess errors)
WARNING: g77.dg/f77-edit-s-out.f compilation failed to produce executable
FAIL: g77.dg/f77-edit-s-out.f (test for excess errors)
WARNING: g77.dg/f77-edit-s-out.f compilation failed to produce executable
FAIL: g77.dg/f77-edit-s-out.f (test for excess errors)
WARNING: g77.dg/f77-edit-s-out.f compilation failed to produce executable
FAIL: g77.dg/f77-edit-s-out.f (test for excess errors)
WARNING: g77.dg/f77-edit-s-out.f compilation failed to produce executable
FAIL: g77.dg/f77-edit-slash-out.f (test for excess errors)
WARNING: g77.dg/f77-edit-slash-out.f compilation failed to produce executable
FAIL: g77.dg/f77-edit-slash-out.f (test for excess errors)
WARNING: g77.dg/f77-edit-slash-out.f compilation failed to produce executable
FAIL: g77.dg/f77-edit-slash-out.f (test for excess errors)
WARNING: g77.dg/f77-edit-slash-out.f compilation failed to produce executable
FAIL: g77.dg/f77-edit-slash-out.f (test for excess errors)
WARNING: g77.dg/f77-edit-slash-out.f compilation failed to produce executable
FAIL: g77.dg/f77-edit-slash-out.f (test for excess errors)
WARNING: g77.dg/f77-edit-slash-out.f compilation failed to produce executable
FAIL: g77.dg/f77-edit-slash-out.f (test for excess errors)
WARNING: g77.dg/f77-edit-slash-out.f compilation failed to produce executable
FAIL: g77.dg/f77-edit-t-in.f (test for excess errors)
WARNING: g77.dg/f77-edit-t-in.f compilation failed to produce executable
FAIL: g77.dg/f77-edit-t-in.f (test for excess errors)
WARNING: g77.dg/f77-edit-t-in.f compilation failed to produce executable
FAIL: g77.dg/f77-edit-t-in.f (test for excess errors)
WARNING: g77.dg/f77-edit-t-in.f compilation failed to produce executable
FAIL: g77.dg/f77-edit-t-in.f (test for excess errors)
WARNING: g77.dg/f77-edit-t-in.f compilation failed to produce executable
FAIL: g77.dg/f77-edit-t-in.f (test for excess errors)
WARNING: g77.dg/f77-edit-t-in.f compilation failed to produce executable
FAIL: g77.dg/f77-edit-t-in.f (test for excess errors)
WARNING: g77.dg/f77-edit-t-in.f compilation failed to produce executable
FAIL: g77.dg/f77-edit-t-out.f (test for excess errors)
WARNING: g77.dg/f77-edit-t-out.f compilation failed to produce executable
FAIL: g77.dg/f77-edit-t-out.f (test for excess errors)
WARNING: g77.dg/f77-edit-t-out.f compilation failed to produce executable
FAIL: g77.dg/f77-edit-t-out.f (test for excess errors)
WARNING: g77.dg/f77-edit-t-out.f compilation failed to produce executable
FAIL: g77.dg/f77-edit-t-out.f (test for excess errors)
WARNING: g77.dg/f77-edit-t-out.f compilation failed to produce executable
FAIL: g77.dg/f77-edit-t-out.f (test for excess errors)
WARNING: g77.dg/f77-edit-t-out.f compilation failed to produce executable
FAIL: g77.dg/f77-edit-t-out.f (test for excess errors)
WARNING: g77.dg/f77-edit-t-out.f compilation failed to produce executable
FAIL: g77.dg/f77-edit-x-out.f (test for excess errors)
WARNING: g77.dg/f77-edit-x-out.f compilation failed to produce executable
FAIL: g77.dg/f77-edit-x-out.f (test for excess errors)
WARNING: g77.dg/f77-edit-x-out.f compilation failed to produce executable
FAIL: g77.dg/f77-edit-x-out.f (test for excess errors)
WARNING: g77.dg/f77-edit-x-out.f compilation failed to produce executable
FAIL: g77.dg/f77-edit-x-out.f (test for excess errors)
WARNING: g77.dg/f77-edit-x-out.f compilation failed to produce executable
FAIL: g77.dg/f77-edit-x-out.f (test for excess errors)
WARNING: g77.dg/f77-edit-x-out.f compilation failed to produce executable
FAIL: g77.dg/f77-edit-x-out.f (test for excess errors)
WARNING: g77.dg/f77-edit-x-out.f compilation failed to produce executable
FAIL: g77.dg/fbackslash.f (test for excess errors)
WARNING: g77.dg/fbackslash.f compilation failed to produce executable
FAIL: g77.dg/fbackslash.f (test for excess errors)
WARNING: g77.dg/fbackslash.f compilation failed to produce executable
FAIL: g77.dg/fbackslash.f (test for excess errors)
WARNING: g77.dg/fbackslash.f compilation failed to produce executable
FAIL: g77.dg/fbackslash.f (test for excess errors)
WARNING: g77.dg/fbackslash.f compilation failed to produce executable
FAIL: g77.dg/fbackslash.f (test for excess errors)
WARNING: g77.dg/fbackslash.f compilation failed to produce executable
FAIL: g77.dg/fbackslash.f (test for excess errors)
WARNING: g77.dg/fbackslash.f compilation failed to produce executable
FAIL: g77.dg/fcase-preserve.f (test for excess errors)
WARNING: g77.dg/fcase-preserve.f compilation failed to produce executable
FAIL: g77.dg/fcase-preserve.f (test for excess errors)
WARNING: g77.dg/fcase-preserve.f compilation failed to produce executable
FAIL: g77.dg/fcase-preserve.f (test for excess errors)
WARNING: g77.dg/fcase-preserve.f compilation failed to produce executable
FAIL: g77.dg/fcase-preserve.f (test for excess errors)
WARNING: g77.dg/fcase-preserve.f compilation failed to produce executable
FAIL: g77.dg/fcase-preserve.f (test for excess errors)
WARNING: g77.dg/fcase-preserve.f compilation failed to produce executable
FAIL: g77.dg/fcase-preserve.f (test for excess errors)
WARNING: g77.dg/fcase-preserve.f compilation failed to produce executable
FAIL: g77.dg/ff90-1.f (test for excess errors)
WARNING: g77.dg/ff90-1.f compilation failed to produce executable
FAIL: g77.dg/ff90-1.f (test for excess errors)
WARNING: g77.dg/ff90-1.f compilation failed to produce executable
FAIL: g77.dg/ff90-1.f (test for excess errors)
WARNING: g77.dg/ff90-1.f compilation failed to produce executable
FAIL: g77.dg/ff90-1.f (test for excess errors)
WARNING: g77.dg/ff90-1.f compilation failed to produce executable
FAIL: g77.dg/ff90-1.f (test for excess errors)
WARNING: g77.dg/ff90-1.f compilation failed to produce executable
FAIL: g77.dg/ff90-1.f (test for excess errors)
WARNING: g77.dg/ff90-1.f compilation failed to produce executable
FAIL: g77.dg/fno-backslash.f (test for excess errors)
WARNING: g77.dg/fno-backslash.f compilation failed to produce executable
FAIL: g77.dg/fno-backslash.f (test for excess errors)
WARNING: g77.dg/fno-backslash.f compilation failed to produce executable
FAIL: g77.dg/fno-backslash.f (test for excess errors)
WARNING: g77.dg/fno-backslash.f compilation failed to produce executable
FAIL: g77.dg/fno-backslash.f (test for excess errors)
WARNING: g77.dg/fno-backslash.f compilation failed to produce executable
FAIL: g77.dg/fno-backslash.f (test for excess errors)
WARNING: g77.dg/fno-backslash.f compilation failed to produce executable
FAIL: g77.dg/fno-backslash.f (test for excess errors)
WARNING: g77.dg/fno-backslash.f compilation failed to produce executable
FAIL: g77.dg/fno-f90-1.f (test for excess errors)
WARNING: g77.dg/fno-f90-1.f compilation failed to produce executable
FAIL: g77.dg/fno-f90-1.f (test for excess errors)
WARNING: g77.dg/fno-f90-1.f compilation failed to produce executable
FAIL: g77.dg/fno-f90-1.f (test for excess errors)
WARNING: g77.dg/fno-f90-1.f compilation failed to produce executable
FAIL: g77.dg/fno-f90-1.f (test for excess errors)
WARNING: g77.dg/fno-f90-1.f compilation failed to produce executable
FAIL: g77.dg/fno-f90-1.f (test for excess errors)
WARNING: g77.dg/fno-f90-1.f compilation failed to produce executable
FAIL: g77.dg/fno-f90-1.f (test for excess errors)
WARNING: g77.dg/fno-f90-1.f compilation failed to produce executable
FAIL: g77.dg/fno-onetrip.f (test for excess errors)
WARNING: g77.dg/fno-onetrip.f compilation failed to produce executable
FAIL: g77.dg/fno-onetrip.f (test for excess errors)
WARNING: g77.dg/fno-onetrip.f compilation failed to produce executable
FAIL: g77.dg/fno-onetrip.f (test for excess errors)
WARNING: g77.dg/fno-onetrip.f compilation failed to produce executable
FAIL: g77.dg/fno-onetrip.f (test for excess errors)
WARNING: g77.dg/fno-onetrip.f compilation failed to produce executable
FAIL: g77.dg/fno-onetrip.f (test for excess errors)
WARNING: g77.dg/fno-onetrip.f compilation failed to produce executable
FAIL: g77.dg/fno-onetrip.f (test for excess errors)
WARNING: g77.dg/fno-onetrip.f compilation failed to produce executable
FAIL: g77.dg/fno-onetrip.f (test for excess errors)
WARNING: g77.dg/fno-onetrip.f compilation failed to produce executable
FAIL: g77.dg/fno-onetrip.f (test for excess errors)
WARNING: g77.dg/fno-onetrip.f compilation failed to produce executable
FAIL: g77.dg/fno-typeless-boz.f (test for excess errors)
WARNING: g77.dg/fno-typeless-boz.f compilation failed to produce executable
FAIL: g77.dg/fno-typeless-boz.f (test for excess errors)
WARNING: g77.dg/fno-typeless-boz.f compilation failed to produce executable
FAIL: g77.dg/fno-typeless-boz.f (test for excess errors)
WARNING: g77.dg/fno-typeless-boz.f compilation failed to produce executable
FAIL: g77.dg/fno-typeless-boz.f (test for excess errors)
WARNING: g77.dg/fno-typeless-boz.f compilation failed to produce executable
FAIL: g77.dg/fno-typeless-boz.f (test for excess errors)
WARNING: g77.dg/fno-typeless-boz.f compilation failed to produce executable
FAIL: g77.dg/fno-typeless-boz.f (test for excess errors)
WARNING: g77.dg/fno-typeless-boz.f compilation failed to produce executable
FAIL: g77.dg/fno-vxt-1.f (test for excess errors)
WARNING: g77.dg/fno-vxt-1.f compilation failed to produce executable
FAIL: g77.dg/fno-vxt-1.f (test for excess errors)
WARNING: g77.dg/fno-vxt-1.f compilation failed to produce executable
FAIL: g77.dg/fno-vxt-1.f (test for excess errors)
WARNING: g77.dg/fno-vxt-1.f compilation failed to produce executable
FAIL: g77.dg/fno-vxt-1.f (test for excess errors)
WARNING: g77.dg/fno-vxt-1.f compilation failed to produce executable
FAIL: g77.dg/fno-vxt-1.f (test for excess errors)
WARNING: g77.dg/fno-vxt-1.f compilation failed to produce executable
FAIL: g77.dg/fno-vxt-1.f (test for excess errors)
WARNING: g77.dg/fno-vxt-1.f compilation failed to produce executable
FAIL: g77.dg/fonetrip.f (test for excess errors)
WARNING: g77.dg/fonetrip.f compilation failed to produce executable
FAIL: g77.dg/fonetrip.f (test for excess errors)
WARNING: g77.dg/fonetrip.f compilation failed to produce executable
FAIL: g77.dg/fonetrip.f (test for excess errors)
WARNING: g77.dg/fonetrip.f compilation failed to produce executable
FAIL: g77.dg/fonetrip.f (test for excess errors)
WARNING: g77.dg/fonetrip.f compilation failed to produce executable
FAIL: g77.dg/fonetrip.f (test for excess errors)
WARNING: g77.dg/fonetrip.f compilation failed to produce executable
FAIL: g77.dg/fonetrip.f (test for excess errors)
WARNING: g77.dg/fonetrip.f compilation failed to produce executable
FAIL: g77.dg/fonetrip.f (test for excess errors)
WARNING: g77.dg/fonetrip.f compilation failed to produce executable
FAIL: g77.dg/fonetrip.f (test for excess errors)
WARNING: g77.dg/fonetrip.f compilation failed to produce executable
FAIL: g77.dg/ftypeless-boz.f (test for excess errors)
WARNING: g77.dg/ftypeless-boz.f compilation failed to produce executable
FAIL: g77.dg/ftypeless-boz.f (test for excess errors)
WARNING: g77.dg/ftypeless-boz.f compilation failed to produce executable
FAIL: g77.dg/ftypeless-boz.f (test for excess errors)
WARNING: g77.dg/ftypeless-boz.f compilation failed to produce executable
FAIL: g77.dg/ftypeless-boz.f (test for excess errors)
WARNING: g77.dg/ftypeless-boz.f compilation failed to produce executable
FAIL: g77.dg/ftypeless-boz.f (test for excess errors)
WARNING: g77.dg/ftypeless-boz.f compilation failed to produce executable
FAIL: g77.dg/ftypeless-boz.f (test for excess errors)
WARNING: g77.dg/ftypeless-boz.f compilation failed to produce executable
FAIL: g77.dg/fvxt-1.f (test for excess errors)
WARNING: g77.dg/fvxt-1.f compilation failed to produce executable
FAIL: g77.dg/fvxt-1.f (test for excess errors)
WARNING: g77.dg/fvxt-1.f compilation failed to produce executable
FAIL: g77.dg/fvxt-1.f (test for excess errors)
WARNING: g77.dg/fvxt-1.f compilation failed to produce executable
FAIL: g77.dg/fvxt-1.f (test for excess errors)
WARNING: g77.dg/fvxt-1.f compilation failed to produce executable
FAIL: g77.dg/fvxt-1.f (test for excess errors)
WARNING: g77.dg/fvxt-1.f compilation failed to produce executable
FAIL: g77.dg/fvxt-1.f (test for excess errors)
WARNING: g77.dg/fvxt-1.f compilation failed to produce executable
FAIL: g77.dg/pr3743-1.f (test for excess errors)
FAIL: g77.dg/pr3743-1.f (test for excess errors)
FAIL: g77.dg/pr3743-1.f (test for excess errors)
FAIL: g77.dg/pr3743-1.f (test for excess errors)
FAIL: g77.dg/pr3743-1.f (test for excess errors)
FAIL: g77.dg/pr3743-1.f (test for excess errors)
FAIL: g77.dg/pr3743-2.f (test for excess errors)
FAIL: g77.dg/pr3743-2.f (test for excess errors)
FAIL: g77.dg/pr3743-2.f (test for excess errors)
FAIL: g77.dg/pr3743-2.f (test for excess errors)
FAIL: g77.dg/pr3743-2.f (test for excess errors)
FAIL: g77.dg/pr3743-2.f (test for excess errors)
FAIL: g77.dg/pr3743-3.f (test for excess errors)
FAIL: g77.dg/pr3743-3.f (test for excess errors)
FAIL: g77.dg/pr3743-3.f (test for excess errors)
FAIL: g77.dg/pr3743-3.f (test for excess errors)
FAIL: g77.dg/pr3743-3.f (test for excess errors)
FAIL: g77.dg/pr3743-3.f (test for excess errors)
FAIL: g77.dg/pr3743-4.f (test for excess errors)
FAIL: g77.dg/pr3743-4.f (test for excess errors)
FAIL: g77.dg/pr3743-4.f (test for excess errors)
FAIL: g77.dg/pr3743-4.f (test for excess errors)
FAIL: g77.dg/pr3743-4.f (test for excess errors)
FAIL: g77.dg/pr3743-4.f (test for excess errors)
FAIL: g77.dg/strlen0.f (test for excess errors)
WARNING: g77.dg/strlen0.f compilation failed to produce executable
FAIL: g77.dg/strlen0.f (test for excess errors)
WARNING: g77.dg/strlen0.f compilation failed to produce executable
FAIL: g77.dg/strlen0.f (test for excess errors)
WARNING: g77.dg/strlen0.f compilation failed to produce executable
FAIL: g77.dg/strlen0.f (test for excess errors)
WARNING: g77.dg/strlen0.f compilation failed to produce executable
FAIL: g77.dg/strlen0.f (test for excess errors)
WARNING: g77.dg/strlen0.f compilation failed to produce executable
FAIL: g77.dg/strlen0.f (test for excess errors)
WARNING: g77.dg/strlen0.f compilation failed to produce executable
FAIL: g77.dg/gcov/gcov-1.f (test for excess errors)
WARNING: g77.dg/gcov/gcov-1.f compilation failed to produce executable
FAIL: g77.dg/gcov/gcov-1.f gcov failed: gcov-1.f.gcov does not exist
FAIL: g77.f-torture/execute/19981119-0.f compilation,  -O0 
FAIL: g77.f-torture/execute/19981119-0.f compilation,  -O1 
FAIL: g77.f-torture/execute/19981119-0.f compilation,  -O2 
FAIL: g77.f-torture/execute/19981119-0.f compilation,  -O3 -fomit-frame-pointer 
FAIL: g77.f-torture/execute/19981119-0.f compilation,  -O3 -g 
FAIL: g77.f-torture/execute/19981119-0.f compilation,  -Os 
FAIL: g77.f-torture/execute/19990313-0.f compilation,  -O0 
FAIL: g77.f-torture/execute/19990313-0.f compilation,  -O1 
FAIL: g77.f-torture/execute/19990313-0.f compilation,  -O2 
FAIL: g77.f-torture/execute/19990313-0.f compilation,  -O3 -fomit-frame-pointer 
FAIL: g77.f-torture/execute/19990313-0.f compilation,  -O3 -g 
FAIL: g77.f-torture/execute/19990313-0.f compilation,  -Os 
FAIL: g77.f-torture/execute/19990313-1.f compilation,  -O0 
FAIL: g77.f-torture/execute/19990313-1.f compilation,  -O1 
FAIL: g77.f-torture/execute/19990313-1.f compilation,  -O2 
FAIL: g77.f-torture/execute/19990313-1.f compilation,  -O3 -fomit-frame-pointer 
FAIL: g77.f-torture/execute/19990313-1.f compilation,  -O3 -g 
FAIL: g77.f-torture/execute/19990313-1.f compilation,  -Os 
FAIL: g77.f-torture/execute/19990313-2.f compilation,  -O0 
FAIL: g77.f-torture/execute/19990313-2.f compilation,  -O1 
FAIL: g77.f-torture/execute/19990313-2.f compilation,  -O2 
FAIL: g77.f-torture/execute/19990313-2.f compilation,  -O3 -fomit-frame-pointer 
FAIL: g77.f-torture/execute/19990313-2.f compilation,  -O3 -g 
FAIL: g77.f-torture/execute/19990313-2.f compilation,  -Os 
FAIL: g77.f-torture/execute/19990313-3.f compilation,  -O0 
FAIL: g77.f-torture/execute/19990313-3.f compilation,  -O1 
FAIL: g77.f-torture/execute/19990313-3.f compilation,  -O2 
FAIL: g77.f-torture/execute/19990313-3.f compilation,  -O3 -fomit-frame-pointer 
FAIL: g77.f-torture/execute/19990313-3.f compilation,  -O3 -g 
FAIL: g77.f-torture/execute/19990313-3.f compilation,  -Os 
FAIL: g77.f-torture/execute/19990325-0.f compilation,  -O0 
FAIL: g77.f-torture/execute/19990325-0.f compilation,  -O1 
FAIL: g77.f-torture/execute/19990325-0.f compilation,  -O2 
FAIL: g77.f-torture/execute/19990325-0.f compilation,  -O3 -fomit-frame-pointer 
FAIL: g77.f-torture/execute/19990325-0.f compilation,  -O3 -g 
FAIL: g77.f-torture/execute/19990325-0.f compilation,  -Os 
FAIL: g77.f-torture/execute/19990325-1.f compilation,  -O0 
FAIL: g77.f-torture/execute/19990325-1.f compilation,  -O1 
FAIL: g77.f-torture/execute/19990325-1.f compilation,  -O2 
FAIL: g77.f-torture/execute/19990325-1.f compilation,  -O3 -fomit-frame-pointer 
FAIL: g77.f-torture/execute/19990325-1.f compilation,  -O3 -g 
FAIL: g77.f-torture/execute/19990325-1.f compilation,  -Os 
FAIL: g77.f-torture/execute/19990419-1.f compilation,  -O0 
FAIL: g77.f-torture/execute/19990419-1.f compilation,  -O1 
FAIL: g77.f-torture/execute/19990419-1.f compilation,  -O2 
FAIL: g77.f-torture/execute/19990419-1.f compilation,  -O3 -fomit-frame-pointer 
FAIL: g77.f-torture/execute/19990419-1.f compilation,  -O3 -fomit-frame-pointer -funroll-loops 
FAIL: g77.f-torture/execute/19990419-1.f compilation,  -O3 -fomit-frame-pointer -funroll-all-loops -finline-functions 
FAIL: g77.f-torture/execute/19990419-1.f compilation,  -O3 -g 
FAIL: g77.f-torture/execute/19990419-1.f compilation,  -Os 
FAIL: g77.f-torture/execute/19990826-0.f compilation,  -O0 
FAIL: g77.f-torture/execute/19990826-0.f compilation,  -O1 
FAIL: g77.f-torture/execute/19990826-0.f compilation,  -O2 
FAIL: g77.f-torture/execute/19990826-0.f compilation,  -O3 -fomit-frame-pointer 
FAIL: g77.f-torture/execute/19990826-0.f compilation,  -O3 -g 
FAIL: g77.f-torture/execute/19990826-0.f compilation,  -Os 
FAIL: g77.f-torture/execute/19990826-2.f compilation,  -O0 
FAIL: g77.f-torture/execute/19990826-2.f compilation,  -O1 
FAIL: g77.f-torture/execute/19990826-2.f compilation,  -O2 
FAIL: g77.f-torture/execute/19990826-2.f compilation,  -O3 -fomit-frame-pointer 
FAIL: g77.f-torture/execute/19990826-2.f compilation,  -O3 -g 
FAIL: g77.f-torture/execute/19990826-2.f compilation,  -Os 
FAIL: g77.f-torture/execute/20000503-1.f compilation,  -O0 
FAIL: g77.f-torture/execute/20000503-1.f compilation,  -O1 
FAIL: g77.f-torture/execute/20000503-1.f compilation,  -O2 
FAIL: g77.f-torture/execute/20000503-1.f compilation,  -O3 -fomit-frame-pointer 
FAIL: g77.f-torture/execute/20000503-1.f compilation,  -O3 -fomit-frame-pointer -funroll-loops 
FAIL: g77.f-torture/execute/20000503-1.f compilation,  -O3 -fomit-frame-pointer -funroll-all-loops -finline-functions 
FAIL: g77.f-torture/execute/20000503-1.f compilation,  -O3 -g 
FAIL: g77.f-torture/execute/20000503-1.f compilation,  -Os 
FAIL: g77.f-torture/execute/20001111.f compilation,  -O0 
FAIL: g77.f-torture/execute/20001111.f compilation,  -O1 
FAIL: g77.f-torture/execute/20001111.f compilation,  -O2 
FAIL: g77.f-torture/execute/20001111.f compilation,  -O3 -fomit-frame-pointer 
FAIL: g77.f-torture/execute/20001111.f compilation,  -O3 -fomit-frame-pointer -funroll-loops 
FAIL: g77.f-torture/execute/20001111.f compilation,  -O3 -fomit-frame-pointer -funroll-all-loops -finline-functions 
FAIL: g77.f-torture/execute/20001111.f compilation,  -O3 -g 
FAIL: g77.f-torture/execute/20001111.f compilation,  -Os 
FAIL: g77.f-torture/execute/20001201.f compilation,  -O0 
FAIL: g77.f-torture/execute/20001201.f compilation,  -O1 
FAIL: g77.f-torture/execute/20001201.f compilation,  -O2 
FAIL: g77.f-torture/execute/20001201.f compilation,  -O3 -fomit-frame-pointer 
FAIL: g77.f-torture/execute/20001201.f compilation,  -O3 -g 
FAIL: g77.f-torture/execute/20001201.f compilation,  -Os 
FAIL: g77.f-torture/execute/20010116.f compilation,  -O0 
FAIL: g77.f-torture/execute/20010116.f compilation,  -O1 
FAIL: g77.f-torture/execute/20010116.f compilation,  -O2 
FAIL: g77.f-torture/execute/20010116.f compilation,  -O3 -fomit-frame-pointer 
FAIL: g77.f-torture/execute/20010116.f compilation,  -O3 -fomit-frame-pointer -funroll-loops 
FAIL: g77.f-torture/execute/20010116.f compilation,  -O3 -fomit-frame-pointer -funroll-all-loops -finline-functions 
FAIL: g77.f-torture/execute/20010116.f compilation,  -O3 -g 
FAIL: g77.f-torture/execute/20010116.f compilation,  -Os 
FAIL: g77.f-torture/execute/20010426.f compilation,  -O0 
FAIL: g77.f-torture/execute/20010426.f compilation,  -O1 
FAIL: g77.f-torture/execute/20010426.f compilation,  -O2 
FAIL: g77.f-torture/execute/20010426.f compilation,  -O3 -fomit-frame-pointer 
FAIL: g77.f-torture/execute/20010426.f compilation,  -O3 -g 
FAIL: g77.f-torture/execute/20010426.f compilation,  -Os 
FAIL: g77.f-torture/execute/20010430.f compilation,  -O0 
FAIL: g77.f-torture/execute/20010430.f compilation,  -O1 
FAIL: g77.f-torture/execute/20010430.f compilation,  -O2 
FAIL: g77.f-torture/execute/20010430.f compilation,  -O3 -fomit-frame-pointer 
FAIL: g77.f-torture/execute/20010430.f compilation,  -O3 -fomit-frame-pointer -funroll-loops 
FAIL: g77.f-torture/execute/20010430.f compilation,  -O3 -fomit-frame-pointer -funroll-all-loops -finline-functions 
FAIL: g77.f-torture/execute/20010430.f compilation,  -O3 -g 
FAIL: g77.f-torture/execute/20010430.f compilation,  -Os 
FAIL: g77.f-torture/execute/20010610.f compilation,  -O0 
FAIL: g77.f-torture/execute/20010610.f compilation,  -O1 
FAIL: g77.f-torture/execute/20010610.f compilation,  -O2 
FAIL: g77.f-torture/execute/20010610.f compilation,  -O3 -fomit-frame-pointer 
FAIL: g77.f-torture/execute/20010610.f compilation,  -O3 -fomit-frame-pointer -funroll-loops 
FAIL: g77.f-torture/execute/20010610.f compilation,  -O3 -fomit-frame-pointer -funroll-all-loops -finline-functions 
FAIL: g77.f-torture/execute/20010610.f compilation,  -O3 -g 
FAIL: g77.f-torture/execute/20010610.f compilation,  -Os 
FAIL: g77.f-torture/execute/5122.f compilation,  -O0 
FAIL: g77.f-torture/execute/5122.f compilation,  -O1 
FAIL: g77.f-torture/execute/5122.f compilation,  -O2 
FAIL: g77.f-torture/execute/5122.f compilation,  -O3 -fomit-frame-pointer 
FAIL: g77.f-torture/execute/5122.f compilation,  -O3 -g 
FAIL: g77.f-torture/execute/5122.f compilation,  -Os 
FAIL: g77.f-torture/execute/6177.f compilation,  -O0 
FAIL: g77.f-torture/execute/6177.f compilation,  -O1 
FAIL: g77.f-torture/execute/6177.f compilation,  -O2 
FAIL: g77.f-torture/execute/6177.f compilation,  -O3 -fomit-frame-pointer 
FAIL: g77.f-torture/execute/6177.f compilation,  -O3 -g 
FAIL: g77.f-torture/execute/6177.f compilation,  -Os 
FAIL: g77.f-torture/execute/6367.f compilation,  -O0 
FAIL: g77.f-torture/execute/6367.f compilation,  -O1 
FAIL: g77.f-torture/execute/6367.f compilation,  -O2 
FAIL: g77.f-torture/execute/6367.f compilation,  -O3 -fomit-frame-pointer 
FAIL: g77.f-torture/execute/6367.f compilation,  -O3 -fomit-frame-pointer -funroll-loops 
FAIL: g77.f-torture/execute/6367.f compilation,  -O3 -fomit-frame-pointer -funroll-all-loops -finline-functions 
FAIL: g77.f-torture/execute/6367.f compilation,  -O3 -g 
FAIL: g77.f-torture/execute/6367.f compilation,  -Os 
FAIL: g77.f-torture/execute/947.f compilation,  -O0 
FAIL: g77.f-torture/execute/947.f compilation,  -O1 
FAIL: g77.f-torture/execute/947.f compilation,  -O2 
FAIL: g77.f-torture/execute/947.f compilation,  -O3 -fomit-frame-pointer 
FAIL: g77.f-torture/execute/947.f compilation,  -O3 -g 
FAIL: g77.f-torture/execute/947.f compilation,  -Os 
FAIL: g77.f-torture/execute/970625-2.f compilation,  -O0 
FAIL: g77.f-torture/execute/970625-2.f compilation,  -O1 
FAIL: g77.f-torture/execute/970625-2.f compilation,  -O2 
FAIL: g77.f-torture/execute/970625-2.f compilation,  -O3 -fomit-frame-pointer 
FAIL: g77.f-torture/execute/970625-2.f compilation,  -O3 -fomit-frame-pointer -funroll-loops 
FAIL: g77.f-torture/execute/970625-2.f compilation,  -O3 -fomit-frame-pointer -funroll-all-loops -finline-functions 
FAIL: g77.f-torture/execute/970625-2.f compilation,  -O3 -g 
FAIL: g77.f-torture/execute/970625-2.f compilation,  -Os 
FAIL: g77.f-torture/execute/970816-3.f compilation,  -O0 
FAIL: g77.f-torture/execute/970816-3.f compilation,  -O1 
FAIL: g77.f-torture/execute/970816-3.f compilation,  -O2 
FAIL: g77.f-torture/execute/970816-3.f compilation,  -O3 -fomit-frame-pointer 
FAIL: g77.f-torture/execute/970816-3.f compilation,  -O3 -g 
FAIL: g77.f-torture/execute/970816-3.f compilation,  -Os 
FAIL: g77.f-torture/execute/971102-1.f compilation,  -O0 
FAIL: g77.f-torture/execute/971102-1.f compilation,  -O1 
FAIL: g77.f-torture/execute/971102-1.f compilation,  -O2 
FAIL: g77.f-torture/execute/971102-1.f compilation,  -O3 -fomit-frame-pointer 
FAIL: g77.f-torture/execute/971102-1.f compilation,  -O3 -fomit-frame-pointer -funroll-loops 
FAIL: g77.f-torture/execute/971102-1.f compilation,  -O3 -fomit-frame-pointer -funroll-all-loops -finline-functions 
FAIL: g77.f-torture/execute/971102-1.f compilation,  -O3 -g 
FAIL: g77.f-torture/execute/971102-1.f compilation,  -Os 
FAIL: g77.f-torture/execute/980520-1.f compilation,  -O0 
FAIL: g77.f-torture/execute/980520-1.f compilation,  -O1 
FAIL: g77.f-torture/execute/980520-1.f compilation,  -O2 
FAIL: g77.f-torture/execute/980520-1.f compilation,  -O3 -fomit-frame-pointer 
FAIL: g77.f-torture/execute/980520-1.f compilation,  -O3 -g 
FAIL: g77.f-torture/execute/980520-1.f compilation,  -Os 
FAIL: g77.f-torture/execute/980628-0.f compilation,  -O0 
FAIL: g77.f-torture/execute/980628-0.f compilation,  -O1 
FAIL: g77.f-torture/execute/980628-0.f compilation,  -O2 
FAIL: g77.f-torture/execute/980628-0.f compilation,  -O3 -fomit-frame-pointer 
FAIL: g77.f-torture/execute/980628-0.f compilation,  -O3 -g 
FAIL: g77.f-torture/execute/980628-0.f compilation,  -Os 
FAIL: g77.f-torture/execute/980628-1.f compilation,  -O0 
FAIL: g77.f-torture/execute/980628-1.f compilation,  -O1 
FAIL: g77.f-torture/execute/980628-1.f compilation,  -O2 
FAIL: g77.f-torture/execute/980628-1.f compilation,  -O3 -fomit-frame-pointer 
FAIL: g77.f-torture/execute/980628-1.f compilation,  -O3 -g 
FAIL: g77.f-torture/execute/980628-1.f compilation,  -Os 
FAIL: g77.f-torture/execute/980628-10.f compilation,  -O0 
FAIL: g77.f-torture/execute/980628-10.f compilation,  -O1 
FAIL: g77.f-torture/execute/980628-10.f compilation,  -O2 
FAIL: g77.f-torture/execute/980628-10.f compilation,  -O3 -fomit-frame-pointer 
FAIL: g77.f-torture/execute/980628-10.f compilation,  -O3 -g 
FAIL: g77.f-torture/execute/980628-10.f compilation,  -Os 
FAIL: g77.f-torture/execute/980628-2.f compilation,  -O0 
FAIL: g77.f-torture/execute/980628-2.f compilation,  -O1 
FAIL: g77.f-torture/execute/980628-2.f compilation,  -O2 
FAIL: g77.f-torture/execute/980628-2.f compilation,  -O3 -fomit-frame-pointer 
FAIL: g77.f-torture/execute/980628-2.f compilation,  -O3 -g 
FAIL: g77.f-torture/execute/980628-2.f compilation,  -Os 
FAIL: g77.f-torture/execute/980628-3.f compilation,  -O0 
FAIL: g77.f-torture/execute/980628-3.f compilation,  -O1 
FAIL: g77.f-torture/execute/980628-3.f compilation,  -O2 
FAIL: g77.f-torture/execute/980628-3.f compilation,  -O3 -fomit-frame-pointer 
FAIL: g77.f-torture/execute/980628-3.f compilation,  -O3 -g 
FAIL: g77.f-torture/execute/980628-3.f compilation,  -Os 
FAIL: g77.f-torture/execute/980628-4.f compilation,  -O0 
FAIL: g77.f-torture/execute/980628-4.f compilation,  -O1 
FAIL: g77.f-torture/execute/980628-4.f compilation,  -O2 
FAIL: g77.f-torture/execute/980628-4.f compilation,  -O3 -fomit-frame-pointer 
FAIL: g77.f-torture/execute/980628-4.f compilation,  -O3 -g 
FAIL: g77.f-torture/execute/980628-4.f compilation,  -Os 
FAIL: g77.f-torture/execute/980628-5.f compilation,  -O0 
FAIL: g77.f-torture/execute/980628-5.f compilation,  -O1 
FAIL: g77.f-torture/execute/980628-5.f compilation,  -O2 
FAIL: g77.f-torture/execute/980628-5.f compilation,  -O3 -fomit-frame-pointer 
FAIL: g77.f-torture/execute/980628-5.f compilation,  -O3 -g 
FAIL: g77.f-torture/execute/980628-5.f compilation,  -Os 
FAIL: g77.f-torture/execute/980628-6.f compilation,  -O0 
FAIL: g77.f-torture/execute/980628-6.f compilation,  -O1 
FAIL: g77.f-torture/execute/980628-6.f compilation,  -O2 
FAIL: g77.f-torture/execute/980628-6.f compilation,  -O3 -fomit-frame-pointer 
FAIL: g77.f-torture/execute/980628-6.f compilation,  -O3 -g 
FAIL: g77.f-torture/execute/980628-6.f compilation,  -Os 
FAIL: g77.f-torture/execute/980628-7.f compilation,  -O0 
FAIL: g77.f-torture/execute/980628-7.f compilation,  -O1 
FAIL: g77.f-torture/execute/980628-7.f compilation,  -O2 
FAIL: g77.f-torture/execute/980628-7.f compilation,  -O3 -fomit-frame-pointer 
FAIL: g77.f-torture/execute/980628-7.f compilation,  -O3 -g 
FAIL: g77.f-torture/execute/980628-7.f compilation,  -Os 
FAIL: g77.f-torture/execute/980628-8.f compilation,  -O0 
FAIL: g77.f-torture/execute/980628-8.f compilation,  -O1 
FAIL: g77.f-torture/execute/980628-8.f compilation,  -O2 
FAIL: g77.f-torture/execute/980628-8.f compilation,  -O3 -fomit-frame-pointer 
FAIL: g77.f-torture/execute/980628-8.f compilation,  -O3 -g 
FAIL: g77.f-torture/execute/980628-8.f compilation,  -Os 
FAIL: g77.f-torture/execute/980628-9.f compilation,  -O0 
FAIL: g77.f-torture/execute/980628-9.f compilation,  -O1 
FAIL: g77.f-torture/execute/980628-9.f compilation,  -O2 
FAIL: g77.f-torture/execute/980628-9.f compilation,  -O3 -fomit-frame-pointer 
FAIL: g77.f-torture/execute/980628-9.f compilation,  -O3 -g 
FAIL: g77.f-torture/execute/980628-9.f compilation,  -Os 
FAIL: g77.f-torture/execute/980701-0.f compilation,  -O0 
FAIL: g77.f-torture/execute/980701-0.f compilation,  -O1 
FAIL: g77.f-torture/execute/980701-0.f compilation,  -O2 
FAIL: g77.f-torture/execute/980701-0.f compilation,  -O3 -fomit-frame-pointer 
FAIL: g77.f-torture/execute/980701-0.f compilation,  -O3 -g 
FAIL: g77.f-torture/execute/980701-0.f compilation,  -Os 
FAIL: g77.f-torture/execute/980701-1.f compilation,  -O0 
FAIL: g77.f-torture/execute/980701-1.f compilation,  -O1 
FAIL: g77.f-torture/execute/980701-1.f compilation,  -O2 
FAIL: g77.f-torture/execute/980701-1.f compilation,  -O3 -fomit-frame-pointer 
FAIL: g77.f-torture/execute/980701-1.f compilation,  -O3 -g 
FAIL: g77.f-torture/execute/980701-1.f compilation,  -Os 
FAIL: g77.f-torture/execute/alpha2.f compilation,  -O0 
FAIL: g77.f-torture/execute/alpha2.f compilation,  -O1 
FAIL: g77.f-torture/execute/alpha2.f compilation,  -O2 
FAIL: g77.f-torture/execute/alpha2.f compilation,  -O3 -fomit-frame-pointer 
FAIL: g77.f-torture/execute/alpha2.f compilation,  -O3 -g 
FAIL: g77.f-torture/execute/alpha2.f compilation,  -Os 
FAIL: g77.f-torture/execute/auto0.f compilation,  -O0 
FAIL: g77.f-torture/execute/auto0.f compilation,  -O1 
FAIL: g77.f-torture/execute/auto0.f compilation,  -O2 
FAIL: g77.f-torture/execute/auto0.f compilation,  -O3 -fomit-frame-pointer 
FAIL: g77.f-torture/execute/auto0.f compilation,  -O3 -fomit-frame-pointer -funroll-loops 
FAIL: g77.f-torture/execute/auto0.f compilation,  -O3 -fomit-frame-pointer -funroll-all-loops -finline-functions 
FAIL: g77.f-torture/execute/auto0.f compilation,  -O3 -g 
FAIL: g77.f-torture/execute/auto0.f compilation,  -Os 
FAIL: g77.f-torture/execute/auto1.f compilation,  -O0 
FAIL: g77.f-torture/execute/auto1.f compilation,  -O1 
FAIL: g77.f-torture/execute/auto1.f compilation,  -O2 
FAIL: g77.f-torture/execute/auto1.f compilation,  -O3 -fomit-frame-pointer 
FAIL: g77.f-torture/execute/auto1.f compilation,  -O3 -fomit-frame-pointer -funroll-loops 
FAIL: g77.f-torture/execute/auto1.f compilation,  -O3 -fomit-frame-pointer -funroll-all-loops -finline-functions 
FAIL: g77.f-torture/execute/auto1.f compilation,  -O3 -g 
FAIL: g77.f-torture/execute/auto1.f compilation,  -Os 
FAIL: g77.f-torture/execute/cabs.f compilation,  -O0 
FAIL: g77.f-torture/execute/cabs.f compilation,  -O1 
FAIL: g77.f-torture/execute/cabs.f compilation,  -O2 
FAIL: g77.f-torture/execute/cabs.f compilation,  -O3 -fomit-frame-pointer 
FAIL: g77.f-torture/execute/cabs.f compilation,  -O3 -g 
FAIL: g77.f-torture/execute/cabs.f compilation,  -Os 
FAIL: g77.f-torture/execute/claus.f compilation,  -O0 
FAIL: g77.f-torture/execute/claus.f compilation,  -O1 
FAIL: g77.f-torture/execute/claus.f compilation,  -O2 
FAIL: g77.f-torture/execute/claus.f compilation,  -O3 -fomit-frame-pointer 
FAIL: g77.f-torture/execute/claus.f compilation,  -O3 -fomit-frame-pointer -funroll-loops 
FAIL: g77.f-torture/execute/claus.f compilation,  -O3 -fomit-frame-pointer -funroll-all-loops -finline-functions 
FAIL: g77.f-torture/execute/claus.f compilation,  -O3 -g 
FAIL: g77.f-torture/execute/claus.f compilation,  -Os 
FAIL: g77.f-torture/execute/complex_1.f compilation,  -O0 
FAIL: g77.f-torture/execute/complex_1.f compilation,  -O1 
FAIL: g77.f-torture/execute/complex_1.f compilation,  -O2 
FAIL: g77.f-torture/execute/complex_1.f compilation,  -O3 -fomit-frame-pointer 
FAIL: g77.f-torture/execute/complex_1.f compilation,  -O3 -g 
FAIL: g77.f-torture/execute/complex_1.f compilation,  -Os 
FAIL: g77.f-torture/execute/dcomplex.f compilation,  -O0 
FAIL: g77.f-torture/execute/dcomplex.f compilation,  -O1 
FAIL: g77.f-torture/execute/dcomplex.f compilation,  -O2 
FAIL: g77.f-torture/execute/dcomplex.f compilation,  -O3 -fomit-frame-pointer 
FAIL: g77.f-torture/execute/dcomplex.f compilation,  -O3 -g 
FAIL: g77.f-torture/execute/dcomplex.f compilation,  -Os 
FAIL: g77.f-torture/execute/dnrm2.f compilation,  -O0 
FAIL: g77.f-torture/execute/dnrm2.f compilation,  -O1 
FAIL: g77.f-torture/execute/dnrm2.f compilation,  -O2 
FAIL: g77.f-torture/execute/dnrm2.f compilation,  -O3 -fomit-frame-pointer 
FAIL: g77.f-torture/execute/dnrm2.f compilation,  -O3 -fomit-frame-pointer -funroll-loops 
FAIL: g77.f-torture/execute/dnrm2.f compilation,  -O3 -fomit-frame-pointer -funroll-all-loops -finline-functions 
FAIL: g77.f-torture/execute/dnrm2.f compilation,  -O3 -g 
FAIL: g77.f-torture/execute/dnrm2.f compilation,  -Os 
FAIL: g77.f-torture/execute/erfc.f compilation,  -O0 
FAIL: g77.f-torture/execute/erfc.f compilation,  -O1 
FAIL: g77.f-torture/execute/erfc.f compilation,  -O2 
FAIL: g77.f-torture/execute/erfc.f compilation,  -O3 -fomit-frame-pointer 
FAIL: g77.f-torture/execute/erfc.f compilation,  -O3 -g 
FAIL: g77.f-torture/execute/erfc.f compilation,  -Os 
FAIL: g77.f-torture/execute/exp.f compilation,  -O0 
FAIL: g77.f-torture/execute/exp.f compilation,  -O1 
FAIL: g77.f-torture/execute/exp.f compilation,  -O2 
FAIL: g77.f-torture/execute/exp.f compilation,  -O3 -fomit-frame-pointer 
FAIL: g77.f-torture/execute/exp.f compilation,  -O3 -g 
FAIL: g77.f-torture/execute/exp.f compilation,  -Os 
FAIL: g77.f-torture/execute/f90-intrinsic-bit.f compilation,  -O0 
FAIL: g77.f-torture/execute/f90-intrinsic-bit.f compilation,  -O1 
FAIL: g77.f-torture/execute/f90-intrinsic-bit.f compilation,  -O2 
FAIL: g77.f-torture/execute/f90-intrinsic-bit.f compilation,  -O3 -fomit-frame-pointer 
FAIL: g77.f-torture/execute/f90-intrinsic-bit.f compilation,  -O3 -fomit-frame-pointer -funroll-loops 
FAIL: g77.f-torture/execute/f90-intrinsic-bit.f compilation,  -O3 -fomit-frame-pointer -funroll-all-loops -finline-functions 
FAIL: g77.f-torture/execute/f90-intrinsic-bit.f compilation,  -O3 -g 
FAIL: g77.f-torture/execute/f90-intrinsic-bit.f compilation,  -Os 
FAIL: g77.f-torture/execute/f90-intrinsic-mathematical.f compilation,  -O0 
FAIL: g77.f-torture/execute/f90-intrinsic-mathematical.f compilation,  -O1 
FAIL: g77.f-torture/execute/f90-intrinsic-mathematical.f compilation,  -O2 
FAIL: g77.f-torture/execute/f90-intrinsic-mathematical.f compilation,  -O3 -fomit-frame-pointer 
FAIL: g77.f-torture/execute/f90-intrinsic-mathematical.f compilation,  -O3 -g 
FAIL: g77.f-torture/execute/f90-intrinsic-mathematical.f compilation,  -Os 
FAIL: g77.f-torture/execute/f90-intrinsic-numeric.f compilation,  -O0 
FAIL: g77.f-torture/execute/f90-intrinsic-numeric.f compilation,  -O1 
FAIL: g77.f-torture/execute/f90-intrinsic-numeric.f compilation,  -O2 
FAIL: g77.f-torture/execute/f90-intrinsic-numeric.f compilation,  -O3 -fomit-frame-pointer 
FAIL: g77.f-torture/execute/f90-intrinsic-numeric.f compilation,  -O3 -g 
FAIL: g77.f-torture/execute/f90-intrinsic-numeric.f compilation,  -Os 
FAIL: g77.f-torture/execute/intrinsic-f2c-z.f compilation,  -O0 
FAIL: g77.f-torture/execute/intrinsic-f2c-z.f compilation,  -O1 
FAIL: g77.f-torture/execute/intrinsic-f2c-z.f compilation,  -O2 
FAIL: g77.f-torture/execute/intrinsic-f2c-z.f compilation,  -O3 -fomit-frame-pointer 
FAIL: g77.f-torture/execute/intrinsic-f2c-z.f compilation,  -O3 -g 
FAIL: g77.f-torture/execute/intrinsic-f2c-z.f compilation,  -Os 
FAIL: g77.f-torture/execute/intrinsic-unix-bessel.f compilation,  -O0 
FAIL: g77.f-torture/execute/intrinsic-unix-bessel.f compilation,  -O1 
FAIL: g77.f-torture/execute/intrinsic-unix-bessel.f compilation,  -O2 
FAIL: g77.f-torture/execute/intrinsic-unix-bessel.f compilation,  -O3 -fomit-frame-pointer 
FAIL: g77.f-torture/execute/intrinsic-unix-bessel.f compilation,  -O3 -g 
FAIL: g77.f-torture/execute/intrinsic-unix-bessel.f compilation,  -Os 
FAIL: g77.f-torture/execute/intrinsic-unix-erf.f compilation,  -O0 
FAIL: g77.f-torture/execute/intrinsic-unix-erf.f compilation,  -O1 
FAIL: g77.f-torture/execute/intrinsic-unix-erf.f compilation,  -O2 
FAIL: g77.f-torture/execute/intrinsic-unix-erf.f compilation,  -O3 -fomit-frame-pointer 
FAIL: g77.f-torture/execute/intrinsic-unix-erf.f compilation,  -O3 -g 
FAIL: g77.f-torture/execute/intrinsic-unix-erf.f compilation,  -Os 
FAIL: g77.f-torture/execute/intrinsic-vax-cd.f compilation,  -O0 
FAIL: g77.f-torture/execute/intrinsic-vax-cd.f compilation,  -O1 
FAIL: g77.f-torture/execute/intrinsic-vax-cd.f compilation,  -O2 
FAIL: g77.f-torture/execute/intrinsic-vax-cd.f compilation,  -O3 -fomit-frame-pointer 
FAIL: g77.f-torture/execute/intrinsic-vax-cd.f compilation,  -O3 -g 
FAIL: g77.f-torture/execute/intrinsic-vax-cd.f compilation,  -Os 
FAIL: g77.f-torture/execute/intrinsic77.f compilation,  -O0 
FAIL: g77.f-torture/execute/intrinsic77.f compilation,  -O1 
FAIL: g77.f-torture/execute/intrinsic77.f compilation,  -O2 
FAIL: g77.f-torture/execute/intrinsic77.f compilation,  -O3 -fomit-frame-pointer 
FAIL: g77.f-torture/execute/intrinsic77.f compilation,  -O3 -g 
FAIL: g77.f-torture/execute/intrinsic77.f compilation,  -Os 
FAIL: g77.f-torture/execute/io0.f compilation,  -O0 
FAIL: g77.f-torture/execute/io0.f compilation,  -O1 
FAIL: g77.f-torture/execute/io0.f compilation,  -O2 
FAIL: g77.f-torture/execute/io0.f compilation,  -O3 -fomit-frame-pointer 
FAIL: g77.f-torture/execute/io0.f compilation,  -O3 -g 
FAIL: g77.f-torture/execute/io0.f compilation,  -Os 
FAIL: g77.f-torture/execute/io1.f compilation,  -O0 
FAIL: g77.f-torture/execute/io1.f compilation,  -O1 
FAIL: g77.f-torture/execute/io1.f compilation,  -O2 
FAIL: g77.f-torture/execute/io1.f compilation,  -O3 -fomit-frame-pointer 
FAIL: g77.f-torture/execute/io1.f compilation,  -O3 -g 
FAIL: g77.f-torture/execute/io1.f compilation,  -Os 
FAIL: g77.f-torture/execute/labug1.f compilation,  -O0 
FAIL: g77.f-torture/execute/labug1.f compilation,  -O1 
FAIL: g77.f-torture/execute/labug1.f compilation,  -O2 
FAIL: g77.f-torture/execute/labug1.f compilation,  -O3 -fomit-frame-pointer 
FAIL: g77.f-torture/execute/labug1.f compilation,  -O3 -fomit-frame-pointer -funroll-loops 
FAIL: g77.f-torture/execute/labug1.f compilation,  -O3 -fomit-frame-pointer -funroll-all-loops -finline-functions 
FAIL: g77.f-torture/execute/labug1.f compilation,  -O3 -g 
FAIL: g77.f-torture/execute/labug1.f compilation,  -Os 
FAIL: g77.f-torture/execute/large_vec.f compilation,  -O0 
FAIL: g77.f-torture/execute/large_vec.f compilation,  -O1 
FAIL: g77.f-torture/execute/large_vec.f compilation,  -O2 
FAIL: g77.f-torture/execute/large_vec.f compilation,  -O3 -fomit-frame-pointer 
FAIL: g77.f-torture/execute/large_vec.f compilation,  -O3 -g 
FAIL: g77.f-torture/execute/large_vec.f compilation,  -Os 
FAIL: g77.f-torture/execute/le.f compilation,  -O0 
FAIL: g77.f-torture/execute/le.f compilation,  -O1 
FAIL: g77.f-torture/execute/le.f compilation,  -O2 
FAIL: g77.f-torture/execute/le.f compilation,  -O3 -fomit-frame-pointer 
FAIL: g77.f-torture/execute/le.f compilation,  -O3 -g 
FAIL: g77.f-torture/execute/le.f compilation,  -Os 
FAIL: g77.f-torture/execute/short.f compilation,  -O0 
FAIL: g77.f-torture/execute/short.f compilation,  -O1 
FAIL: g77.f-torture/execute/short.f compilation,  -O2 
FAIL: g77.f-torture/execute/short.f compilation,  -O3 -fomit-frame-pointer 
FAIL: g77.f-torture/execute/short.f compilation,  -O3 -fomit-frame-pointer -funroll-loops 
FAIL: g77.f-torture/execute/short.f compilation,  -O3 -fomit-frame-pointer -funroll-all-loops -finline-functions 
FAIL: g77.f-torture/execute/short.f compilation,  -O3 -g 
FAIL: g77.f-torture/execute/short.f compilation,  -Os 
FAIL: g77.f-torture/execute/u77-test.f compilation,  -O0 
FAIL: g77.f-torture/execute/u77-test.f compilation,  -O1 
FAIL: g77.f-torture/execute/u77-test.f compilation,  -O2 
FAIL: g77.f-torture/execute/u77-test.f compilation,  -O3 -fomit-frame-pointer 
FAIL: g77.f-torture/execute/u77-test.f compilation,  -O3 -fomit-frame-pointer -funroll-loops 
FAIL: g77.f-torture/execute/u77-test.f compilation,  -O3 -fomit-frame-pointer -funroll-all-loops -finline-functions 
FAIL: g77.f-torture/execute/u77-test.f compilation,  -O3 -g 
FAIL: g77.f-torture/execute/u77-test.f compilation,  -Os 
FAIL: g77.f-torture/execute/cpp.F compilation,  -O0 
FAIL: g77.f-torture/execute/cpp.F compilation,  -O1 
FAIL: g77.f-torture/execute/cpp.F compilation,  -O2 
FAIL: g77.f-torture/execute/cpp.F compilation,  -O3 -fomit-frame-pointer 
FAIL: g77.f-torture/execute/cpp.F compilation,  -O3 -g 
FAIL: g77.f-torture/execute/cpp.F compilation,  -Os 
FAIL: g77.f-torture/execute/cpp2.F compilation,  -O0 
FAIL: g77.f-torture/execute/cpp2.F compilation,  -O1 
FAIL: g77.f-torture/execute/cpp2.F compilation,  -O2 
FAIL: g77.f-torture/execute/cpp2.F compilation,  -O3 -fomit-frame-pointer 
FAIL: g77.f-torture/execute/cpp2.F compilation,  -O3 -g 
FAIL: g77.f-torture/execute/cpp2.F compilation,  -Os 

		=== g77 Summary ===

# of expected passes		403
# of unexpected failures	599
# of unresolved testcases	21
# of untested testcases		424
# of unsupported tests		8
/local0/scratch/ljrittle/gcc-build-ref5-1224/gcc/testsuite/../g77 version 3.4 20021224 (experimental)

		=== gcc tests ===


Running target unix/-pthread
WARNING: program timed out.
FAIL: gcc.c-torture/compile/20001226-1.c,  -O3 -g  
FAIL: gcc.c-torture/execute/builtin-constant.c execution,  -O1 
FAIL: gcc.c-torture/execute/builtin-constant.c execution,  -O2 
FAIL: gcc.c-torture/execute/builtin-constant.c execution,  -O3 -fomit-frame-pointer 
FAIL: gcc.c-torture/execute/builtin-constant.c execution,  -O3 -g 
FAIL: gcc.c-torture/execute/builtin-constant.c execution,  -Os 
FAIL: gcc.c-torture/execute/conversion.c execution,  -O0 
FAIL: gcc.c-torture/execute/conversion.c execution,  -O1 
FAIL: gcc.c-torture/execute/conversion.c execution,  -O2 
FAIL: gcc.c-torture/execute/conversion.c execution,  -Os 
FAIL: gcc.dg/cpp/Wunused.c (test for excess errors)
FAIL: gcc.dg/cpp/trad/Wunused.c (test for excess errors)
FAIL: gcc.dg/duff-2.c (test for excess errors)
FAIL: gcc.dg/nest.c (test for excess errors)
WARNING: gcc.dg/nest.c compilation failed to produce executable

		=== gcc Summary ===

# of expected passes		20790
# of unexpected failures	14
# of expected failures		64
# of unsupported tests		77
/local0/scratch/ljrittle/gcc-build-ref5-1224/gcc/xgcc version 3.4 20021224 (experimental)

		=== objc tests ===


Running target unix/-pthread

		=== objc Summary ===

# of expected passes		1153
/local0/scratch/ljrittle/gcc-build-ref5-1224/gcc/xgcc version 3.4 20021224 (experimental)


Compiler version: 3.4 20021224 (experimental) 
Platform: i386-unknown-freebsd5.0
configure flags: --host=i386-unknown-freebsd5.0 --prefix=/home/ljrittle/tmp-ref5/install-ref5 --with-gnu-as --with-as=/usr/bin/as --with-gnu-ld --with-ld=/usr/bin/ld
BOOT_CFLAGS=-g -O2
Key: gmake is GNU make
     make is BSD make as shipped on i386-unknown-freebsd5.0
     srcdir means in-source configuration was done within the gcc source tree
     objdir means out-source configuration was done within a fresh directory
ref4 (3.1) and ref5 (mainline) attempt to build gcc twice daily;
once for srcdir configuration and once for objdir configuration;
odd number days use GNU make; even days use BSD make; missing
reports infer breakage; partial reports are made when bootstap
completes in gcc but fails in a support library.
beast (3.1) builds gcc once daily using gmake with objdir conf.
See http://people.freebsd.org/~ljrittle/daily-gcc-bootstrap-reports
for all related transcript logs and log.sent files (not staged
until after all daily bootstraps for a machine complete).


Index Nav: [Date Index] [Subject Index] [Author Index] [Thread Index]
Message Nav: [Date Prev] [Date Next] [Thread Prev] [Thread Next]