This is the mail archive of the gcc-testresults@gcc.gnu.org mailing list for the GCC project.


Index Nav: [Date Index] [Subject Index] [Author Index] [Thread Index]
Message Nav: [Date Prev] [Date Next] [Thread Prev] [Thread Next]
Other format: [Raw text]

Results for 3.420021222(experimental) testsuite on mips-unknown-elf


The configure/build/test log and libstdc++-v3 regression plots can be
found at http://www.devphil.com/build/

Host was specified as athlon_mp-pc-linux-gnu.

This particular run used a unified gcc+binutils tree.

- The Autocrasher (Phil's Builder Bot, version 1.1)



LAST_UPDATED: Sun Dec 22 08:33:26 UTC 2002

Target is mips-unknown-elf
Host   is i686-pc-linux-gnu

		=== g++ tests ===


Running target mips-sim
FAIL: g++.dg/bprob/g++-bprob-1.C compilation,  -g  -fbranch-probabilities
UNRESOLVED: g++.dg/bprob/g++-bprob-1.C execution,    -g  -fbranch-probabilities
FAIL: g++.dg/bprob/g++-bprob-1.C compilation,  -O0  -fbranch-probabilities
UNRESOLVED: g++.dg/bprob/g++-bprob-1.C execution,    -O0  -fbranch-probabilities
FAIL: g++.dg/bprob/g++-bprob-1.C compilation,  -O1  -fbranch-probabilities
UNRESOLVED: g++.dg/bprob/g++-bprob-1.C execution,    -O1  -fbranch-probabilities
FAIL: g++.dg/bprob/g++-bprob-1.C compilation,  -O2  -fbranch-probabilities
UNRESOLVED: g++.dg/bprob/g++-bprob-1.C execution,    -O2  -fbranch-probabilities
FAIL: g++.dg/bprob/g++-bprob-1.C compilation,  -O3  -fbranch-probabilities
UNRESOLVED: g++.dg/bprob/g++-bprob-1.C execution,    -O3  -fbranch-probabilities
FAIL: g++.dg/bprob/g++-bprob-1.C compilation,  -O3 -g  -fbranch-probabilities
UNRESOLVED: g++.dg/bprob/g++-bprob-1.C execution,    -O3 -g  -fbranch-probabilities
FAIL: g++.dg/bprob/g++-bprob-1.C compilation,  -Os  -fbranch-probabilities
UNRESOLVED: g++.dg/bprob/g++-bprob-1.C execution,    -Os  -fbranch-probabilities
FAIL: g++.dg/compat/abi/bitfield1 x_tst.o-y_tst.o link
UNRESOLVED: g++.dg/compat/abi/bitfield1 x_tst.o-y_tst.o execute 
FAIL: g++.dg/compat/abi/bitfield2 x_tst.o-y_tst.o link
UNRESOLVED: g++.dg/compat/abi/bitfield2 x_tst.o-y_tst.o execute 
FAIL: g++.dg/compat/abi/vbase8-10 x_tst.o-y_tst.o link
UNRESOLVED: g++.dg/compat/abi/vbase8-10 x_tst.o-y_tst.o execute 
FAIL: g++.dg/compat/abi/vbase8-21 x_tst.o-y_tst.o link
UNRESOLVED: g++.dg/compat/abi/vbase8-21 x_tst.o-y_tst.o execute 
FAIL: g++.dg/compat/abi/vbase8-22 x_tst.o-y_tst.o link
UNRESOLVED: g++.dg/compat/abi/vbase8-22 x_tst.o-y_tst.o execute 
FAIL: g++.dg/compat/abi/vbase8-4 x_tst.o-y_tst.o link
UNRESOLVED: g++.dg/compat/abi/vbase8-4 x_tst.o-y_tst.o execute 
FAIL: g++.dg/compat/break/bitfield5 x_tst.o-y_tst.o link
UNRESOLVED: g++.dg/compat/break/bitfield5 x_tst.o-y_tst.o execute 
FAIL: g++.dg/compat/break/bitfield7 y_tst.o compile
UNRESOLVED: g++.dg/compat/break/bitfield7 x_tst.o-y_tst.o link 
UNRESOLVED: g++.dg/compat/break/bitfield7 x_tst.o-y_tst.o execute 
FAIL: g++.dg/compat/break/empty6 x_tst.o-y_tst.o link
UNRESOLVED: g++.dg/compat/break/empty6 x_tst.o-y_tst.o execute 
FAIL: g++.dg/compat/break/vbase10 x_tst.o-y_tst.o link
UNRESOLVED: g++.dg/compat/break/vbase10 x_tst.o-y_tst.o execute 
FAIL: g++.dg/compat/break/vbase11 x_tst.o-y_tst.o link
UNRESOLVED: g++.dg/compat/break/vbase11 x_tst.o-y_tst.o execute 
FAIL: g++.dg/compat/eh/dtor1 x_tst.o-y_tst.o link
UNRESOLVED: g++.dg/compat/eh/dtor1 x_tst.o-y_tst.o execute 
FAIL: g++.dg/compat/init/init-ref2 x_tst.o-y_tst.o link
UNRESOLVED: g++.dg/compat/init/init-ref2 x_tst.o-y_tst.o execute 
FAIL: g++.dg/abi/bitfield4.C (test for excess errors)
WARNING: g++.dg/abi/bitfield4.C compilation failed to produce executable
FAIL: g++.dg/abi/empty11.C (test for excess errors)
WARNING: g++.dg/abi/empty11.C compilation failed to produce executable
FAIL: g++.dg/abi/empty4.C (test for excess errors)
WARNING: g++.dg/abi/empty4.C compilation failed to produce executable
FAIL: g++.dg/abi/layout1.C (test for excess errors)
WARNING: g++.dg/abi/layout1.C compilation failed to produce executable
FAIL: g++.dg/abi/layout2.C (test for excess errors)
WARNING: g++.dg/abi/layout2.C compilation failed to produce executable
FAIL: g++.dg/abi/mangle17.C (test for excess errors)
FAIL: g++.dg/abi/mangle2.C (test for excess errors)
WARNING: g++.dg/abi/mangle2.C compilation failed to produce executable
FAIL: g++.dg/abi/rtti2.C (test for excess errors)
WARNING: g++.dg/abi/rtti2.C compilation failed to produce executable
FAIL: g++.dg/abi/vbase12.C (test for excess errors)
WARNING: g++.dg/abi/vbase12.C compilation failed to produce executable
FAIL: g++.dg/abi/vbase13.C (test for excess errors)
WARNING: g++.dg/abi/vbase13.C compilation failed to produce executable
FAIL: g++.dg/abi/vbase8-10.C (test for excess errors)
WARNING: g++.dg/abi/vbase8-10.C compilation failed to produce executable
FAIL: g++.dg/abi/vbase8-21.C (test for excess errors)
WARNING: g++.dg/abi/vbase8-21.C compilation failed to produce executable
FAIL: g++.dg/abi/vbase8-22.C (test for excess errors)
WARNING: g++.dg/abi/vbase8-22.C compilation failed to produce executable
FAIL: g++.dg/abi/vbase8-4.C (test for excess errors)
WARNING: g++.dg/abi/vbase8-4.C compilation failed to produce executable
FAIL: g++.dg/abi/vthunk1.C (test for excess errors)
FAIL: g++.dg/eh/dtor1.C (test for excess errors)
WARNING: g++.dg/eh/dtor1.C compilation failed to produce executable
FAIL: g++.dg/eh/loop1.C (test for excess errors)
WARNING: g++.dg/eh/loop1.C compilation failed to produce executable
FAIL: g++.dg/eh/omit-frame-pointer.C (test for excess errors)
WARNING: g++.dg/eh/omit-frame-pointer.C compilation failed to produce executable
FAIL: g++.dg/ext/alignof1.C (test for excess errors)
WARNING: g++.dg/ext/alignof1.C compilation failed to produce executable
FAIL: g++.dg/inherit/covariant1.C (test for excess errors)
WARNING: g++.dg/inherit/covariant1.C compilation failed to produce executable
FAIL: g++.dg/inherit/covariant2.C (test for excess errors)
WARNING: g++.dg/inherit/covariant2.C compilation failed to produce executable
FAIL: g++.dg/inherit/covariant3.C (test for excess errors)
WARNING: g++.dg/inherit/covariant3.C compilation failed to produce executable
FAIL: g++.dg/inherit/operator1.C (test for excess errors)
WARNING: g++.dg/inherit/operator1.C compilation failed to produce executable
FAIL: g++.dg/inherit/using1.C (test for excess errors)
FAIL: g++.dg/init/copy3.C (test for excess errors)
WARNING: g++.dg/init/copy3.C compilation failed to produce executable
FAIL: g++.dg/init/elide1.C (test for excess errors)
WARNING: g++.dg/init/elide1.C compilation failed to produce executable
FAIL: g++.dg/init/elide2.C (test for excess errors)
WARNING: g++.dg/init/elide2.C compilation failed to produce executable
FAIL: g++.dg/init/elide3.C (test for excess errors)
WARNING: g++.dg/init/elide3.C compilation failed to produce executable
FAIL: g++.dg/init/empty1.C (test for excess errors)
WARNING: g++.dg/init/empty1.C compilation failed to produce executable
FAIL: g++.dg/init/pm1.C (test for excess errors)
WARNING: g++.dg/init/pm1.C compilation failed to produce executable
FAIL: g++.dg/opt/inline2.C (test for excess errors)
FAIL: g++.dg/opt/longbranch1.C (test for excess errors)
FAIL: g++.dg/opt/nrv1.C (test for excess errors)
WARNING: g++.dg/opt/nrv1.C compilation failed to produce executable
FAIL: g++.dg/opt/nrv5.C (test for excess errors)
WARNING: g++.dg/opt/nrv5.C compilation failed to produce executable
FAIL: g++.dg/opt/pr6713.C (test for excess errors)
WARNING: g++.dg/opt/pr6713.C compilation failed to produce executable
FAIL: g++.dg/opt/thunk1.C (test for excess errors)
WARNING: g++.dg/opt/thunk1.C compilation failed to produce executable
FAIL: g++.dg/other/copy1.C (test for excess errors)
WARNING: g++.dg/other/copy1.C compilation failed to produce executable
FAIL: g++.dg/other/copy2.C (test for excess errors)
WARNING: g++.dg/other/copy2.C compilation failed to produce executable
FAIL: g++.dg/other/ptrmem1.C (test for excess errors)
WARNING: g++.dg/other/ptrmem1.C compilation failed to produce executable
FAIL: g++.dg/overload/member2.C (test for excess errors)
WARNING: g++.dg/overload/member2.C compilation failed to produce executable
FAIL: g++.dg/rtti/cv1.C (test for excess errors)
WARNING: g++.dg/rtti/cv1.C compilation failed to produce executable
FAIL: g++.dg/template/conv2.C (test for excess errors)
WARNING: g++.dg/template/conv2.C compilation failed to produce executable
FAIL: g++.dg/template/conv3.C (test for excess errors)
WARNING: g++.dg/template/conv3.C compilation failed to produce executable
FAIL: g++.dg/template/ctor2.C (test for excess errors)
WARNING: g++.dg/template/ctor2.C compilation failed to produce executable
FAIL: g++.dg/template/deduce1.C (test for excess errors)
WARNING: g++.dg/template/deduce1.C compilation failed to produce executable
FAIL: g++.dg/template/friend.C (test for excess errors)
FAIL: g++.dg/template/partial1.C (test for excess errors)
WARNING: g++.dg/template/partial1.C compilation failed to produce executable
FAIL: g++.dg/template/pretty1.C (test for excess errors)
WARNING: g++.dg/template/pretty1.C compilation failed to produce executable
FAIL: g++.dg/template/qualttp12.C (test for excess errors)
FAIL: g++.dg/template/qualttp16.C (test for excess errors)
WARNING: g++.dg/template/qualttp16.C compilation failed to produce executable
FAIL: g++.dg/template/union1.C (test for excess errors)
WARNING: g++.dg/template/union1.C compilation failed to produce executable
FAIL: g++.dg/template/vtable1.C (test for excess errors)
WARNING: g++.dg/template/vtable1.C compilation failed to produce executable
FAIL: g++.dg/warn/Wunused-2.C  (test for warnings, line 5)
FAIL: conpr-1.C
FAIL: g++.dg/special/conpr-2.C (test for excess errors)
WARNING: g++.dg/special/conpr-2.C compilation failed to produce executable
FAIL: g++.dg/special/conpr-3.C (test for excess errors)
WARNING: g++.dg/special/conpr-3.C compilation failed to produce executable
FAIL: g++.dg/special/conpr-3.C (test for excess errors)
WARNING: g++.dg/special/conpr-3.C compilation failed to produce executable
FAIL: initp1.C
FAIL: g++.benjamin/15071.C (test for excess errors)
FAIL: g++.benjamin/bool01.C (test for excess errors)
FAIL: g++.benjamin/p12475.C (test for excess errors)
FAIL: g++.brendan/copy9.C (test for excess errors)
FAIL: g++.brendan/nest21.C (test for excess errors)
FAIL: g++.brendan/ptolemy2.C (test for excess errors)
FAIL: g++.jason/2371.C (test for excess errors)
FAIL: g++.jason/rfg10.C (test for excess errors)
FAIL: g++.jason/template24.C (test for excess errors)
FAIL: g++.jason/template31.C (test for excess errors)
FAIL: g++.jason/typeid1.C (test for excess errors)
FAIL: g++.law/arg8.C (test for excess errors)
FAIL: g++.law/code-gen5.C (test for excess errors)
FAIL: g++.law/ctors12.C (test for excess errors)
FAIL: g++.law/cvt2.C (test for excess errors)
FAIL: g++.law/virtual3.C (test for excess errors)
FAIL: g++.mike/eh2.C (test for excess errors)
FAIL: g++.mike/net34.C (test for excess errors)
FAIL: g++.mike/net46.C (test for excess errors)
FAIL: g++.mike/p658.C (test for excess errors)
FAIL: g++.other/headers1.C (test for excess errors)
FAIL: g++.other/inline7.C (test for excess errors)
FAIL: g++.other/inline8.C (test for excess errors)
FAIL: g++.other/sibcall1.C (test for excess errors)
FAIL: g++.other/unchanging1.C (test for excess errors)
FAIL: g++.pt/ttp19.C (test for excess errors)
FAIL: g++.pt/ttp40.C (test for excess errors)
FAIL: g++.robertl/eb115.C (test for excess errors)
FAIL: g++.robertl/eb118.C (test for excess errors)
FAIL: g++.robertl/eb21.C (test for excess errors)
FAIL: g++.robertl/eb27.C (test for excess errors)
FAIL: g++.robertl/eb31.C (test for excess errors)
FAIL: g++.robertl/eb41.C (test for excess errors)
FAIL: g++.robertl/eb44.C (test for excess errors)
FAIL: g++.robertl/eb46.C (test for excess errors)
FAIL: g++.robertl/eb54.C (test for excess errors)
FAIL: g++.robertl/eb59.C (test for excess errors)
FAIL: g++.robertl/eb66.C (test for excess errors)
FAIL: g++.robertl/eb73.C (test for excess errors)
FAIL: g++.robertl/eb77.C (test for excess errors)

		=== g++ Summary ===

# of expected passes		7593
# of unexpected failures	118
# of expected failures		127
# of unresolved testcases	21
# of untested testcases		29
# of unsupported tests		20
/home/pme/build/build-2002-12-22-mips/gcc/testsuite/../g++ version 3.4 20021222 (experimental)

Host   is mips-unknown-elf

		=== libstdc++-v3 tests ===


Running target mips-sim
FAIL: 17_intro/header_cerrno.cc (test for excess errors)
WARNING: 17_intro/header_cerrno.cc compilation failed to produce executable
FAIL: 17_intro/header_csetjmp.cc (test for excess errors)
WARNING: 17_intro/header_csetjmp.cc compilation failed to produce executable
FAIL: 17_intro/header_cstdlib.cc (test for excess errors)
WARNING: 17_intro/header_cstdlib.cc compilation failed to produce executable
FAIL: 17_intro/header_iostream.cc (test for excess errors)
WARNING: 17_intro/header_iostream.cc compilation failed to produce executable
FAIL: 17_intro/headers.cc (test for excess errors)
WARNING: 17_intro/headers.cc compilation failed to produce executable
FAIL: 18_support/new_delete_placement.cc (test for excess errors)
WARNING: 18_support/new_delete_placement.cc compilation failed to produce executable
FAIL: 19_diagnostics/stdexceptions.cc (test for excess errors)
WARNING: 19_diagnostics/stdexceptions.cc compilation failed to produce executable
FAIL: 20_util/allocator_members.cc (test for excess errors)
WARNING: 20_util/allocator_members.cc compilation failed to produce executable
FAIL: 20_util/binders.cc (test for excess errors)
WARNING: 20_util/binders.cc compilation failed to produce executable
FAIL: 20_util/comparisons.cc (test for excess errors)
WARNING: 20_util/comparisons.cc compilation failed to produce executable
FAIL: 20_util/raw_storage_iterator.cc (test for excess errors)
WARNING: 20_util/raw_storage_iterator.cc compilation failed to produce executable
FAIL: 21_strings/append.cc (test for excess errors)
WARNING: 21_strings/append.cc compilation failed to produce executable
FAIL: 21_strings/assign.cc (test for excess errors)
WARNING: 21_strings/assign.cc compilation failed to produce executable
FAIL: 21_strings/c_strings.cc (test for excess errors)
WARNING: 21_strings/c_strings.cc compilation failed to produce executable
FAIL: 21_strings/capacity.cc (test for excess errors)
WARNING: 21_strings/capacity.cc compilation failed to produce executable
FAIL: 21_strings/char_traits_requirements.cc (test for excess errors)
WARNING: 21_strings/char_traits_requirements.cc compilation failed to produce executable
FAIL: 21_strings/compare.cc (test for excess errors)
WARNING: 21_strings/compare.cc compilation failed to produce executable
FAIL: 21_strings/ctor_copy_dtor.cc (test for excess errors)
WARNING: 21_strings/ctor_copy_dtor.cc compilation failed to produce executable
FAIL: 21_strings/element_access.cc (test for excess errors)
WARNING: 21_strings/element_access.cc compilation failed to produce executable
FAIL: 21_strings/find.cc (test for excess errors)
WARNING: 21_strings/find.cc compilation failed to produce executable
FAIL: 21_strings/insert.cc (test for excess errors)
WARNING: 21_strings/insert.cc compilation failed to produce executable
FAIL: 21_strings/inserters_extractors.cc (test for excess errors)
WARNING: 21_strings/inserters_extractors.cc compilation failed to produce executable
FAIL: 21_strings/invariants.cc (test for excess errors)
WARNING: 21_strings/invariants.cc compilation failed to produce executable
FAIL: 21_strings/nonmember.cc (test for excess errors)
WARNING: 21_strings/nonmember.cc compilation failed to produce executable
FAIL: 21_strings/operations.cc (test for excess errors)
WARNING: 21_strings/operations.cc compilation failed to produce executable
FAIL: 21_strings/replace.cc (test for excess errors)
WARNING: 21_strings/replace.cc compilation failed to produce executable
FAIL: 21_strings/rfind.cc (test for excess errors)
WARNING: 21_strings/rfind.cc compilation failed to produce executable
FAIL: 21_strings/substr.cc (test for excess errors)
WARNING: 21_strings/substr.cc compilation failed to produce executable
FAIL: 22_locale/codecvt_members_char_char.cc (test for excess errors)
WARNING: 22_locale/codecvt_members_char_char.cc compilation failed to produce executable
FAIL: 22_locale/collate_byname.cc (test for excess errors)
WARNING: 22_locale/collate_byname.cc compilation failed to produce executable
FAIL: 22_locale/collate_members_char.cc (test for excess errors)
WARNING: 22_locale/collate_members_char.cc compilation failed to produce executable
XPASS: 22_locale/collate_members_wchar_t.cc execution test
FAIL: 22_locale/ctor_copy_dtor.cc (test for excess errors)
WARNING: 22_locale/ctor_copy_dtor.cc compilation failed to produce executable
FAIL: 22_locale/ctype_is_char.cc (test for excess errors)
WARNING: 22_locale/ctype_is_char.cc compilation failed to produce executable
XPASS: 22_locale/ctype_is_wchar_t.cc execution test
FAIL: 22_locale/ctype_narrow_char.cc (test for excess errors)
WARNING: 22_locale/ctype_narrow_char.cc compilation failed to produce executable
FAIL: 22_locale/ctype_scan_char.cc (test for excess errors)
WARNING: 22_locale/ctype_scan_char.cc compilation failed to produce executable
FAIL: 22_locale/ctype_to_char.cc (test for excess errors)
WARNING: 22_locale/ctype_to_char.cc compilation failed to produce executable
FAIL: 22_locale/ctype_widen_char.cc (test for excess errors)
WARNING: 22_locale/ctype_widen_char.cc compilation failed to produce executable
FAIL: 22_locale/facet.cc (test for excess errors)
WARNING: 22_locale/facet.cc compilation failed to produce executable
FAIL: 22_locale/global_templates.cc (test for excess errors)
WARNING: 22_locale/global_templates.cc compilation failed to produce executable
FAIL: 22_locale/members.cc (test for excess errors)
WARNING: 22_locale/members.cc compilation failed to produce executable
FAIL: 22_locale/messages_byname.cc (test for excess errors)
WARNING: 22_locale/messages_byname.cc compilation failed to produce executable
FAIL: 22_locale/messages_members_char.cc (test for excess errors)
WARNING: 22_locale/messages_members_char.cc compilation failed to produce executable
FAIL: 22_locale/money_get_members_char.cc (test for excess errors)
WARNING: 22_locale/money_get_members_char.cc compilation failed to produce executable
XPASS: 22_locale/money_get_members_wchar_t.cc execution test
FAIL: 22_locale/money_put_members_char.cc (test for excess errors)
WARNING: 22_locale/money_put_members_char.cc compilation failed to produce executable
XPASS: 22_locale/money_put_members_wchar_t.cc execution test
FAIL: 22_locale/moneypunct_byname.cc (test for excess errors)
WARNING: 22_locale/moneypunct_byname.cc compilation failed to produce executable
FAIL: 22_locale/moneypunct_members_char.cc (test for excess errors)
WARNING: 22_locale/moneypunct_members_char.cc compilation failed to produce executable
XPASS: 22_locale/moneypunct_members_wchar_t.cc execution test
FAIL: 22_locale/num_get_members_char.cc (test for excess errors)
WARNING: 22_locale/num_get_members_char.cc compilation failed to produce executable
XPASS: 22_locale/num_get_members_wchar_t.cc execution test
FAIL: 22_locale/num_put_members_char.cc (test for excess errors)
WARNING: 22_locale/num_put_members_char.cc compilation failed to produce executable
XPASS: 22_locale/num_put_members_wchar_t.cc execution test
FAIL: 22_locale/numpunct_byname.cc (test for excess errors)
WARNING: 22_locale/numpunct_byname.cc compilation failed to produce executable
FAIL: 22_locale/numpunct_members_char.cc (test for excess errors)
WARNING: 22_locale/numpunct_members_char.cc compilation failed to produce executable
XPASS: 22_locale/numpunct_members_wchar_t.cc execution test
FAIL: 22_locale/operators.cc (test for excess errors)
WARNING: 22_locale/operators.cc compilation failed to produce executable
FAIL: 22_locale/static_members.cc (test for excess errors)
WARNING: 22_locale/static_members.cc compilation failed to produce executable
FAIL: 22_locale/time_get_members_char.cc (test for excess errors)
WARNING: 22_locale/time_get_members_char.cc compilation failed to produce executable
XPASS: 22_locale/time_get_members_wchar_t.cc execution test
FAIL: 22_locale/time_put_members_char.cc (test for excess errors)
WARNING: 22_locale/time_put_members_char.cc compilation failed to produce executable
XPASS: 22_locale/time_put_members_wchar_t.cc execution test
FAIL: 23_containers/adaptors.cc (test for excess errors)
WARNING: 23_containers/adaptors.cc compilation failed to produce executable
FAIL: 23_containers/bitset_ctor.cc (test for excess errors)
WARNING: 23_containers/bitset_ctor.cc compilation failed to produce executable
FAIL: 23_containers/bitset_members.cc (test for excess errors)
WARNING: 23_containers/bitset_members.cc compilation failed to produce executable
FAIL: 23_containers/bitset_shift.cc (test for excess errors)
WARNING: 23_containers/bitset_shift.cc compilation failed to produce executable
FAIL: 23_containers/deque_ctor.cc (test for excess errors)
WARNING: 23_containers/deque_ctor.cc compilation failed to produce executable
FAIL: 23_containers/deque_operators.cc (test for excess errors)
WARNING: 23_containers/deque_operators.cc compilation failed to produce executable
FAIL: 23_containers/list_capacity.cc (test for excess errors)
WARNING: 23_containers/list_capacity.cc compilation failed to produce executable
FAIL: 23_containers/list_ctor.cc (test for excess errors)
WARNING: 23_containers/list_ctor.cc compilation failed to produce executable
FAIL: 23_containers/list_modifiers.cc (test for excess errors)
WARNING: 23_containers/list_modifiers.cc compilation failed to produce executable
FAIL: 23_containers/list_operators.cc (test for excess errors)
WARNING: 23_containers/list_operators.cc compilation failed to produce executable
FAIL: 23_containers/map_insert.cc (test for excess errors)
WARNING: 23_containers/map_insert.cc compilation failed to produce executable
FAIL: 23_containers/map_operators.cc (test for excess errors)
WARNING: 23_containers/map_operators.cc compilation failed to produce executable
FAIL: 23_containers/multiset.cc (test for excess errors)
WARNING: 23_containers/multiset.cc compilation failed to produce executable
FAIL: 23_containers/vector_bool.cc (test for excess errors)
WARNING: 23_containers/vector_bool.cc compilation failed to produce executable
FAIL: 23_containers/vector_capacity.cc (test for excess errors)
WARNING: 23_containers/vector_capacity.cc compilation failed to produce executable
FAIL: 23_containers/vector_ctor.cc (test for excess errors)
WARNING: 23_containers/vector_ctor.cc compilation failed to produce executable
FAIL: 23_containers/vector_element_access.cc (test for excess errors)
WARNING: 23_containers/vector_element_access.cc compilation failed to produce executable
FAIL: 23_containers/vector_modifiers.cc (test for excess errors)
WARNING: 23_containers/vector_modifiers.cc compilation failed to produce executable
FAIL: 23_containers/vector_resize.cc (test for excess errors)
WARNING: 23_containers/vector_resize.cc compilation failed to produce executable
FAIL: 24_iterators/back_insert_iterator.cc (test for excess errors)
WARNING: 24_iterators/back_insert_iterator.cc compilation failed to produce executable
FAIL: 24_iterators/front_insert_iterator.cc (test for excess errors)
WARNING: 24_iterators/front_insert_iterator.cc compilation failed to produce executable
FAIL: 24_iterators/insert_iterator.cc (test for excess errors)
WARNING: 24_iterators/insert_iterator.cc compilation failed to produce executable
FAIL: 24_iterators/istream_iterator.cc (test for excess errors)
WARNING: 24_iterators/istream_iterator.cc compilation failed to produce executable
FAIL: 24_iterators/istreambuf_iterator.cc (test for excess errors)
WARNING: 24_iterators/istreambuf_iterator.cc compilation failed to produce executable
FAIL: 24_iterators/iterator.cc (test for excess errors)
WARNING: 24_iterators/iterator.cc compilation failed to produce executable
FAIL: 24_iterators/ostream_iterator.cc (test for excess errors)
WARNING: 24_iterators/ostream_iterator.cc compilation failed to produce executable
FAIL: 24_iterators/ostreambuf_iterator.cc (test for excess errors)
WARNING: 24_iterators/ostreambuf_iterator.cc compilation failed to produce executable
FAIL: 24_iterators/rel_ops.cc (test for excess errors)
WARNING: 24_iterators/rel_ops.cc compilation failed to produce executable
FAIL: 24_iterators/reverse_iterator.cc (test for excess errors)
WARNING: 24_iterators/reverse_iterator.cc compilation failed to produce executable
FAIL: 25_algorithms/equal.cc (test for excess errors)
FAIL: 25_algorithms/rotate.cc (test for excess errors)
WARNING: 25_algorithms/rotate.cc compilation failed to produce executable
FAIL: 25_algorithms/unique.cc (test for excess errors)
WARNING: 25_algorithms/unique.cc compilation failed to produce executable
FAIL: 26_numerics/binary_closure.cc (test for excess errors)
WARNING: 26_numerics/binary_closure.cc compilation failed to produce executable
FAIL: 26_numerics/buggy_complex.cc (test for excess errors)
WARNING: 26_numerics/buggy_complex.cc compilation failed to produce executable
FAIL: 26_numerics/c99_classification_macros_c.cc (test for excess errors)
FAIL: 26_numerics/complex_inserters_extractors.cc (test for excess errors)
WARNING: 26_numerics/complex_inserters_extractors.cc compilation failed to produce executable
FAIL: 26_numerics/fabs_inline.cc (test for excess errors)
WARNING: 26_numerics/fabs_inline.cc compilation failed to produce executable
FAIL: 27_io/filebuf_members.cc (test for excess errors)
WARNING: 27_io/filebuf_members.cc compilation failed to produce executable
FAIL: 27_io/filebuf_virtuals.cc (test for excess errors)
WARNING: 27_io/filebuf_virtuals.cc compilation failed to produce executable
FAIL: 27_io/fstream_members.cc (test for excess errors)
WARNING: 27_io/fstream_members.cc compilation failed to produce executable
FAIL: 27_io/ifstream_members.cc (test for excess errors)
WARNING: 27_io/ifstream_members.cc compilation failed to produce executable
FAIL: 27_io/instantiations.cc (test for excess errors)
WARNING: 27_io/instantiations.cc compilation failed to produce executable
FAIL: 27_io/ios_base_callbacks.cc (test for excess errors)
WARNING: 27_io/ios_base_callbacks.cc compilation failed to produce executable
FAIL: 27_io/ios_base_members_static.cc (test for excess errors)
WARNING: 27_io/ios_base_members_static.cc compilation failed to produce executable
FAIL: 27_io/ios_base_storage.cc (test for excess errors)
WARNING: 27_io/ios_base_storage.cc compilation failed to produce executable
FAIL: 27_io/ios_ctor.cc (test for excess errors)
WARNING: 27_io/ios_ctor.cc compilation failed to produce executable
FAIL: 27_io/ios_init.cc (test for excess errors)
WARNING: 27_io/ios_init.cc compilation failed to produce executable
FAIL: 27_io/ios_manip_basefield.cc (test for excess errors)
WARNING: 27_io/ios_manip_basefield.cc compilation failed to produce executable
FAIL: 27_io/ios_manip_fmtflags.cc (test for excess errors)
WARNING: 27_io/ios_manip_fmtflags.cc compilation failed to produce executable
FAIL: 27_io/ios_members.cc (test for excess errors)
WARNING: 27_io/ios_members.cc compilation failed to produce executable
FAIL: 27_io/iostream_members.cc (test for excess errors)
WARNING: 27_io/iostream_members.cc compilation failed to produce executable
FAIL: 27_io/istream_extractor_arith.cc (test for excess errors)
WARNING: 27_io/istream_extractor_arith.cc compilation failed to produce executable
FAIL: 27_io/istream_extractor_char.cc (test for excess errors)
WARNING: 27_io/istream_extractor_char.cc compilation failed to produce executable
FAIL: 27_io/istream_extractor_other.cc (test for excess errors)
WARNING: 27_io/istream_extractor_other.cc compilation failed to produce executable
FAIL: 27_io/istream_manip.cc (test for excess errors)
WARNING: 27_io/istream_manip.cc compilation failed to produce executable
FAIL: 27_io/istream_seeks.cc (test for excess errors)
WARNING: 27_io/istream_seeks.cc compilation failed to produce executable
FAIL: 27_io/istream_sentry.cc (test for excess errors)
WARNING: 27_io/istream_sentry.cc compilation failed to produce executable
FAIL: 27_io/istream_unformatted.cc (test for excess errors)
WARNING: 27_io/istream_unformatted.cc compilation failed to produce executable
FAIL: 27_io/istringstream_members.cc (test for excess errors)
WARNING: 27_io/istringstream_members.cc compilation failed to produce executable
FAIL: 27_io/narrow_stream_objects.cc (test for excess errors)
WARNING: 27_io/narrow_stream_objects.cc compilation failed to produce executable
FAIL: 27_io/ofstream_members.cc (test for excess errors)
WARNING: 27_io/ofstream_members.cc compilation failed to produce executable
FAIL: 27_io/ostream_inserter_arith.cc (test for excess errors)
WARNING: 27_io/ostream_inserter_arith.cc compilation failed to produce executable
FAIL: 27_io/ostream_inserter_char.cc (test for excess errors)
WARNING: 27_io/ostream_inserter_char.cc compilation failed to produce executable
FAIL: 27_io/ostream_inserter_other.cc (test for excess errors)
WARNING: 27_io/ostream_inserter_other.cc compilation failed to produce executable
FAIL: 27_io/ostream_manip.cc (test for excess errors)
WARNING: 27_io/ostream_manip.cc compilation failed to produce executable
FAIL: 27_io/ostream_seeks.cc (test for excess errors)
WARNING: 27_io/ostream_seeks.cc compilation failed to produce executable
FAIL: 27_io/ostream_unformatted.cc (test for excess errors)
WARNING: 27_io/ostream_unformatted.cc compilation failed to produce executable
FAIL: 27_io/ostringstream_members.cc (test for excess errors)
WARNING: 27_io/ostringstream_members.cc compilation failed to produce executable
FAIL: 27_io/standard_manipulators.cc (test for excess errors)
WARNING: 27_io/standard_manipulators.cc compilation failed to produce executable
FAIL: 27_io/streambuf_members.cc (test for excess errors)
WARNING: 27_io/streambuf_members.cc compilation failed to produce executable
FAIL: 27_io/stringbuf_members.cc (test for excess errors)
WARNING: 27_io/stringbuf_members.cc compilation failed to produce executable
FAIL: 27_io/stringbuf_virtuals.cc (test for excess errors)
WARNING: 27_io/stringbuf_virtuals.cc compilation failed to produce executable
FAIL: 27_io/stringstream_members.cc (test for excess errors)
WARNING: 27_io/stringstream_members.cc compilation failed to produce executable
FAIL: 27_io/wide_stream_objects.cc (test for excess errors)
WARNING: 27_io/wide_stream_objects.cc compilation failed to produce executable
FAIL: backward/header_deque_h.cc (test for excess errors)
WARNING: backward/header_deque_h.cc compilation failed to produce executable
FAIL: backward/header_hash_map_h.cc (test for excess errors)
WARNING: backward/header_hash_map_h.cc compilation failed to produce executable
FAIL: backward/header_hash_set_h.cc (test for excess errors)
WARNING: backward/header_hash_set_h.cc compilation failed to produce executable
FAIL: backward/header_hashtable_h.cc (test for excess errors)
WARNING: backward/header_hashtable_h.cc compilation failed to produce executable
FAIL: backward/header_iterator_h.cc (test for excess errors)
WARNING: backward/header_iterator_h.cc compilation failed to produce executable
FAIL: backward/header_rope_h.cc (test for excess errors)
WARNING: backward/header_rope_h.cc compilation failed to produce executable
FAIL: backward/header_tempbuf_h.cc (test for excess errors)
WARNING: backward/header_tempbuf_h.cc compilation failed to produce executable
FAIL: backward/strstream_members.cc (test for excess errors)
WARNING: backward/strstream_members.cc compilation failed to produce executable
FAIL: ext/allocators.cc (test for excess errors)
WARNING: ext/allocators.cc compilation failed to produce executable
FAIL: ext/concept_checks.cc (test for excess errors)
WARNING: ext/concept_checks.cc compilation failed to produce executable
FAIL: ext/hash_map.cc (test for excess errors)
WARNING: ext/hash_map.cc compilation failed to produce executable
FAIL: ext/hash_set.cc (test for excess errors)
WARNING: ext/hash_set.cc compilation failed to produce executable
FAIL: ext/headers.cc (test for excess errors)
WARNING: ext/headers.cc compilation failed to produce executable
FAIL: ext/rope.cc (test for excess errors)
WARNING: ext/rope.cc compilation failed to produce executable
FAIL: ext/verbose_terminate.cc (test for excess errors)
WARNING: ext/verbose_terminate.cc compilation failed to produce executable

		=== libstdc++-v3 Summary ===

# of expected passes		142
# of unexpected failures	143
# of unexpected successes	10
# of expected failures		1
# of unsupported tests		6

Compiler version: 3.420021222(experimental) 
Platform: mips-unknown-elf
configure flags: --prefix=/home/pme/build/install-2002-12-22-mips --enable-shared --disable-nls --host=athlon_mp-pc-linux-gnu --enable-languages=c++ --disable-symvers --with-newlib --enable-sim --target=mips-elf


Index Nav: [Date Index] [Subject Index] [Author Index] [Thread Index]
Message Nav: [Date Prev] [Date Next] [Thread Prev] [Thread Next]