This is the mail archive of the gcc-testresults@gcc.gnu.org mailing list for the GCC project.


Index Nav: [Date Index] [Subject Index] [Author Index] [Thread Index]
Message Nav: [Date Prev] [Date Next] [Thread Prev] [Thread Next]
Other format: [Raw text]

Results for 3.4 20021219 (experimental) testsuite on i686-pc-cygwin


CYGWIN_NT-5.0 CRW48 1.3.17(0.67/3/2) 2002-11-27 18:54 i686 unknown
Windows 2000 Professional Ver 5.0 Build 2195 Service Pack 2
x86 Family 6 Model 8 Stepping 10, GenuineIntel

LAST_UPDATED: Fri Dec 20 05:16:13  2002

Native configuration is i686-pc-cygwin

		=== g++ tests ===


Running target unix
FAIL: g++.dg/abi/rtti1.C scan-assembler-dem-not \\ntypeinfo for A[: \\t\\n]
FAIL: g++.dg/ext/instantiate3.C scan-assembler-not 
FAIL: g++.dg/opt/vt1.C scan-assembler-not section[^
WARNING: program timed out.
FAIL: g++.dg/parse/stack1.C (test for excess errors)
FAIL: g++.dg/warn/Wunused-2.C  (test for warnings, line 5)
FAIL: g++.dg/special/initp1.C execution test
FAIL: g++.eh/badalloc1.C  Execution test
XPASS: g++.ext/attrib5.C  Execution test
XPASS: g++.jason/template18.C  Execution test
FAIL: g++.law/profile1.C (test for excess errors)

		=== g++ Summary ===

# of expected passes		7874
# of unexpected failures	8
# of unexpected successes	2
# of expected failures		89
# of untested testcases		15
# of unsupported tests		3
/usr/local/obj/gcc/gcc/testsuite/../g++ version 3.4 20021219 (experimental)

		=== g77 tests ===


Running target unix

		=== g77 Summary ===

# of expected passes		1654
/usr/local/obj/gcc/gcc/testsuite/../g77 version 3.4 20021219 (experimental)

		=== gcc tests ===


Running target unix
FAIL: gcc.c-torture/execute/builtin-constant.c execution,  -O1 
FAIL: gcc.c-torture/execute/builtin-constant.c execution,  -O2 
FAIL: gcc.c-torture/execute/builtin-constant.c execution,  -O3 -fomit-frame-pointer 
FAIL: gcc.c-torture/execute/builtin-constant.c execution,  -O3 -g 
FAIL: gcc.c-torture/execute/builtin-constant.c execution,  -Os 
WARNING: program timed out.
FAIL: gcc.dg/20020425-1.c (test for excess errors)
FAIL: gcc.dg/20021014-1.c (test for excess errors)
WARNING: gcc.dg/20021014-1.c compilation failed to produce executable
FAIL: gcc.dg/duff-2.c (test for excess errors)
FAIL: gcc.dg/i386-pic-1.c  (test for errors, line 9)
FAIL: gcc.dg/nest.c (test for excess errors)
WARNING: gcc.dg/nest.c compilation failed to produce executable

		=== gcc Summary ===

# of expected passes		21119
# of unexpected failures	10
# of expected failures		59
# of unsupported tests		82
/usr/local/obj/gcc/gcc/xgcc version 3.4 20021219 (experimental)

		=== objc tests ===


Running target unix

		=== objc Summary ===

# of expected passes		1153
/usr/local/obj/gcc/gcc/xgcc version 3.4 20021219 (experimental)

		=== libjava tests ===


Running target unix
FAIL: PR1343 compilation from bytecode
FAIL: PR1343 -O compilation from bytecode
FAIL: linking calls
FAIL: linking cxxtest
FAIL: linking field
FAIL: linking final_method
FAIL: linking findclass
FAIL: linking invoke
FAIL: linking martin
FAIL: linking noclass
FAIL: linking overload
FAIL: linking register
FAIL: linking simple_int
FAIL: linking throwit
FAIL: linking virtual
FAIL: ArrayStore execution - gij test
FAIL: ArrayStore execution - gij test
FAIL: ArrayStore2 execution - gij test
FAIL: ArrayStore2 execution - gij test
WARNING: program timed out.
FAIL: Array_3 execution - source compiled test
WARNING: program timed out.
FAIL: Array_3 execution - gij test
WARNING: program timed out.
FAIL: Array_3 execution - bytecode->native test
WARNING: program timed out.
FAIL: Array_3 -O execution - source compiled test
WARNING: program timed out.
FAIL: Array_3 execution - gij test
WARNING: program timed out.
FAIL: Array_3 -O execution - bytecode->native test
WARNING: program timed out.
FAIL: Divide_1 execution - source compiled test
FAIL: Divide_1 execution - gij test
FAIL: Divide_1 compilation from bytecode
WARNING: program timed out.
FAIL: Divide_1 -O execution - source compiled test
FAIL: Divide_1 execution - gij test
WARNING: program timed out.
FAIL: Divide_1 -O execution - bytecode->native test
FAIL: FileHandleGcTest output - source compiled test
FAIL: FileHandleGcTest output - gij test
FAIL: FileHandleGcTest output - bytecode->native test
FAIL: FileHandleGcTest -O output - source compiled test
FAIL: FileHandleGcTest output - gij test
FAIL: FileHandleGcTest -O output - bytecode->native test
WARNING: program timed out.
FAIL: Final execution - gij test
WARNING: program timed out.
FAIL: Final execution - gij test
WARNING: program timed out.
FAIL: G19990302_02 execution - gij test
WARNING: program timed out.
FAIL: G19990302_02 execution - gij test
WARNING: program timed out.
FAIL: G19990303_01 execution - gij test
WARNING: program timed out.
FAIL: G19990303_01 execution - gij test
WARNING: program timed out.
FAIL: G19990303_02 execution - gij test
WARNING: program timed out.
FAIL: G19990303_02 execution - gij test
WARNING: program timed out.
FAIL: G19990304_01 execution - gij test
WARNING: program timed out.
FAIL: G19990304_01 execution - gij test
FAIL: InterfaceDispatch execution - gij test
FAIL: InterfaceDispatch execution - gij test
FAIL: Invoke_1 execution - gij test
FAIL: Invoke_1 execution - gij test
FAIL: PR141 output - gij test
FAIL: PR141 output - gij test
WARNING: program timed out.
FAIL: PR218 execution - gij test
WARNING: program timed out.
FAIL: PR218 execution - gij test
FAIL: StringBuffer_1 execution - gij test
FAIL: StringBuffer_1 execution - gij test
FAIL: SyncTest execution - gij test
FAIL: SyncTest execution - bytecode->native test
FAIL: SyncTest execution - gij test
WARNING: program timed out.
FAIL: SyncTest -O execution - bytecode->native test
FAIL: Thread_Alive execution - gij test
FAIL: Thread_Alive execution - gij test
WARNING: program timed out.
FAIL: Thread_Interrupt execution - gij test
FAIL: Thread_Interrupt -O output - source compiled test
WARNING: program timed out.
FAIL: Thread_Interrupt execution - gij test
FAIL: Thread_Join -O execution - source compiled test
WARNING: program timed out.
FAIL: Thread_Wait_2 execution - source compiled test
WARNING: program timed out.
FAIL: Thread_Wait_2 execution - gij test
WARNING: program timed out.
FAIL: Thread_Wait_2 execution - gij test
WARNING: program timed out.
FAIL: Thread_Wait_Interrupt execution - gij test
WARNING: program timed out.
FAIL: Thread_Wait_Interrupt execution - gij test
WARNING: program timed out.
FAIL: Throw_2 execution - source compiled test
WARNING: program timed out.
FAIL: Throw_2 execution - gij test
WARNING: program timed out.
FAIL: Throw_2 execution - bytecode->native test
WARNING: program timed out.
FAIL: Throw_2 -O execution - source compiled test
WARNING: program timed out.
FAIL: Throw_2 execution - gij test
WARNING: program timed out.
FAIL: Throw_2 -O execution - bytecode->native test
FAIL: instinit2 execution - gij test
FAIL: instinit2 execution - gij test
WARNING: program timed out.
FAIL: invokethrow execution - gij test
WARNING: program timed out.
FAIL: invokethrow execution - gij test
FAIL: pr184 execution - gij test
FAIL: pr184 execution - gij test
FAIL: pr83 execution - gij test
FAIL: pr83 execution - gij test
FAIL: pr8823 compilation from bytecode
FAIL: pr8823 -O compilation from bytecode

		=== libjava Summary ===

# of expected passes		2747
# of unexpected failures	88
# of expected failures		27
# of untested testcases		75
		=== libstdc++-v3 tests ===


Running target unix
XPASS: 22_locale/collate_members_wchar_t.cc execution test
XPASS: 22_locale/ctype_is_wchar_t.cc execution test
XPASS: 22_locale/money_get_members_wchar_t.cc execution test
XPASS: 22_locale/money_put_members_wchar_t.cc execution test
XPASS: 22_locale/moneypunct_members_wchar_t.cc execution test
XPASS: 22_locale/num_get_members_wchar_t.cc execution test
XPASS: 22_locale/num_put_members_wchar_t.cc execution test
XPASS: 22_locale/numpunct_members_wchar_t.cc execution test
XPASS: 22_locale/time_get_members_wchar_t.cc execution test
XPASS: 22_locale/time_put_members_wchar_t.cc execution test
FAIL: 26_numerics/c99_classification_macros_c.cc (test for excess errors)
FAIL: 27_io/filebuf_members.cc execution test
FAIL: 27_io/istream_extractor_arith.cc execution test
WARNING: program timed out.
FAIL: thread/pthread4.cc execution test

		=== libstdc++-v3 Summary ===

# of expected passes		416
# of unexpected failures	4
# of unexpected successes	10
# of expected failures		17

Compiler version: 3.4 20021219 (experimental) 
Platform: i686-pc-cygwin
configure flags: --host=i686-pc-cygwin --prefix=/usr/local/gcc-3_4 --enable-threads=posix --enable-libgcj --enable-sjlj-exceptions --with-system-zlib --enable-nls --enable-version-specific-runtime-libs --without-included-gettext --disable-shared
Counting all warnings,
there are 49 warnings in stage3 of this bootstrap.

Number of warnings per file:
      8	gcc/gcc.c
      4	insn-conditions.c
      3	gengtype-yacc.c
      2	op1280.c
      2	objc-parse.y
      2	gcc/unwind-dw2-fde.h
      2	gcc/f/sta.c
      2	gcc/cp/lex.c
      2	gcc/cp/lang-specs.h
      2	c-parse.y
      2	c-p904.c
      1	gt-ada-utils.h
      1	gt-ada-decl.h
      1	gcc/unwind-sjlj.c
      1	gcc/unwind-pe.h
      1	gcc/sdbout.c
      1	gcc/ra-build.c
      1	gcc/loop.c
      1	gcc/java/lang.c
      1	gcc/java/jvspec.c
      1	gcc/java/builtins.c
      1	gcc/function.c
      1	gcc/emit-rtl.c
      1	gcc/cp/decl2.c
      1	gcc/convert.c
      1	gcc/config/i386/i386.c
      1	gcc/ada/tracebak.c
      1	gcc/ada/adaint.c
      1	ada/b_gnatb.c

Number of warning types:
      9	string length \`???' is greater than the length \`???' ISO C89 compilers are required to support
      7	traditional C rejects ISO C style function definitions
      6	??? format, ??? arg (arg ???)
      4	traditional C rejects string concatenation
      4	comparison between signed and unsigned
      3	unused parameter \`???'
      2	unused variable \`???'
      2	function declaration isn't a prototype
      2	dereferencing type-punned pointer will break strict-aliasing rules
      2	assignment of read-only location
      1	too many arguments for format
      1	static declaration for \`???' follows non-static
      1	signed and unsigned type in conditional expression
      1	comparison of unsigned expression < 0 is always false
      1	assignment discards qualifiers from pointer target type
      1	\`long' switch expression not converted to \`int' in ISO C
      1	\`???' might be used uninitialized in this function
      1	\`???' defined but not used


Index Nav: [Date Index] [Subject Index] [Author Index] [Thread Index]
Message Nav: [Date Prev] [Date Next] [Thread Prev] [Thread Next]