This is the mail archive of the gcc-testresults@gcc.gnu.org mailing list for the GCC project.


Index Nav: [Date Index] [Subject Index] [Author Index] [Thread Index]
Message Nav: [Date Prev] [Date Next] [Thread Prev] [Thread Next]
Other format: [Raw text]

Results for 3.4 20021218 (experimental) testsuite on i686-pc-cygwin


This was on a Windows XP SP1/cygwin P4 system with these packages:

binutils  2.13.90 20021118  (cygwin ver. 20021117-1)
cygwin    1.3.17-1
dejagnu   1.4.2.x           (cygwin ver. 20021217-1)
gcc       3.2-3

LAST_UPDATED: Thu Dec 19 07:16:58 GMT 2002

Native configuration is i686-pc-cygwin

		=== g++ tests ===


Running target unix
FAIL: g++.dg/abi/rtti1.C scan-assembler-dem-not \\ntypeinfo for A[: \\t\\n]
FAIL: g++.dg/ext/instantiate3.C scan-assembler-not 
FAIL: g++.dg/opt/vt1.C scan-assembler-not section[^
WARNING: program timed out.
FAIL: g++.dg/parse/stack1.C (test for excess errors)
FAIL: g++.dg/warn/Wunused-2.C  (test for warnings, line 5)
FAIL: g++.dg/special/initp1.C execution test
FAIL: g++.eh/badalloc1.C  Execution test
XPASS: g++.ext/attrib5.C  Execution test
XPASS: g++.jason/template18.C  Execution test
FAIL: g++.law/profile1.C (test for excess errors)
FAIL: g++.pt/t29.C (test for excess errors)
FAIL: g++.pt/ttp24.C (test for excess errors)
FAIL: g++.pt/ttp26.C (test for excess errors)

		=== g++ Summary ===

# of expected passes		7862
# of unexpected failures	11
# of unexpected successes	2
# of expected failures		93
# of untested testcases		15
# of unsupported tests		3
/usr/local/src/gcc-binutils/trunk/objdir/gcc/testsuite/../g++ version 3.4 20021218 (experimental)

		=== g77 tests ===


Running target unix
FAIL: g77.dg/bprob/g77-bprob-1.f compilation,  -O0  -fbranch-probabilities
UNRESOLVED: g77.dg/bprob/g77-bprob-1.f execution,    -O0  -fbranch-probabilities

		=== g77 Summary ===

# of expected passes		1652
# of unexpected failures	1
# of unresolved testcases	1
/usr/local/src/gcc-binutils/trunk/objdir/gcc/testsuite/../g77 version 3.4 20021218 (experimental)

		=== gcc tests ===


Running target unix
FAIL: gcc.c-torture/execute/20010114-1.c compilation,  -O3 -fomit-frame-pointer 
UNRESOLVED: gcc.c-torture/execute/20010114-1.c execution,  -O3 -fomit-frame-pointer 
FAIL: gcc.c-torture/execute/930527-1.c compilation,  -O3 -g 
UNRESOLVED: gcc.c-torture/execute/930527-1.c execution,  -O3 -g 
FAIL: gcc.c-torture/execute/930702-1.c execution,  -O3 -fomit-frame-pointer 
FAIL: gcc.c-torture/execute/931004-3.c compilation,  -O1 
UNRESOLVED: gcc.c-torture/execute/931004-3.c execution,  -O1 
FAIL: gcc.c-torture/execute/980526-1.c compilation,  -O0 
UNRESOLVED: gcc.c-torture/execute/980526-1.c execution,  -O0 
FAIL: gcc.c-torture/execute/builtin-constant.c execution,  -O1 
FAIL: gcc.c-torture/execute/builtin-constant.c execution,  -O2 
FAIL: gcc.c-torture/execute/builtin-constant.c execution,  -O3 -fomit-frame-pointer 
FAIL: gcc.c-torture/execute/builtin-constant.c execution,  -O3 -g 
FAIL: gcc.c-torture/execute/builtin-constant.c execution,  -Os 
FAIL: gcc.dg/20020425-1.c (test for excess errors)
FAIL: gcc.dg/20021014-1.c (test for excess errors)
WARNING: gcc.dg/20021014-1.c compilation failed to produce executable
FAIL: gcc.dg/duff-2.c (test for excess errors)
FAIL: gcc.dg/nest.c (test for excess errors)
WARNING: gcc.dg/nest.c compilation failed to produce executable

		=== gcc Summary ===

# of expected passes		21093
# of unexpected failures	14
# of expected failures		63
# of unresolved testcases	4
# of unsupported tests		81
/usr/local/src/gcc-binutils/trunk/objdir/gcc/xgcc version 3.4 20021218 (experimental)

		=== objc tests ===


Running target unix
FAIL: objc/execute/formal_protocol-1.m compilation,  -O1 
UNRESOLVED: objc/execute/formal_protocol-1.m execution,  -O1 

		=== objc Summary ===

# of expected passes		1151
# of unexpected failures	1
# of unresolved testcases	1
/usr/local/src/gcc-binutils/trunk/objdir/gcc/xgcc version 3.4 20021218 (experimental)

		=== libstdc++-v3 tests ===


Running target unix
WARNING: 17_intro/header_cerrno.cc compilation failed to produce executable
XPASS: 22_locale/collate_members_wchar_t.cc execution test
XPASS: 22_locale/ctype_is_wchar_t.cc execution test
XPASS: 22_locale/money_get_members_wchar_t.cc execution test
XPASS: 22_locale/money_put_members_wchar_t.cc execution test
XPASS: 22_locale/moneypunct_members_wchar_t.cc execution test
XPASS: 22_locale/num_get_members_wchar_t.cc execution test
XPASS: 22_locale/num_put_members_wchar_t.cc execution test
XPASS: 22_locale/numpunct_members_wchar_t.cc execution test
XPASS: 22_locale/time_get_members_wchar_t.cc execution test
XPASS: 22_locale/time_put_members_wchar_t.cc execution test
FAIL: 26_numerics/c99_classification_macros_c.cc (test for excess errors)
FAIL: 27_io/filebuf_members.cc execution test
FAIL: 27_io/istream_extractor_arith.cc execution test
WARNING: program timed out.
FAIL: thread/pthread1.cc execution test
FAIL: thread/pthread2.cc execution test

		=== libstdc++-v3 Summary ===

# of expected passes		414
# of unexpected failures	5
# of unexpected successes	10
# of expected failures		17

Compiler version: 3.4 20021218 (experimental) 
Platform: i686-pc-cygwin
configure flags: --host=i686-pc-cygwin --prefix=/usr/local/gcc-binutils --enable-shared --enable-threads=posix
Counting all warnings,
there are 133 warnings in stage0 of this bootstrap.

Number of warnings per file:
     60	cc1plus
     27	include/i686-pc-cygwin/bits/gthr-default.h
     10	libiberty/regex.c
      6	include/i686-pc-cygwin/bits/c++locale.h
      6	fastjar/jartool.c
      4	libiberty/getopt.c
      3	libf2c/libI77/rsne.c
      3	libf2c/libI77/inquire.c
      2	libtool
      2	libobjc/linking.m
      2	libiberty/strsignal.c
      2	libf2c/libI77/open.c
      2	include/xregex2.h
      1	libobjc/encoding.c
      1	libobjc/Protocol.m
      1	libobjc/Object.m
      1	libiberty/sigsetmask.c

Number of warning types:
     60	-ffunction-sections may affect debugging on some targets
     27	ignoring
      8	signed and unsigned type in conditional expression
      6	unused parameter \`???'
      6	unused
      4	pointer targets in passing arg ??? of \`???' differ in signedness
      4	dereferencing type-punned pointer will break strict-aliasing rules
      4	comparison between signed and unsigned
      4	\`???' might be used uninitialized in this function
      2	undefined symbols not allowed in i686-pc-cygwin shared libraries
      2	string length \`???' is greater than the length \`???' ISO C89 compilers are required to support
      1	unused variable \`???'
      1	traditional C rejects ISO C style function definitions
      1	implicit declaration of function \`???'
      1	\`???' defined but not used
      1	ISO C90 does not support \`static' or type qualifiers in parameter array declarators
      1	ISO C89 does not support \`static' or type qualifiers in parameter array declarators
Counting all warnings,
there are 43 warnings in stage3 of this bootstrap.

Number of warnings per file:
      8	gcc/gcc.c
      4	insn-conditions.c
      3	gengtype-yacc.c
      2	op1676.c
      2	objc-parse.y
      2	gcc/unwind-dw2-fde.h
      2	gcc/f/sta.c
      2	gcc/cp/lex.c
      2	gcc/cp/lang-specs.h
      2	c-parse.y
      2	c-p2684.c
      1	gcc/unwind-sjlj.c
      1	gcc/unwind-pe.h
      1	gcc/sdbout.c
      1	gcc/ra-build.c
      1	gcc/loop.c
      1	gcc/java/lang.c
      1	gcc/java/jvspec.c
      1	gcc/java/builtins.c
      1	gcc/function.c
      1	gcc/emit-rtl.c
      1	gcc/convert.c
      1	gcc/config/i386/i386.c

Number of warning types:
      9	string length \`???' is greater than the length \`???' ISO C89 compilers are required to support
      7	traditional C rejects ISO C style function definitions
      6	??? format, ??? arg (arg ???)
      4	traditional C rejects string concatenation
      3	unused parameter \`???'
      2	dereferencing type-punned pointer will break strict-aliasing rules
      2	comparison between signed and unsigned
      2	assignment of read-only location
      1	unused variable \`???'
      1	too many arguments for format
      1	static declaration for \`???' follows non-static
      1	signed and unsigned type in conditional expression
      1	function declaration isn't a prototype
      1	assignment discards qualifiers from pointer target type
      1	\`long' switch expression not converted to \`int' in ISO C
      1	\`???' defined but not used


Index Nav: [Date Index] [Subject Index] [Author Index] [Thread Index]
Message Nav: [Date Prev] [Date Next] [Thread Prev] [Thread Next]