This is the mail archive of the gcc-testresults@gcc.gnu.org mailing list for the GCC project.


Index Nav: [Date Index] [Subject Index] [Author Index] [Thread Index]
Message Nav: [Date Prev] [Date Next] [Thread Prev] [Thread Next]
Other format: [Raw text]

Results for 3.2.1 [FreeBSD] 20021009 (prerelease) testsuite on i386-unknown-freebsd5.0


Using make with objdir configuration on ref5 (see key)

Bootstrap failed in Configuring; in; gcc; thus partial report
LAST_UPDATED: Wed Dec 18 19:46:21 GMT 2002

Native configuration is i386-unknown-freebsd5.0

		=== g++ tests ===


Running target unix/-pthread
FAIL: g++.dg/compat/eh/ctor1 x_tst.o-y_tst.o execute 
FAIL: g++.dg/compat/eh/dtor1 x_tst.o-y_tst.o execute 
FAIL: g++.dg/abi/bitfield6.C (test for excess errors)
WARNING: g++.dg/abi/bitfield6.C compilation failed to produce executable
FAIL: g++.dg/abi/bitfield7.C  (test for warnings, line 4)
FAIL: g++.dg/abi/bitfield8.C (test for excess errors)
WARNING: g++.dg/abi/bitfield8.C compilation failed to produce executable
FAIL: g++.dg/abi/dtor1.C (test for excess errors)
ERROR: g++.dg/abi/dtor1.C: error executing dg-final: couldn't open "dtor1.s": no such file or directory
UNRESOLVED: g++.dg/abi/dtor1.C: error executing dg-final: couldn't open "dtor1.s": no such file or directory
FAIL: g++.dg/abi/dtor2.C  (test for warnings, line 12)
FAIL: g++.dg/abi/empty10.C (test for excess errors)
WARNING: g++.dg/abi/empty10.C compilation failed to produce executable
FAIL: g++.dg/abi/empty11.C (test for excess errors)
WARNING: g++.dg/abi/empty11.C compilation failed to produce executable
FAIL: g++.dg/abi/empty5.C (test for excess errors)
FAIL: g++.dg/abi/empty6.C  (test for warnings, line 6)
FAIL: g++.dg/abi/empty7.C (test for excess errors)
WARNING: g++.dg/abi/empty7.C compilation failed to produce executable
FAIL: g++.dg/abi/empty8.C (test for excess errors)
WARNING: g++.dg/abi/empty8.C compilation failed to produce executable
FAIL: g++.dg/abi/empty9.C (test for excess errors)
WARNING: g++.dg/abi/empty9.C compilation failed to produce executable
FAIL: g++.dg/abi/mangle10.C (test for excess errors)
ERROR: g++.dg/abi/mangle10.C: error executing dg-final: couldn't open "mangle10.s": no such file or directory
UNRESOLVED: g++.dg/abi/mangle10.C: error executing dg-final: couldn't open "mangle10.s": no such file or directory
FAIL: g++.dg/abi/mangle11.C  (test for warnings, line 10)
FAIL: g++.dg/abi/mangle12.C  (test for warnings, line 11)
FAIL: g++.dg/abi/mangle13.C (test for excess errors)
ERROR: g++.dg/abi/mangle13.C: error executing dg-final: couldn't open "mangle13.s": no such file or directory
UNRESOLVED: g++.dg/abi/mangle13.C: error executing dg-final: couldn't open "mangle13.s": no such file or directory
FAIL: g++.dg/abi/mangle14.C  (test for warnings, line 12)
FAIL: g++.dg/abi/mangle15.C (test for excess errors)
ERROR: g++.dg/abi/mangle15.C: error executing dg-final: couldn't open "mangle15.s": no such file or directory
UNRESOLVED: g++.dg/abi/mangle15.C: error executing dg-final: couldn't open "mangle15.s": no such file or directory
FAIL: g++.dg/abi/mangle16.C (test for excess errors)
ERROR: g++.dg/abi/mangle16.C: error executing dg-final: couldn't open "mangle16.s": no such file or directory
UNRESOLVED: g++.dg/abi/mangle16.C: error executing dg-final: couldn't open "mangle16.s": no such file or directory
FAIL: g++.dg/abi/mangle17.C  (test for warnings, line 8)
FAIL: g++.dg/abi/mangle17.C  (test for warnings, line 11)
FAIL: g++.dg/abi/mangle9.C (test for excess errors)
ERROR: g++.dg/abi/mangle9.C: error executing dg-final: couldn't open "mangle9.s": no such file or directory
UNRESOLVED: g++.dg/abi/mangle9.C: error executing dg-final: couldn't open "mangle9.s": no such file or directory
FAIL: g++.dg/abi/rtti2.C execution test
FAIL: g++.dg/abi/thunk1.C scan-assembler _ZThn4_N1D1fEv
FAIL: g++.dg/abi/thunk2.C scan-assembler _ZTvn4_n20_N1D2f3Ev
FAIL: g++.dg/abi/vbase11.C (test for excess errors)
WARNING: g++.dg/abi/vbase11.C compilation failed to produce executable
FAIL: g++.dg/abi/vbase12.C (test for excess errors)
WARNING: g++.dg/abi/vbase12.C compilation failed to produce executable
FAIL: g++.dg/abi/vbase13.C (test for excess errors)
WARNING: g++.dg/abi/vbase13.C compilation failed to produce executable
FAIL: g++.dg/abi/vbase14.C  (test for warnings, line 4)
FAIL: g++.dg/abi/vbase14.C  (test for warnings, line 6)
FAIL: g++.dg/abi/vcall1.C execution test
FAIL: g++.dg/abi/vthunk2.C scan-assembler _ZTv0_n12_N2c21fEv
FAIL: g++.dg/abi/vthunk3.C (test for excess errors)
ERROR: g++.dg/abi/vthunk3.C: error executing dg-final: couldn't open "vthunk3.s": no such file or directory
UNRESOLVED: g++.dg/abi/vthunk3.C: error executing dg-final: couldn't open "vthunk3.s": no such file or directory
FAIL: g++.dg/abi/vtt1.C scan-assembler _ZTT1B
FAIL: g++.dg/cpp/c++98-pedantic.C  (test for warnings, line 9)
FAIL: g++.dg/cpp/c++98-pedantic.C (test for excess errors)
FAIL: g++.dg/eh/ctor1.C execution test
FAIL: g++.dg/eh/dtor1.C execution test
FAIL: g++.dg/eh/omit-frame-pointer2.C execution test
FAIL: g++.dg/eh/spec5.C (test for excess errors)
WARNING: g++.dg/eh/spec5.C compilation failed to produce executable
FAIL: g++.dg/eh/spec6.C  (test for errors, line 18)
FAIL: g++.dg/eh/spec6.C (test for excess errors)
FAIL: g++.dg/expr/cond1.C execution test
FAIL: g++.dg/expr/member-of-incomplete-type-1.C  (test for errors, line 10)
FAIL: g++.dg/expr/member-of-incomplete-type-1.C (test for excess errors)
FAIL: g++.dg/expr/pmf-1.C  (test for errors, line 16)
FAIL: g++.dg/expr/pmf-1.C (test for excess errors)
FAIL: g++.dg/ext/alignof1.C (test for excess errors)
WARNING: g++.dg/ext/alignof1.C compilation failed to produce executable
FAIL: g++.dg/ext/asm1.C (test for excess errors)
ERROR: g++.dg/ext/asm1.C: error executing dg-final: couldn't open "asm1.s": no such file or directory
UNRESOLVED: g++.dg/ext/asm1.C: error executing dg-final: couldn't open "asm1.s": no such file or directory
FAIL: g++.dg/ext/attrib6.C (test for excess errors)
FAIL: g++.dg/ext/lvaddr.C  (test for errors, line 9)
FAIL: g++.dg/ext/typedef-init.C C (test for errors, line 27)
FAIL: g++.dg/ext/typedef-init.C D (test for errors, line 31)
FAIL: g++.dg/ext/vla1.C  (test for errors, line 22)
FAIL: g++.dg/ext/vla1.C  (test for errors, line 25)
FAIL: g++.dg/ext/vla1.C (test for excess errors)
FAIL: g++.dg/ext/vlm1.C  (test for errors, line 7)
FAIL: g++.dg/ext/vlm2.C  (test for errors, line 10)
FAIL: g++.dg/inherit/covariant1.C (test for excess errors)
WARNING: g++.dg/inherit/covariant1.C compilation failed to produce executable
FAIL: g++.dg/inherit/covariant2.C (test for excess errors)
WARNING: g++.dg/inherit/covariant2.C compilation failed to produce executable
FAIL: g++.dg/inherit/covariant3.C (test for excess errors)
WARNING: g++.dg/inherit/covariant3.C compilation failed to produce executable
FAIL: g++.dg/inherit/covariant4.C (test for excess errors)
WARNING: g++.dg/inherit/covariant4.C compilation failed to produce executable
FAIL: g++.dg/inherit/namespace-as-base.C  (test for errors, line 8)
FAIL: g++.dg/inherit/override1.C (test for excess errors)
FAIL: g++.dg/inherit/template-as-base.C  (test for errors, line 9)
FAIL: g++.dg/inherit/thunk1.C (test for excess errors)
WARNING: g++.dg/inherit/thunk1.C compilation failed to produce executable
FAIL: g++.dg/inherit/typeinfo1.C (test for excess errors)
FAIL: g++.dg/inherit/using3.C (test for excess errors)
FAIL: g++.dg/init/array4.C (test for excess errors)
FAIL: g++.dg/init/array7.C (test for excess errors)
FAIL: g++.dg/init/brace1.C  (test for errors, line 3)
FAIL: g++.dg/init/copy2.C (test for excess errors)
FAIL: g++.dg/init/copy3.C execution test
FAIL: g++.dg/init/ctor1.C execution test
FAIL: g++.dg/init/dtor2.C execution test
FAIL: g++.dg/init/pm2.C (test for excess errors)
FAIL: g++.dg/init/string1.C  (test for errors, line 7)
FAIL: g++.dg/lookup/anon2.C  (test for errors, line 4)
FAIL: g++.dg/lookup/anon2.C  (test for errors, line 5)
FAIL: g++.dg/lookup/pretty1.C (test for excess errors)
FAIL: g++.dg/lookup/ptrmem1.C (test for excess errors)
FAIL: g++.dg/lookup/scoped1.C  (test for errors, line 18)
FAIL: g++.dg/lookup/scoped2.C  (test for errors, line 16)
FAIL: g++.dg/lookup/scoped2.C (test for excess errors)
FAIL: g++.dg/lookup/using2.C  (test for errors, line 28)
FAIL: g++.dg/lookup/using2.C  (test for errors, line 44)
FAIL: g++.dg/lookup/using2.C (test for excess errors)
WARNING: program timed out.
FAIL: g++.dg/opt/local1.C (test for excess errors)
FAIL: g++.dg/opt/reload1.C (test for excess errors)
FAIL: g++.dg/other/conversion1.C  (test for errors, line 16)
FAIL: g++.dg/other/conversion1.C (test for excess errors)
FAIL: g++.dg/other/copy2.C execution test
FAIL: g++.dg/other/do1.C  (test for errors, line 11)
FAIL: g++.dg/other/do1.C (test for excess errors)
FAIL: g++.dg/other/error1.C  (test for errors, line 13)
FAIL: g++.dg/other/error1.C (test for excess errors)
FAIL: g++.dg/other/warning1.C (test for excess errors)
FAIL: g++.dg/overload/ambig1.C candidate (test for errors, line 17)
FAIL: g++.dg/overload/ambig1.C candidate (test for errors, line 18)
FAIL: g++.dg/overload/ambig1.C ambiguous (test for errors, line 22)
FAIL: g++.dg/overload/member2.C (test for excess errors)
WARNING: g++.dg/overload/member2.C compilation failed to produce executable
XPASS: g++.dg/parse/angle-bracket.C  (test for bogus messages, line 7)
FAIL: g++.dg/parse/angle-bracket.C (test for excess errors)
WARNING: program timed out.
FAIL: g++.dg/parse/concat1.C (test for excess errors)
FAIL: g++.dg/parse/friend1.C (test for excess errors)
WARNING: program timed out.
FAIL: g++.dg/parse/saved1.C  (test for errors, line 6)
FAIL: g++.dg/parse/stack1.C (test for excess errors)
WARNING: program timed out.
FAIL: g++.dg/parse/stmtexpr3.C (test for excess errors)
FAIL: g++.dg/rtti/crash1.C (test for excess errors)
FAIL: g++.dg/rtti/cv1.C execution test
FAIL: g++.dg/template/access2.C  (test for errors, line 7)
FAIL: g++.dg/template/access2.C  (test for errors, line 12)
FAIL: g++.dg/template/access2.C  (test for errors, line 18)
FAIL: g++.dg/template/access3.C  (test for errors, line 7)
FAIL: g++.dg/template/access3.C  (test for errors, line 11)
FAIL: g++.dg/template/access3.C  (test for errors, line 16)
FAIL: g++.dg/template/char1.C (test for excess errors)
FAIL: g++.dg/template/complit1.C (test for excess errors)
FAIL: g++.dg/template/conv1.C (test for excess errors)
FAIL: g++.dg/template/conv2.C (test for excess errors)
WARNING: g++.dg/template/conv2.C compilation failed to produce executable
FAIL: g++.dg/template/conv3.C (test for excess errors)
WARNING: g++.dg/template/conv3.C compilation failed to produce executable
FAIL: g++.dg/template/conv4.C (test for excess errors)
FAIL: g++.dg/template/crash2.C (test for excess errors)
FAIL: g++.dg/template/deduce1.C execution test
FAIL: g++.dg/template/dtor1.C (test for excess errors)
FAIL: g++.dg/template/friend.C (test for excess errors)
FAIL: g++.dg/template/instantiate1.C  (test for errors, line 12)
FAIL: g++.dg/template/instantiate1.C  (test for errors, line 16)
FAIL: g++.dg/template/instantiate1.C (test for excess errors)
FAIL: g++.dg/template/instantiate2.C  (test for errors, line 8)
FAIL: g++.dg/template/instantiate3.C  (test for errors, line 13)
FAIL: g++.dg/template/partial1.C (test for excess errors)
WARNING: g++.dg/template/partial1.C compilation failed to produce executable
FAIL: g++.dg/template/pretty1.C execution test
XPASS: g++.dg/template/qualttp20.C  (test for warnings, line 19)
FAIL: g++.dg/template/qualttp20.C  (test for errors, line 29)
FAIL: g++.dg/template/qualttp20.C  (test for errors, line 30)
FAIL: g++.dg/template/qualttp20.C  (test for errors, line 31)
FAIL: g++.dg/template/qualttp20.C  (test for errors, line 35)
FAIL: g++.dg/template/qualttp21.C  (test for errors, line 11)
FAIL: g++.dg/template/qualttp21.C (test for excess errors)
FAIL: g++.dg/template/ref1.C (test for excess errors)
FAIL: g++.dg/template/restrict1.C (test for excess errors)
FAIL: g++.dg/template/spec4.C  (test for errors, line 11)
FAIL: g++.dg/template/static1.C  (test for errors, line 3)
FAIL: g++.dg/template/static1.C (test for excess errors)
FAIL: g++.dg/template/static2.C  (test for errors, line 7)
FAIL: g++.dg/template/static2.C (test for excess errors)
FAIL: g++.dg/template/strlen1.C (test for excess errors)
FAIL: g++.dg/template/subst1.C (test for excess errors)
FAIL: g++.dg/template/typename3.C  (test for errors, line 6)
FAIL: g++.dg/template/typename3.C (test for excess errors)
FAIL: g++.dg/warn/Wreorder-1.C  (test for warnings, line 12)
FAIL: g++.dg/warn/Wreorder-1.C  (test for warnings, line 13)
FAIL: g++.dg/warn/Wunused-2.C  (test for warnings, line 5)
FAIL: g++.dg/warn/noreturn-1.C (test for excess errors)
FAIL: g++.dg/warn/noreturn-2.C  (test for warnings, line 4)
FAIL: 0: expected branch percentages not found: 25
FAIL: 0: expected branch percentages not found: 30
FAIL: 0: expected branch percentages not found: 32
FAIL: 0: expected branch percentages not found: 27
FAIL: 0: expected branch percentages not found: 50
FAIL: 0: expected branch percentages not found: 7
FAIL: 0: expected branch percentages not found: 40
FAIL: 0: expected branch percentages not found: 0
FAIL: 0: expected branch percentages not found: 50
FAIL: 0: expected branch percentages not found: 20
FAIL: 0: expected branch percentages not found: 20
FAIL: 0: expected branch percentages not found: 0
FAIL: 0: expected branch percentages not found: 17
FAIL: 0: expected branch percentages not found: 0
FAIL: 0: expected branch percentages not found: 50
FAIL: 0: expected branch percentages not found: 33
FAIL: 0: expected branch percentages not found: 0
FAIL: 0: expected branch percentages not found: 27 50 25
FAIL: 0: expected branch percentages not found: 45
FAIL: 0: expected branch percentages not found: 40
FAIL: 0: expected branch percentages not found: 50
FAIL: 0: expected branch percentages not found: 9 10 11
FAIL: 0: expected branch percentages not found: 20 25
FAIL: 0: expected branch percentages not found: 33
FAIL: g++.dg/gcov/gcov-1.C gcov: 0 failures in line counts, 24 in branch percentages, 0 in return percentages
FAIL: g++.dg/tls/diag-1.C (test for excess errors)
FAIL: g++.dg/tls/diag-2.C  (test for errors, line 3)
FAIL: g++.dg/tls/diag-2.C  (test for errors, line 4)
FAIL: g++.dg/tls/diag-2.C  (test for errors, line 5)
FAIL: g++.dg/tls/diag-2.C  (test for errors, line 6)
FAIL: g++.dg/tls/diag-2.C  (test for errors, line 10)
FAIL: g++.dg/tls/diag-2.C  (test for errors, line 11)
FAIL: g++.dg/tls/diag-2.C  (test for errors, line 12)
FAIL: g++.dg/tls/diag-2.C  (test for errors, line 13)
FAIL: g++.dg/tls/diag-2.C  (test for errors, line 16)
FAIL: g++.dg/tls/diag-2.C  (test for errors, line 17)
FAIL: g++.dg/tls/diag-2.C  (test for errors, line 18)
FAIL: g++.dg/tls/diag-2.C  (test for errors, line 19)
FAIL: g++.dg/tls/diag-2.C  (test for errors, line 21)
FAIL: g++.dg/tls/diag-2.C  (test for errors, line 24)
FAIL: g++.dg/tls/diag-2.C (test for excess errors)
FAIL: g++.dg/tls/init-1.C (test for excess errors)
FAIL: g++.dg/tls/init-2.C  (test for errors, line 4)
FAIL: g++.dg/tls/init-2.C  (test for errors, line 7)
FAIL: g++.dg/tls/init-2.C  (test for errors, line 13)
FAIL: g++.dg/tls/init-2.C (test for excess errors)
FAIL: g++.dg/tls/trivial.C (test for excess errors)
FAIL: g++.benjamin/15071.C (test for excess errors)
FAIL: g++.benjamin/15799.C candidate (test for errors, line 18)
FAIL: g++.brendan/copy9.C (test for excess errors)
FAIL: g++.brendan/crash15.C (test for excess errors)
FAIL: g++.brendan/crash20.C (test for excess errors)
FAIL: g++.brendan/crash30.C (test for excess errors)
FAIL: g++.brendan/crash38.C (test for excess errors)
FAIL: g++.brendan/crash49.C (test for excess errors)
FAIL: g++.brendan/crash62.C (test for excess errors)
FAIL: g++.brendan/cvt1.C (test for excess errors)
FAIL: g++.brendan/err-msg3.C (test for excess errors)
FAIL: g++.brendan/nest21.C (test for excess errors)
FAIL: g++.brendan/ptolemy2.C (test for excess errors)
FAIL: g++.bugs/900514_03.C (test for excess errors)
FAIL: g++.eh/badalloc1.C  Execution test
FAIL: g++.ext/memconst.C  (test for errors, line 15)
FAIL: g++.ext/memconst.C  (test for errors, line 24)
FAIL: g++.ext/syshdr1.C (test for excess errors)
FAIL: g++.jason/report.C constifying qualifiers (test for errors, line 50)
FAIL: g++.jason/template24.C (test for excess errors)
FAIL: g++.jason/template31.C (test for excess errors)
FAIL: g++.jason/typeid1.C (test for excess errors)
FAIL: g++.law/arg1.C (test for excess errors)
FAIL: g++.law/arg8.C (test for excess errors)
FAIL: g++.law/arm12.C (test for excess errors)
FAIL: g++.law/arm9.C (test for excess errors)
FAIL: g++.law/bad-error7.C (test for excess errors)
FAIL: g++.law/code-gen5.C (test for excess errors)
FAIL: g++.law/ctors10.C (test for excess errors)
FAIL: g++.law/ctors12.C (test for excess errors)
FAIL: g++.law/ctors13.C (test for excess errors)
FAIL: g++.law/ctors17.C (test for excess errors)
FAIL: g++.law/ctors6.C (test for excess errors)
FAIL: g++.law/cvt16.C (test for excess errors)
FAIL: g++.law/cvt2.C (test for excess errors)
FAIL: g++.law/missed-error2.C (test for excess errors)
FAIL: g++.law/nest3.C (test for excess errors)
FAIL: g++.law/operators32.C (test for excess errors)
FAIL: g++.law/operators4.C (test for excess errors)
FAIL: g++.law/profile1.C (test for excess errors)
FAIL: g++.law/vbase1.C (test for excess errors)
FAIL: g++.law/virtual3.C (test for excess errors)
FAIL: g++.law/visibility1.C (test for excess errors)
FAIL: g++.law/visibility10.C (test for excess errors)
FAIL: g++.law/visibility13.C (test for excess errors)
FAIL: g++.law/visibility17.C (test for excess errors)
FAIL: g++.law/visibility2.C (test for excess errors)
FAIL: g++.law/visibility22.C (test for excess errors)
FAIL: g++.law/visibility25.C (test for excess errors)
FAIL: g++.law/visibility7.C (test for excess errors)
FAIL: g++.martin/bitset1.C (test for excess errors)
FAIL: g++.mike/net2.C copy ctor candidate (test for errors, line 6)
FAIL: g++.mike/net46.C (test for excess errors)
FAIL: g++.mike/p10769a.C (test for excess errors)
FAIL: g++.mike/p658.C (test for excess errors)
FAIL: g++.mike/rtti1.C (test for excess errors)
FAIL: g++.mike/warn3.C reordered (test for warnings, line 10)
FAIL: g++.ns/using4.C (test for excess errors)
FAIL: g++.ns/using6.C (test for excess errors)
FAIL: g++.other/defarg6.C (test for excess errors)
FAIL: g++.other/headers1.C (test for excess errors)
FAIL: g++.other/init9.C (test for excess errors)
FAIL: g++.other/inline14.C (test for excess errors)
FAIL: g++.other/null1.C converting NULL to non-pointer type (test for warnings, line 25)
FAIL: g++.other/null1.C converting NULL to non-pointer type (test for warnings, line 26)
FAIL: g++.other/null1.C NULL used in arithmetic (test for warnings, line 29)
FAIL: g++.other/null1.C NULL used in arithmetic (test for warnings, line 30)
FAIL: g++.other/null1.C converting NULL to non-pointer type (test for warnings, line 33)
FAIL: g++.other/null1.C converting NULL to non-pointer type (test for warnings, line 34)
FAIL: g++.other/null1.C converting NULL to non-pointer type (test for warnings, line 35)
FAIL: g++.other/null1.C converting NULL to non-pointer-type (test for warnings, line 36)
FAIL: g++.other/null1.C converting NULL to non-pointer type (test for warnings, line 37)
FAIL: g++.other/null1.C converting NULL to non-pointer type (test for warnings, line 38)
FAIL: g++.other/null1.C converting NULL to int (test for warnings, line 39)
FAIL: g++.other/null1.C converting NULL to int (test for warnings, line 40)
FAIL: g++.other/null1.C NULL bound to integer template parameter (test for warnings, line 41)
FAIL: g++.other/null1.C converting NULL to int (test for warnings, line 42)
FAIL: g++.other/qual1.C constifying (test for errors, line 14)
FAIL: g++.other/syshdr1.C (test for excess errors)
FAIL: g++.pt/crash10.C division (test for errors, line 6)
FAIL: g++.pt/crash32.C struct is required (test for errors, line 11)
FAIL: g++.pt/crash68.C (test for excess errors)
FAIL: g++.pt/derived3.C invalid base type (test for errors, line 10)
FAIL: g++.pt/derived3.C (test for excess errors)
FAIL: g++.pt/export1.C export not implemented (test for warnings, line 18)
FAIL: g++.pt/instantiate10.C (test for excess errors)
FAIL: g++.pt/instantiate4.C (test for excess errors)
FAIL: g++.pt/instantiate6.C (test for excess errors)
FAIL: g++.pt/memtemp64.C (test for excess errors)
FAIL: g++.pt/memtemp89.C Q::X private (test for errors, line 8)
FAIL: g++.pt/memtemp89.C instantiated from here (test for errors, line 15)
FAIL: g++.pt/repo1.C (test for excess errors)
FAIL: g++.pt/repo2.C (test for excess errors)
FAIL: g++.pt/repo3.C (test for excess errors)
FAIL: g++.pt/repo4.C (test for excess errors)
FAIL: g++.pt/ttp19.C (test for excess errors)
FAIL: g++.pt/ttp40.C (test for excess errors)
FAIL: g++.robertl/eb109.C (test for excess errors)
FAIL: g++.robertl/eb113.C (test for excess errors)
FAIL: g++.robertl/eb124.C (test for excess errors)
FAIL: g++.robertl/eb127.C (test for excess errors)
FAIL: g++.robertl/eb129.C (test for excess errors)
FAIL: g++.robertl/eb129a.C (test for excess errors)
FAIL: g++.robertl/eb15.C (test for excess errors)
FAIL: g++.robertl/eb17.C (test for excess errors)
FAIL: g++.robertl/eb21.C (test for excess errors)
FAIL: g++.robertl/eb24.C (test for excess errors)
FAIL: g++.robertl/eb28.C (test for excess errors)
FAIL: g++.robertl/eb29.C (test for excess errors)
FAIL: g++.robertl/eb3.C (test for excess errors)
FAIL: g++.robertl/eb30.C (test for excess errors)
FAIL: g++.robertl/eb31.C (test for excess errors)
FAIL: g++.robertl/eb33.C (test for excess errors)
FAIL: g++.robertl/eb36.C (test for excess errors)
FAIL: g++.robertl/eb39.C (test for excess errors)
FAIL: g++.robertl/eb4.C referenced below (test for errors, line 9)
FAIL: g++.robertl/eb4.C abstract class (test for errors, line 40)
FAIL: g++.robertl/eb4.C incomplete class (test for errors, line 41)
FAIL: g++.robertl/eb4.C dfs not declared (test for errors, line 46)
FAIL: g++.robertl/eb4.C (test for excess errors)
FAIL: g++.robertl/eb41.C (test for excess errors)
FAIL: g++.robertl/eb43.C (test for excess errors)
FAIL: g++.robertl/eb44.C (test for excess errors)
FAIL: g++.robertl/eb46.C (test for excess errors)
FAIL: g++.robertl/eb54.C (test for excess errors)
FAIL: g++.robertl/eb55.C (test for excess errors)
FAIL: g++.robertl/eb59.C (test for excess errors)
FAIL: g++.robertl/eb60.C (test for excess errors)
FAIL: g++.robertl/eb62.C (test for excess errors)
FAIL: g++.robertl/eb65.C (test for excess errors)
FAIL: g++.robertl/eb66.C (test for excess errors)
FAIL: g++.robertl/eb7.C (test for excess errors)
FAIL: g++.robertl/eb77.C (test for excess errors)
FAIL: g++.robertl/eb79.C (test for excess errors)

		=== g++ Summary ===

# of expected passes		7529
# of unexpected failures	337
# of unexpected successes	2
# of expected failures		117
# of unresolved testcases	8
# of untested testcases		12
# of unsupported tests		3
/usr/bin/c++ version 3.2.1 [FreeBSD] 20021009 (prerelease)

		=== g77 tests ===


Running target unix/-pthread
ERROR: G77_UNDER_TEST (g77) does not exist
		=== gcc tests ===


Running target unix/-pthread
FAIL: gcc.c-torture/compile/simd-2.c,  -O0  
FAIL: gcc.c-torture/compile/simd-2.c,  -O1  
FAIL: gcc.c-torture/compile/simd-2.c,  -O2  
FAIL: gcc.c-torture/compile/simd-2.c,  -O3 -fomit-frame-pointer  
FAIL: gcc.c-torture/compile/simd-2.c,  -O3 -g  
FAIL: gcc.c-torture/compile/simd-2.c,  -Os  
FAIL: gcc.c-torture/compile/simd-1.c,  -O0  
FAIL: gcc.c-torture/compile/simd-1.c,  -O1  
FAIL: gcc.c-torture/compile/simd-1.c,  -O2  
FAIL: gcc.c-torture/compile/simd-1.c,  -O3 -fomit-frame-pointer  
FAIL: gcc.c-torture/compile/simd-1.c,  -O3 -g  
FAIL: gcc.c-torture/compile/simd-1.c,  -Os  
FAIL: gcc.c-torture/compile/simd-3.c,  -O0  
FAIL: gcc.c-torture/compile/simd-3.c,  -O1  
FAIL: gcc.c-torture/compile/simd-3.c,  -O2  
FAIL: gcc.c-torture/compile/simd-3.c,  -O3 -fomit-frame-pointer  
FAIL: gcc.c-torture/compile/simd-3.c,  -O3 -g  
FAIL: gcc.c-torture/compile/simd-3.c,  -Os  
FAIL: gcc.c-torture/compile/simd-4.c,  -O0  
FAIL: gcc.c-torture/compile/simd-4.c,  -O1  
FAIL: gcc.c-torture/compile/simd-4.c,  -O2  
FAIL: gcc.c-torture/compile/simd-4.c,  -O3 -fomit-frame-pointer  
FAIL: gcc.c-torture/compile/simd-4.c,  -O3 -g  
FAIL: gcc.c-torture/compile/simd-4.c,  -Os  
FAIL: gcc.c-torture/compile/20020927-1.c,  -O3 -fomit-frame-pointer  
FAIL: gcc.c-torture/compile/20020927-1.c,  -O3 -fomit-frame-pointer -funroll-loops  
FAIL: gcc.c-torture/compile/20020927-1.c,  -O3 -fomit-frame-pointer -funroll-all-loops -finline-functions  
FAIL: gcc.c-torture/compile/20020927-1.c,  -O3 -g  
FAIL: gcc.c-torture/compile/simd-5.c,  -O0  
FAIL: gcc.c-torture/compile/simd-5.c,  -O1  
FAIL: gcc.c-torture/compile/simd-5.c,  -O2  
FAIL: gcc.c-torture/compile/simd-5.c,  -O3 -fomit-frame-pointer  
FAIL: gcc.c-torture/compile/simd-5.c,  -O3 -g  
FAIL: gcc.c-torture/compile/simd-5.c,  -Os  
FAIL: gcc.c-torture/compile/20021110.c,  -O0  
FAIL: gcc.c-torture/compile/20021119-1.c,  -O0  
FAIL: gcc.c-torture/compile/20021120-1.c,  -O1  
FAIL: gcc.c-torture/compile/20021120-1.c,  -O2  
FAIL: gcc.c-torture/compile/20021120-1.c,  -O3 -fomit-frame-pointer  
FAIL: gcc.c-torture/compile/20021120-1.c,  -O3 -g  
FAIL: gcc.c-torture/compile/20021120-1.c,  -Os  
FAIL: gcc.c-torture/compile/20021120-2.c,  -O1  
FAIL: gcc.c-torture/compile/20021120-2.c,  -O2  
FAIL: gcc.c-torture/compile/20021120-2.c,  -O3 -fomit-frame-pointer  
FAIL: gcc.c-torture/compile/20021120-2.c,  -O3 -g  
FAIL: gcc.c-torture/compile/20021120-2.c,  -Os  
FAIL: gcc.c-torture/compile/20021124-1.c,  -O1  
FAIL: gcc.c-torture/compile/20021124-1.c,  -O2  
FAIL: gcc.c-torture/compile/20021124-1.c,  -O3 -fomit-frame-pointer  
FAIL: gcc.c-torture/compile/20021124-1.c,  -O3 -g  
FAIL: gcc.c-torture/compile/20021124-1.c,  -Os  
FAIL: gcc.c-torture/compile/20021204-1.c,  -O0  
FAIL: gcc.c-torture/compile/20021204-1.c,  -O1  
FAIL: gcc.c-torture/compile/20021204-1.c,  -O2  
FAIL: gcc.c-torture/compile/20021204-1.c,  -Os  
FAIL: gcc.c-torture/compile/20021212-1.c,  -O2  
FAIL: gcc.c-torture/compile/20021212-1.c,  -O3 -fomit-frame-pointer  
FAIL: gcc.c-torture/compile/20021212-1.c,  -O3 -fomit-frame-pointer -funroll-loops  
FAIL: gcc.c-torture/compile/20021212-1.c,  -O3 -fomit-frame-pointer -funroll-all-loops -finline-functions  
FAIL: gcc.c-torture/compile/20021212-1.c,  -O3 -g  
FAIL: gcc.c-torture/compile/20021212-1.c,  -Os  
FAIL: gcc.c-torture/execute/20020506-1.c compilation,  -O0 
UNRESOLVED: gcc.c-torture/execute/20020506-1.c execution,  -O0 
FAIL: gcc.c-torture/execute/20020506-1.c compilation,  -O1 
UNRESOLVED: gcc.c-torture/execute/20020506-1.c execution,  -O1 
FAIL: gcc.c-torture/execute/20020506-1.c compilation,  -O2 
UNRESOLVED: gcc.c-torture/execute/20020506-1.c execution,  -O2 
FAIL: gcc.c-torture/execute/20020506-1.c compilation,  -O3 -fomit-frame-pointer 
UNRESOLVED: gcc.c-torture/execute/20020506-1.c execution,  -O3 -fomit-frame-pointer 
FAIL: gcc.c-torture/execute/20020506-1.c compilation,  -O3 -g 
UNRESOLVED: gcc.c-torture/execute/20020506-1.c execution,  -O3 -g 
FAIL: gcc.c-torture/execute/20020506-1.c compilation,  -Os 
UNRESOLVED: gcc.c-torture/execute/20020506-1.c execution,  -Os 
FAIL: gcc.c-torture/execute/20020720-1.c compilation,  -O1 
UNRESOLVED: gcc.c-torture/execute/20020720-1.c execution,  -O1 
FAIL: gcc.c-torture/execute/20020720-1.c compilation,  -O2 
UNRESOLVED: gcc.c-torture/execute/20020720-1.c execution,  -O2 
FAIL: gcc.c-torture/execute/20020720-1.c compilation,  -O3 -fomit-frame-pointer 
UNRESOLVED: gcc.c-torture/execute/20020720-1.c execution,  -O3 -fomit-frame-pointer 
FAIL: gcc.c-torture/execute/20020720-1.c compilation,  -O3 -g 
UNRESOLVED: gcc.c-torture/execute/20020720-1.c execution,  -O3 -g 
FAIL: gcc.c-torture/execute/20020720-1.c compilation,  -Os 
UNRESOLVED: gcc.c-torture/execute/20020720-1.c execution,  -Os 
FAIL: gcc.c-torture/execute/20020805-1.c execution,  -O0 
FAIL: gcc.c-torture/execute/20020805-1.c execution,  -O1 
FAIL: gcc.c-torture/execute/20020805-1.c execution,  -O2 
FAIL: gcc.c-torture/execute/20020805-1.c execution,  -O3 -fomit-frame-pointer 
FAIL: gcc.c-torture/execute/20020805-1.c execution,  -O3 -g 
FAIL: gcc.c-torture/execute/20020805-1.c execution,  -Os 
FAIL: gcc.c-torture/execute/20020911-1.c execution,  -O1 
FAIL: gcc.c-torture/execute/20020911-1.c execution,  -O2 
FAIL: gcc.c-torture/execute/20020911-1.c execution,  -O3 -fomit-frame-pointer 
FAIL: gcc.c-torture/execute/20020911-1.c execution,  -O3 -g 
FAIL: gcc.c-torture/execute/20020911-1.c execution,  -Os 
FAIL: gcc.c-torture/execute/20021010-2.c execution,  -O2 
FAIL: gcc.c-torture/execute/20021010-2.c execution,  -O3 -fomit-frame-pointer 
FAIL: gcc.c-torture/execute/20021010-2.c execution,  -O3 -g 
FAIL: gcc.c-torture/execute/20021010-2.c execution,  -Os 
FAIL: gcc.c-torture/execute/20021118-3.c execution,  -O1 
FAIL: gcc.c-torture/execute/20021118-3.c execution,  -O2 
FAIL: gcc.c-torture/execute/20021118-3.c execution,  -Os 
FAIL: gcc.c-torture/execute/20021119-1.c execution,  -O0 
FAIL: gcc.c-torture/execute/20021119-1.c execution,  -O1 
FAIL: gcc.c-torture/execute/20021119-1.c execution,  -O2 
FAIL: gcc.c-torture/execute/20021119-1.c execution,  -O3 -fomit-frame-pointer 
FAIL: gcc.c-torture/execute/20021119-1.c execution,  -O3 -g 
FAIL: gcc.c-torture/execute/20021119-1.c execution,  -Os 
FAIL: gcc.c-torture/execute/20021127-1.c execution,  -O0 
FAIL: gcc.c-torture/execute/20021127-1.c execution,  -O1 
FAIL: gcc.c-torture/execute/20021127-1.c execution,  -O2 
FAIL: gcc.c-torture/execute/20021127-1.c execution,  -O3 -fomit-frame-pointer 
FAIL: gcc.c-torture/execute/20021127-1.c execution,  -O3 -g 
FAIL: gcc.c-torture/execute/20021127-1.c execution,  -Os 
FAIL: gcc.c-torture/execute/ashldi-1.c compilation,  -O0 
UNRESOLVED: gcc.c-torture/execute/ashldi-1.c execution,  -O0 
FAIL: gcc.c-torture/execute/ashldi-1.c compilation,  -O1 
UNRESOLVED: gcc.c-torture/execute/ashldi-1.c execution,  -O1 
FAIL: gcc.c-torture/execute/ashldi-1.c compilation,  -O2 
UNRESOLVED: gcc.c-torture/execute/ashldi-1.c execution,  -O2 
FAIL: gcc.c-torture/execute/ashldi-1.c compilation,  -O3 -fomit-frame-pointer 
UNRESOLVED: gcc.c-torture/execute/ashldi-1.c execution,  -O3 -fomit-frame-pointer 
FAIL: gcc.c-torture/execute/ashldi-1.c compilation,  -O3 -fomit-frame-pointer -funroll-loops 
UNRESOLVED: gcc.c-torture/execute/ashldi-1.c execution,  -O3 -fomit-frame-pointer -funroll-loops 
FAIL: gcc.c-torture/execute/ashldi-1.c compilation,  -O3 -fomit-frame-pointer -funroll-all-loops -finline-functions 
UNRESOLVED: gcc.c-torture/execute/ashldi-1.c execution,  -O3 -fomit-frame-pointer -funroll-all-loops -finline-functions 
FAIL: gcc.c-torture/execute/ashldi-1.c compilation,  -O3 -g 
UNRESOLVED: gcc.c-torture/execute/ashldi-1.c execution,  -O3 -g 
FAIL: gcc.c-torture/execute/ashldi-1.c compilation,  -Os 
UNRESOLVED: gcc.c-torture/execute/ashldi-1.c execution,  -Os 
FAIL: gcc.c-torture/execute/ashrdi-1.c compilation,  -O0 
UNRESOLVED: gcc.c-torture/execute/ashrdi-1.c execution,  -O0 
FAIL: gcc.c-torture/execute/ashrdi-1.c compilation,  -O1 
UNRESOLVED: gcc.c-torture/execute/ashrdi-1.c execution,  -O1 
FAIL: gcc.c-torture/execute/ashrdi-1.c compilation,  -O2 
UNRESOLVED: gcc.c-torture/execute/ashrdi-1.c execution,  -O2 
FAIL: gcc.c-torture/execute/ashrdi-1.c compilation,  -O3 -fomit-frame-pointer 
UNRESOLVED: gcc.c-torture/execute/ashrdi-1.c execution,  -O3 -fomit-frame-pointer 
FAIL: gcc.c-torture/execute/ashrdi-1.c compilation,  -O3 -fomit-frame-pointer -funroll-loops 
UNRESOLVED: gcc.c-torture/execute/ashrdi-1.c execution,  -O3 -fomit-frame-pointer -funroll-loops 
FAIL: gcc.c-torture/execute/ashrdi-1.c compilation,  -O3 -fomit-frame-pointer -funroll-all-loops -finline-functions 
UNRESOLVED: gcc.c-torture/execute/ashrdi-1.c execution,  -O3 -fomit-frame-pointer -funroll-all-loops -finline-functions 
FAIL: gcc.c-torture/execute/ashrdi-1.c compilation,  -O3 -g 
UNRESOLVED: gcc.c-torture/execute/ashrdi-1.c execution,  -O3 -g 
FAIL: gcc.c-torture/execute/ashrdi-1.c compilation,  -Os 
UNRESOLVED: gcc.c-torture/execute/ashrdi-1.c execution,  -Os 
FAIL: gcc.c-torture/execute/builtin-abs-1.c compilation,  -O0 
UNRESOLVED: gcc.c-torture/execute/builtin-abs-1.c execution,  -O0 
FAIL: gcc.c-torture/execute/builtin-abs-1.c compilation,  -O1 
UNRESOLVED: gcc.c-torture/execute/builtin-abs-1.c execution,  -O1 
FAIL: gcc.c-torture/execute/builtin-abs-1.c compilation,  -O2 
UNRESOLVED: gcc.c-torture/execute/builtin-abs-1.c execution,  -O2 
FAIL: gcc.c-torture/execute/builtin-abs-1.c compilation,  -O3 -fomit-frame-pointer 
UNRESOLVED: gcc.c-torture/execute/builtin-abs-1.c execution,  -O3 -fomit-frame-pointer 
FAIL: gcc.c-torture/execute/builtin-abs-1.c compilation,  -O3 -g 
UNRESOLVED: gcc.c-torture/execute/builtin-abs-1.c execution,  -O3 -g 
FAIL: gcc.c-torture/execute/builtin-abs-1.c compilation,  -Os 
UNRESOLVED: gcc.c-torture/execute/builtin-abs-1.c execution,  -Os 
FAIL: gcc.c-torture/execute/builtin-abs-2.c compilation,  -O0 
UNRESOLVED: gcc.c-torture/execute/builtin-abs-2.c execution,  -O0 
FAIL: gcc.c-torture/execute/builtin-abs-2.c compilation,  -O1 
UNRESOLVED: gcc.c-torture/execute/builtin-abs-2.c execution,  -O1 
FAIL: gcc.c-torture/execute/builtin-abs-2.c compilation,  -O2 
UNRESOLVED: gcc.c-torture/execute/builtin-abs-2.c execution,  -O2 
FAIL: gcc.c-torture/execute/builtin-abs-2.c compilation,  -O3 -fomit-frame-pointer 
UNRESOLVED: gcc.c-torture/execute/builtin-abs-2.c execution,  -O3 -fomit-frame-pointer 
FAIL: gcc.c-torture/execute/builtin-abs-2.c compilation,  -O3 -g 
UNRESOLVED: gcc.c-torture/execute/builtin-abs-2.c execution,  -O3 -g 
FAIL: gcc.c-torture/execute/builtin-abs-2.c compilation,  -Os 
UNRESOLVED: gcc.c-torture/execute/builtin-abs-2.c execution,  -Os 
FAIL: gcc.c-torture/execute/builtin-constant.c execution,  -O1 
FAIL: gcc.c-torture/execute/builtin-constant.c execution,  -O2 
FAIL: gcc.c-torture/execute/builtin-constant.c execution,  -O3 -fomit-frame-pointer 
FAIL: gcc.c-torture/execute/builtin-constant.c execution,  -O3 -g 
FAIL: gcc.c-torture/execute/builtin-constant.c execution,  -Os 
FAIL: gcc.c-torture/execute/builtin-noret-1.c compilation,  -O1 
UNRESOLVED: gcc.c-torture/execute/builtin-noret-1.c execution,  -O1 
FAIL: gcc.c-torture/execute/builtin-noret-1.c compilation,  -O2 
UNRESOLVED: gcc.c-torture/execute/builtin-noret-1.c execution,  -O2 
FAIL: gcc.c-torture/execute/builtin-noret-1.c compilation,  -O3 -fomit-frame-pointer 
UNRESOLVED: gcc.c-torture/execute/builtin-noret-1.c execution,  -O3 -fomit-frame-pointer 
FAIL: gcc.c-torture/execute/builtin-noret-1.c compilation,  -O3 -g 
UNRESOLVED: gcc.c-torture/execute/builtin-noret-1.c execution,  -O3 -g 
FAIL: gcc.c-torture/execute/builtin-noret-1.c compilation,  -Os 
UNRESOLVED: gcc.c-torture/execute/builtin-noret-1.c execution,  -Os 
FAIL: gcc.c-torture/execute/compare-3.c compilation,  -O1 
UNRESOLVED: gcc.c-torture/execute/compare-3.c execution,  -O1 
FAIL: gcc.c-torture/execute/compare-3.c compilation,  -O2 
UNRESOLVED: gcc.c-torture/execute/compare-3.c execution,  -O2 
FAIL: gcc.c-torture/execute/compare-3.c compilation,  -O3 -fomit-frame-pointer 
UNRESOLVED: gcc.c-torture/execute/compare-3.c execution,  -O3 -fomit-frame-pointer 
FAIL: gcc.c-torture/execute/compare-3.c compilation,  -O3 -g 
UNRESOLVED: gcc.c-torture/execute/compare-3.c execution,  -O3 -g 
FAIL: gcc.c-torture/execute/compare-3.c compilation,  -Os 
UNRESOLVED: gcc.c-torture/execute/compare-3.c execution,  -Os 
FAIL: gcc.c-torture/execute/conversion.c execution,  -O0 
FAIL: gcc.c-torture/execute/conversion.c execution,  -O1 
FAIL: gcc.c-torture/execute/conversion.c execution,  -O2 
FAIL: gcc.c-torture/execute/conversion.c execution,  -Os 
FAIL: gcc.c-torture/execute/ffs-2.c compilation,  -O0 
UNRESOLVED: gcc.c-torture/execute/ffs-2.c execution,  -O0 
FAIL: gcc.c-torture/execute/ffs-2.c compilation,  -O1 
UNRESOLVED: gcc.c-torture/execute/ffs-2.c execution,  -O1 
FAIL: gcc.c-torture/execute/ffs-2.c compilation,  -O2 
UNRESOLVED: gcc.c-torture/execute/ffs-2.c execution,  -O2 
FAIL: gcc.c-torture/execute/ffs-2.c compilation,  -O3 -fomit-frame-pointer 
UNRESOLVED: gcc.c-torture/execute/ffs-2.c execution,  -O3 -fomit-frame-pointer 
FAIL: gcc.c-torture/execute/ffs-2.c compilation,  -O3 -fomit-frame-pointer -funroll-loops 
UNRESOLVED: gcc.c-torture/execute/ffs-2.c execution,  -O3 -fomit-frame-pointer -funroll-loops 
FAIL: gcc.c-torture/execute/ffs-2.c compilation,  -O3 -fomit-frame-pointer -funroll-all-loops -finline-functions 
UNRESOLVED: gcc.c-torture/execute/ffs-2.c execution,  -O3 -fomit-frame-pointer -funroll-all-loops -finline-functions 
FAIL: gcc.c-torture/execute/ffs-2.c compilation,  -O3 -g 
UNRESOLVED: gcc.c-torture/execute/ffs-2.c execution,  -O3 -g 
FAIL: gcc.c-torture/execute/ffs-2.c compilation,  -Os 
UNRESOLVED: gcc.c-torture/execute/ffs-2.c execution,  -Os 
FAIL: gcc.c-torture/execute/loop-2e.c compilation,  -O0 
UNRESOLVED: gcc.c-torture/execute/loop-2e.c execution,  -O0 
FAIL: gcc.c-torture/execute/loop-2e.c compilation,  -O1 
UNRESOLVED: gcc.c-torture/execute/loop-2e.c execution,  -O1 
FAIL: gcc.c-torture/execute/loop-2e.c compilation,  -O2 
UNRESOLVED: gcc.c-torture/execute/loop-2e.c execution,  -O2 
FAIL: gcc.c-torture/execute/loop-2e.c compilation,  -O3 -fomit-frame-pointer 
UNRESOLVED: gcc.c-torture/execute/loop-2e.c execution,  -O3 -fomit-frame-pointer 
FAIL: gcc.c-torture/execute/loop-2e.c compilation,  -O3 -fomit-frame-pointer -funroll-loops 
UNRESOLVED: gcc.c-torture/execute/loop-2e.c execution,  -O3 -fomit-frame-pointer -funroll-loops 
FAIL: gcc.c-torture/execute/loop-2e.c compilation,  -O3 -fomit-frame-pointer -funroll-all-loops -finline-functions 
UNRESOLVED: gcc.c-torture/execute/loop-2e.c execution,  -O3 -fomit-frame-pointer -funroll-all-loops -finline-functions 
FAIL: gcc.c-torture/execute/loop-2e.c compilation,  -O3 -g 
UNRESOLVED: gcc.c-torture/execute/loop-2e.c execution,  -O3 -g 
FAIL: gcc.c-torture/execute/loop-2e.c compilation,  -Os 
UNRESOLVED: gcc.c-torture/execute/loop-2e.c execution,  -Os 
FAIL: gcc.c-torture/execute/loop-3c.c execution,  -Os 
FAIL: gcc.c-torture/execute/lshrdi-1.c compilation,  -O0 
UNRESOLVED: gcc.c-torture/execute/lshrdi-1.c execution,  -O0 
FAIL: gcc.c-torture/execute/lshrdi-1.c compilation,  -O1 
UNRESOLVED: gcc.c-torture/execute/lshrdi-1.c execution,  -O1 
FAIL: gcc.c-torture/execute/lshrdi-1.c compilation,  -O2 
UNRESOLVED: gcc.c-torture/execute/lshrdi-1.c execution,  -O2 
FAIL: gcc.c-torture/execute/lshrdi-1.c compilation,  -O3 -fomit-frame-pointer 
UNRESOLVED: gcc.c-torture/execute/lshrdi-1.c execution,  -O3 -fomit-frame-pointer 
FAIL: gcc.c-torture/execute/lshrdi-1.c compilation,  -O3 -fomit-frame-pointer -funroll-loops 
UNRESOLVED: gcc.c-torture/execute/lshrdi-1.c execution,  -O3 -fomit-frame-pointer -funroll-loops 
FAIL: gcc.c-torture/execute/lshrdi-1.c compilation,  -O3 -fomit-frame-pointer -funroll-all-loops -finline-functions 
UNRESOLVED: gcc.c-torture/execute/lshrdi-1.c execution,  -O3 -fomit-frame-pointer -funroll-all-loops -finline-functions 
FAIL: gcc.c-torture/execute/lshrdi-1.c compilation,  -O3 -g 
UNRESOLVED: gcc.c-torture/execute/lshrdi-1.c execution,  -O3 -g 
FAIL: gcc.c-torture/execute/lshrdi-1.c compilation,  -Os 
UNRESOLVED: gcc.c-torture/execute/lshrdi-1.c execution,  -Os 
FAIL: gcc.c-torture/execute/mayalias-1.c execution,  -O2 
FAIL: gcc.c-torture/execute/mayalias-1.c execution,  -O3 -fomit-frame-pointer 
FAIL: gcc.c-torture/execute/mayalias-1.c execution,  -O3 -g 
FAIL: gcc.c-torture/execute/mayalias-1.c execution,  -Os 
FAIL: gcc.c-torture/execute/pure-1.c compilation,  -O1 
UNRESOLVED: gcc.c-torture/execute/pure-1.c execution,  -O1 
FAIL: gcc.c-torture/execute/pure-1.c compilation,  -O2 
UNRESOLVED: gcc.c-torture/execute/pure-1.c execution,  -O2 
FAIL: gcc.c-torture/execute/pure-1.c compilation,  -Os 
UNRESOLVED: gcc.c-torture/execute/pure-1.c execution,  -Os 
FAIL: gcc.c-torture/execute/shiftopt-1.c compilation,  -O1 
UNRESOLVED: gcc.c-torture/execute/shiftopt-1.c execution,  -O1 
FAIL: gcc.c-torture/execute/shiftopt-1.c compilation,  -O2 
UNRESOLVED: gcc.c-torture/execute/shiftopt-1.c execution,  -O2 
FAIL: gcc.c-torture/execute/shiftopt-1.c compilation,  -O3 -fomit-frame-pointer 
UNRESOLVED: gcc.c-torture/execute/shiftopt-1.c execution,  -O3 -fomit-frame-pointer 
FAIL: gcc.c-torture/execute/shiftopt-1.c compilation,  -O3 -g 
UNRESOLVED: gcc.c-torture/execute/shiftopt-1.c execution,  -O3 -g 
FAIL: gcc.c-torture/execute/shiftopt-1.c compilation,  -Os 
UNRESOLVED: gcc.c-torture/execute/shiftopt-1.c execution,  -Os 
FAIL: gcc.c-torture/execute/simd-1.c compilation,  -O0 
UNRESOLVED: gcc.c-torture/execute/simd-1.c execution,  -O0 
FAIL: gcc.c-torture/execute/simd-1.c compilation,  -O1 
UNRESOLVED: gcc.c-torture/execute/simd-1.c execution,  -O1 
FAIL: gcc.c-torture/execute/simd-1.c compilation,  -O2 
UNRESOLVED: gcc.c-torture/execute/simd-1.c execution,  -O2 
FAIL: gcc.c-torture/execute/simd-1.c compilation,  -O3 -fomit-frame-pointer 
UNRESOLVED: gcc.c-torture/execute/simd-1.c execution,  -O3 -fomit-frame-pointer 
FAIL: gcc.c-torture/execute/simd-1.c compilation,  -O3 -g 
UNRESOLVED: gcc.c-torture/execute/simd-1.c execution,  -O3 -g 
FAIL: gcc.c-torture/execute/simd-1.c compilation,  -Os 
UNRESOLVED: gcc.c-torture/execute/simd-1.c execution,  -Os 
FAIL: gcc.c-torture/execute/simd-2.c compilation,  -O0 
UNRESOLVED: gcc.c-torture/execute/simd-2.c execution,  -O0 
FAIL: gcc.c-torture/execute/simd-2.c compilation,  -O1 
UNRESOLVED: gcc.c-torture/execute/simd-2.c execution,  -O1 
FAIL: gcc.c-torture/execute/simd-2.c compilation,  -O2 
UNRESOLVED: gcc.c-torture/execute/simd-2.c execution,  -O2 
FAIL: gcc.c-torture/execute/simd-2.c compilation,  -O3 -fomit-frame-pointer 
UNRESOLVED: gcc.c-torture/execute/simd-2.c execution,  -O3 -fomit-frame-pointer 
FAIL: gcc.c-torture/execute/simd-2.c compilation,  -O3 -g 
UNRESOLVED: gcc.c-torture/execute/simd-2.c execution,  -O3 -g 
FAIL: gcc.c-torture/execute/simd-2.c compilation,  -Os 
UNRESOLVED: gcc.c-torture/execute/simd-2.c execution,  -Os 
FAIL: gcc.c-torture/execute/string-opt-17.c execution,  -O1 
FAIL: gcc.c-torture/execute/string-opt-17.c execution,  -O2 
FAIL: gcc.c-torture/execute/string-opt-17.c execution,  -O3 -fomit-frame-pointer 
FAIL: gcc.c-torture/execute/string-opt-17.c execution,  -O3 -g 
FAIL: gcc.c-torture/execute/string-opt-17.c execution,  -Os 
FAIL: gcc.c-torture/execute/ieee/inf-1.c compilation,  -O0 
UNRESOLVED: gcc.c-torture/execute/ieee/inf-1.c execution,  -O0 
FAIL: gcc.c-torture/execute/ieee/inf-1.c compilation,  -O1 
UNRESOLVED: gcc.c-torture/execute/ieee/inf-1.c execution,  -O1 
FAIL: gcc.c-torture/execute/ieee/inf-1.c compilation,  -O2 
UNRESOLVED: gcc.c-torture/execute/ieee/inf-1.c execution,  -O2 
FAIL: gcc.c-torture/execute/ieee/inf-1.c compilation,  -O3 -fomit-frame-pointer 
UNRESOLVED: gcc.c-torture/execute/ieee/inf-1.c execution,  -O3 -fomit-frame-pointer 
FAIL: gcc.c-torture/execute/ieee/inf-1.c compilation,  -O3 -g 
UNRESOLVED: gcc.c-torture/execute/ieee/inf-1.c execution,  -O3 -g 
FAIL: gcc.c-torture/execute/ieee/inf-1.c compilation,  -Os 
UNRESOLVED: gcc.c-torture/execute/ieee/inf-1.c execution,  -Os 
FAIL: gcc.dg/cpp/19990413-1.c error on this line (test for errors, line 12)
FAIL: gcc.dg/cpp/19990413-1.c (test for excess errors)
FAIL: gcc.dg/cpp/Wsignprom.c  (test for warnings, line 7)
FAIL: gcc.dg/cpp/Wsignprom.c  (test for warnings, line 10)
FAIL: gcc.dg/cpp/Wsignprom.c  (test for warnings, line 13)
FAIL: gcc.dg/cpp/Wsignprom.c  (test for warnings, line 16)
FAIL: gcc.dg/cpp/Wsignprom.c  (test for warnings, line 19)
FAIL: gcc.dg/cpp/Wsignprom.c  (test for warnings, line 22)
FAIL: gcc.dg/cpp/Wsignprom.c  (test for warnings, line 25)
FAIL: gcc.dg/cpp/Wunused.c  (test for warnings, line 17)
FAIL: gcc.dg/cpp/Wunused.c  (test for warnings, line 18)
FAIL: gcc.dg/cpp/Wunused.c  (test for warnings, line 19)
FAIL: _Pragma5.c: _Pragma in macro
FAIL: gcc.dg/cpp/arith-1.c  (test for bogus messages, line 111)
FAIL: gcc.dg/cpp/arith-3.c  (test for errors, line 146)
FAIL: gcc.dg/cpp/arith-3.c  (test for errors, line 148)
FAIL: gcc.dg/cpp/arith-3.c  (test for errors, line 152)
FAIL: gcc.dg/cpp/arith-3.c  (test for warnings, line 180)
FAIL: gcc.dg/cpp/arith-3.c  (test for warnings, line 184)
FAIL: gcc.dg/cpp/arith-3.c  (test for warnings, line 204)
FAIL: gcc.dg/cpp/arith-3.c  (test for warnings, line 208)
FAIL: gcc.dg/cpp/arith-3.c  (test for warnings, line 229)
FAIL: gcc.dg/cpp/arith-3.c  (test for warnings, line 233)
FAIL: gcc.dg/cpp/arith-3.c  (test for warnings, line 237)
FAIL: gcc.dg/cpp/arith-3.c  (test for warnings, line 265)
FAIL: gcc.dg/cpp/arith-3.c  (test for warnings, line 325)
FAIL: gcc.dg/cpp/arith-3.c  (test for warnings, line 333)
FAIL: gcc.dg/cpp/arith-3.c  (test for warnings, line 341)
FAIL: gcc.dg/cpp/arith-3.c  (test for warnings, line 345)
FAIL: gcc.dg/cpp/arith-3.c  (test for warnings, line 358)
FAIL: gcc.dg/cpp/arith-3.c  (test for warnings, line 377)
FAIL: gcc.dg/cpp/arith-3.c (test for excess errors)
FAIL: gcc.dg/cpp/c89-pedantic.c  (test for warnings, line 9)
FAIL: gcc.dg/cpp/c89-pedantic.c (test for excess errors)
FAIL: gcc.dg/cpp/c94-pedantic.c  (test for warnings, line 9)
FAIL: gcc.dg/cpp/c94-pedantic.c (test for excess errors)
FAIL: gcc.dg/cpp/charconst-3.c (test for excess errors)
FAIL: gcc.dg/cpp/charconst-3.c execution test
FAIL: gcc.dg/cpp/charconst-4.c (test for excess errors)
WARNING: gcc.dg/cpp/charconst-4.c compilation failed to produce executable
FAIL: gcc.dg/cpp/cmdlne-M.c warning not suppressed (test for bogus messages, line 8)
FAIL: gcc.dg/cpp/digraph2.c  (test for errors, line 12)
FAIL: gcc.dg/cpp/digraph2.c (test for excess errors)
FAIL: gcc.dg/cpp/direct2.c not a comment (test for errors, line 36)
FAIL: gcc.dg/cpp/direct2.c (test for excess errors)
FAIL: gcc.dg/cpp/endif-pedantic1.c bad warning (test for bogus messages, line 14)
FAIL: gcc.dg/cpp/endif-pedantic1.c bad warning (test for bogus messages, line 15)
FAIL: gcc.dg/cpp/extratokens2.c bad warning (test for bogus messages, line 14)
FAIL: gcc.dg/cpp/extratokens2.c bad warning (test for bogus messages, line 15)
FAIL: gcc.dg/cpp/gnuc89-pedantic.c  (test for warnings, line 9)
FAIL: gcc.dg/cpp/gnuc89-pedantic.c (test for excess errors)
FAIL: gcc.dg/cpp/if-1.c floating point in #if (test for errors, line 25)
FAIL: gcc.dg/cpp/if-1.c decimal in octal constant (test for errors, line 37)
FAIL: gcc.dg/cpp/if-1.c (test for excess errors)
FAIL: gcc.dg/cpp/if-cexp.c immediate : (test for errors, line 13)
FAIL: gcc.dg/cpp/if-cexp.c (test for excess errors)
FAIL: gcc.dg/cpp/if-mop.c no right operand (test for errors, line 15)
FAIL: gcc.dg/cpp/if-mop.c (test for excess errors)
FAIL: gcc.dg/cpp/if-mpar.c missing ')' no. 3 (test for errors, line 23)
FAIL: gcc.dg/cpp/if-mpar.c (test for excess errors)
FAIL: gcc.dg/cpp/mac-dir-1.c (test for excess errors)
WARNING: gcc.dg/cpp/mac-dir-1.c compilation failed to produce executable
FAIL: gcc.dg/cpp/mac-dir-2.c  (test for warnings, line 14)
FAIL: gcc.dg/cpp/mac-dir-2.c (test for excess errors)
FAIL: gcc.dg/cpp/maccom1.c (test for excess errors)
FAIL: gcc.dg/cpp/maccom2.c (test for excess errors)
FAIL: gcc.dg/cpp/maccom3.c (test for excess errors)
FAIL: gcc.dg/cpp/maccom4.c (test for excess errors)
FAIL: maccom4.c: comment in macro expansion with -CC
FAIL: gcc.dg/cpp/maccom5.c (test for excess errors)
FAIL: maccom5.c: C++ comment in macro expansion with -CC
FAIL: gcc.dg/cpp/maccom6.c (test for excess errors)
FAIL: gcc.dg/cpp/multiline.c multiline strings (test for errors, line 11)
FAIL: gcc.dg/cpp/multiline.c multiline strings (test for errors, line 14)
FAIL: gcc.dg/cpp/multiline.c multiline strings (test for errors, line 15)
FAIL: gcc.dg/cpp/multiline.c multiline strings (test for errors, line 18)
FAIL: gcc.dg/cpp/multiline.c warning in place of error (test for bogus messages, line 11)
FAIL: gcc.dg/cpp/multiline.c warning in place of error (test for bogus messages, line 15)
FAIL: gcc.dg/cpp/paste4.c (test for excess errors)
FAIL: gcc.dg/cpp/tr-warn2.c  (test for bogus messages, line 15)
FAIL: gcc.dg/cpp/tr-warn2.c  (test for bogus messages, line 18)
FAIL: gcc.dg/cpp/trad/Wunused.c  (test for warnings, line 17)
FAIL: gcc.dg/cpp/trad/Wunused.c  (test for warnings, line 18)
FAIL: gcc.dg/cpp/trad/Wunused.c  (test for warnings, line 19)
FAIL: gcc.dg/cpp/trad/argcount.c 2 args to 1 param macro (test for errors, line 12)
FAIL: gcc.dg/cpp/trad/argcount.c 2 args to 1 param macro (test for errors, line 13)
FAIL: gcc.dg/cpp/trad/argcount.c 1 arg to 0 param macro (test for errors, line 15)
FAIL: gcc.dg/cpp/trad/argcount.c 2 args to 0 param macro (test for errors, line 16)
FAIL: gcc.dg/cpp/trad/argcount.c 0 args to 2 param macro (test for errors, line 17)
FAIL: gcc.dg/cpp/trad/argcount.c 1 args to 2 param macro (test for errors, line 18)
FAIL: gcc.dg/cpp/trad/argcount.c 3 args to 2 param macro (test for errors, line 21)
FAIL: gcc.dg/cpp/trad/argcount.c (test for excess errors)
FAIL: gcc.dg/cpp/trad/assert2.c bad syntax (test for errors, line 22)
FAIL: gcc.dg/cpp/trad/assert2.c (test for excess errors)
FAIL: gcc.dg/cpp/trad/cmdlne-C.c (test for excess errors)
FAIL: gcc.dg/cpp/trad/directive.c  (test for errors, line 15)
FAIL: gcc.dg/cpp/trad/directive.c  (test for bogus messages, line 22)
FAIL: gcc.dg/cpp/trad/escaped-eof.c escaped EOF warning (test for warnings, line 7)
FAIL: gcc.dg/cpp/trad/funlike-3.c (test for excess errors)
FAIL: gcc.dg/cpp/trad/funlike.c macro-expanded parenthesis (test for errors, line 24)
FAIL: gcc.dg/cpp/trad/funlike.c (test for excess errors)
FAIL: gcc.dg/cpp/trad/literals-2.c bad charconst (test for errors, line 7)
FAIL: gcc.dg/cpp/trad/literals-2.c (test for excess errors)
FAIL: gcc.dg/cpp/trad/maccom1.c (test for excess errors)
FAIL: gcc.dg/cpp/trad/maccom2.c (test for excess errors)
FAIL: gcc.dg/cpp/trad/maccom3.c (test for excess errors)
FAIL: gcc.dg/cpp/trad/maccom4.c (test for excess errors)
FAIL: maccom4.c: comment in macro expansion with -CC
FAIL: gcc.dg/cpp/trad/maccom6.c (test for excess errors)
FAIL: gcc.dg/cpp/trad/macroargs.c (test for excess errors)
FAIL: gcc.dg/cpp/trad/macroargs.c execution test
FAIL: gcc.dg/cpp/trad/mi1.c redundant include check (test for errors, line )
FAIL: gcc.dg/cpp/trad/mi1.c (test for excess errors)
FAIL: gcc.dg/cpp/trad/mi5.c redundant include check with -C (test for errors, line )
FAIL: gcc.dg/cpp/trad/mi5.c (test for excess errors)
FAIL: gcc.dg/cpp/trad/mi7.c redundant include check (test for errors, line )
FAIL: gcc.dg/cpp/trad/mi7.c (test for excess errors)
FAIL: gcc.dg/cpp/trad/recurse-1.c  (test for errors, line 7)
FAIL: gcc.dg/cpp/trad/recurse-1.c  (test for errors, line 10)
FAIL: gcc.dg/cpp/trad/recurse-1.c (test for excess errors)
FAIL: gcc.dg/cpp/trad/recurse-2.c  (test for errors, line 7)
FAIL: gcc.dg/cpp/trad/recurse-2.c  (test for errors, line 13)
FAIL: gcc.dg/cpp/trad/recurse-2.c  (test for errors, line 16)
FAIL: gcc.dg/cpp/trad/recurse-2.c (test for excess errors)
FAIL: gcc.dg/cpp/trad/redef1.c (test for excess errors)
FAIL: gcc.dg/cpp/trad/redef2.c foo prev def (test for warnings, line 5)
FAIL: gcc.dg/cpp/trad/redef2.c foo prev def 2 (test for warnings, line 9)
FAIL: gcc.dg/cpp/trad/redef2.c foo prev def (test for warnings, line 13)
FAIL: gcc.dg/cpp/trad/redef2.c quux prev def (test for warnings, line 16)
FAIL: gcc.dg/cpp/trad/redef2.c bar prev def (test for warnings, line 19)
FAIL: gcc.dg/cpp/trad/redef2.c bat prev def (test for warnings, line 22)
FAIL: gcc.dg/cpp/trad/redef2.c baz prev def (test for warnings, line 25)
FAIL: gcc.dg/cpp/trad/redef2.c f prev def (test for warnings, line 28)
FAIL: gcc.dg/cpp/trad/redef2.c f redefined (test for warnings, line 29)
FAIL: gcc.dg/cpp/trad/redef2.c g prev def (test for warnings, line 31)
FAIL: gcc.dg/20011008-1.c  (test for warnings, line 4)
FAIL: gcc.dg/20011008-1.c (test for excess errors)
FAIL: gcc.dg/20020425-1.c (test for excess errors)
FAIL: gcc.dg/20020919-1.c  (test for errors, line 73)
FAIL: gcc.dg/20020919-1.c  (test for errors, line 89)
FAIL: gcc.dg/20020919-1.c  (test for errors, line 105)
FAIL: gcc.dg/20020919-1.c  (test for errors, line 114)
FAIL: gcc.dg/20020919-1.c  (test for errors, line 123)
FAIL: gcc.dg/20020919-1.c  (test for errors, line 132)
FAIL: gcc.dg/20020919-1.c  (test for errors, line 141)
FAIL: gcc.dg/20020919-1.c  (test for errors, line 159)
FAIL: gcc.dg/20020919-1.c  (test for errors, line 177)
FAIL: gcc.dg/20020919-1.c  (test for errors, line 195)
FAIL: gcc.dg/20020919-1.c  (test for errors, line 222)
FAIL: gcc.dg/20020919-1.c  (test for errors, line 231)
FAIL: gcc.dg/20020919-1.c  (test for errors, line 244)
FAIL: gcc.dg/20021014-1.c (test for excess errors)
WARNING: gcc.dg/20021014-1.c compilation failed to produce executable
FAIL: gcc.dg/20021029-1.c scan-assembler-not .data.rel.ro.local
FAIL: gcc.dg/20021029-2.c scan-assembler-not .rodata.cst
FAIL: gcc.dg/Wswitch-default.c  (test for warnings, line 14)
FAIL: gcc.dg/Wswitch-default.c  (test for warnings, line 22)
FAIL: gcc.dg/Wswitch-default.c  (test for warnings, line 31)
FAIL: gcc.dg/Wswitch-default.c  (test for warnings, line 41)
FAIL: gcc.dg/Wswitch-default.c  (test for warnings, line 53)
FAIL: gcc.dg/Wswitch-default.c (test for excess errors)
FAIL: gcc.dg/Wswitch-enum.c enum e1 (test for warnings, line 23)
FAIL: gcc.dg/Wswitch-enum.c enum e2 (test for warnings, line 23)
FAIL: gcc.dg/Wswitch-enum.c enum e1 (test for warnings, line 28)
FAIL: gcc.dg/Wswitch-enum.c enum e2 (test for warnings, line 28)
FAIL: gcc.dg/Wswitch-enum.c enum e2 (test for warnings, line 32)
FAIL: gcc.dg/Wswitch-enum.c enum e2 (test for warnings, line 37)
FAIL: gcc.dg/Wswitch-enum.c excess 3 (test for warnings, line 54)
FAIL: gcc.dg/Wswitch-enum.c excess 3 (test for warnings, line 61)
FAIL: gcc.dg/Wswitch-enum.c (test for excess errors)
FAIL: gcc.dg/alias-1.c  (test for warnings, line 22)
FAIL: gcc.dg/alias-1.c  (test for warnings, line 24)
FAIL: gcc.dg/alias-1.c (test for excess errors)
FAIL: gcc.dg/anon-struct-1.c  (test for warnings, line 9)
FAIL: gcc.dg/anon-struct-1.c  (test for warnings, line 16)
FAIL: gcc.dg/anon-struct-1.c  (test for warnings, line 24)
FAIL: gcc.dg/anon-struct-1.c  (test for warnings, line 32)
FAIL: gcc.dg/anon-struct-1.c  (test for warnings, line 52)
FAIL: gcc.dg/anon-struct-1.c (test for excess errors)
FAIL: gcc.dg/anon-struct-2.c  (test for warnings, line 9)
FAIL: gcc.dg/anon-struct-2.c  (test for warnings, line 16)
FAIL: gcc.dg/anon-struct-2.c  (test for warnings, line 32)
FAIL: gcc.dg/anon-struct-2.c (test for excess errors)
FAIL: gcc.dg/asm-names.c (test for excess errors)
FAIL: gcc.dg/builtin-inf-1.c (test for excess errors)
FAIL: gcc.dg/builtins-1.c scan-assembler-not __builtin_
FAIL: gcc.dg/builtins-3.c (test for excess errors)
FAIL: gcc.dg/c90-arraydecl-1.c [*] not in C90 (test for errors, line 11)
FAIL: gcc.dg/c90-arraydecl-1.c [*] not in C90 (test for errors, line 13)
FAIL: gcc.dg/c90-arraydecl-1.c [quals] not in C90 (test for errors, line 19)
FAIL: gcc.dg/c90-arraydecl-1.c [quals expr] not in C90 (test for errors, line 21)
FAIL: gcc.dg/c90-arraydecl-1.c [static expr] not in C90 (test for errors, line 23)
FAIL: gcc.dg/c90-arraydecl-1.c [static quals expr] not in C90 (test for errors, line 25)
FAIL: gcc.dg/c90-arraydecl-1.c [quals static expr] not in C90 (test for errors, line 27)
FAIL: gcc.dg/c90-arraydecl-1.c (test for excess errors)
FAIL: gcc.dg/c90-flex-array-1.c flexible array members not in C90 (test for errors, line 6)
FAIL: gcc.dg/c90-flex-array-1.c (test for excess errors)
FAIL: gcc.dg/c90-hexfloat-1.c hex float error (test for errors, line 6)
FAIL: gcc.dg/c90-hexfloat-1.c hex float error (test for errors, line 8)
FAIL: gcc.dg/c90-hexfloat-1.c (test for excess errors)
FAIL: gcc.dg/c90-restrict-1.c restrict not in C90 (test for errors, line 6)
FAIL: gcc.dg/c90-restrict-1.c (test for excess errors)
FAIL: gcc.dg/c99-bool-1.c  (test for warnings, line 233)
FAIL: gcc.dg/c99-flex-array-3.c struct in struct (test for errors, line 16)
FAIL: gcc.dg/c99-flex-array-3.c union in struct (test for errors, line 18)
FAIL: gcc.dg/c99-flex-array-3.c union in struct (test for errors, line 20)
FAIL: gcc.dg/c99-flex-array-3.c recursive union in struct (test for errors, line 22)
FAIL: gcc.dg/c99-flex-array-3.c recursive union in struct (test for errors, line 24)
FAIL: gcc.dg/c99-flex-array-3.c struct in array (test for errors, line 27)
FAIL: gcc.dg/c99-flex-array-3.c union in array (test for errors, line 29)
FAIL: gcc.dg/c99-flex-array-3.c union in array (test for errors, line 31)
FAIL: gcc.dg/c99-flex-array-3.c recursive union in array (test for errors, line 33)
FAIL: gcc.dg/c99-flex-array-3.c recursive union in array (test for errors, line 35)
FAIL: gcc.dg/c99-flex-array-3.c struct in array (test for errors, line 38)
FAIL: gcc.dg/c99-flex-array-3.c union in array (test for errors, line 40)
FAIL: gcc.dg/c99-flex-array-3.c union in array (test for errors, line 42)
FAIL: gcc.dg/c99-flex-array-3.c recursive union in array (test for errors, line 44)
FAIL: gcc.dg/c99-flex-array-3.c recursive union in array (test for errors, line 46)
FAIL: gcc.dg/c99-float-1.c (test for excess errors)
FAIL: gcc.dg/c99-func-2.c before string constant (test for errors, line 9)
FAIL: gcc.dg/c99-func-2.c (test for excess errors)
FAIL: gcc.dg/c99-idem-qual-2.c duplicate type qualifier error (test for bogus messages, line 6)
FAIL: gcc.dg/c99-intconst-1.c (test for excess errors)
FAIL: gcc.dg/compare2.c case 10 (test for bogus messages, line 29)
FAIL: gcc.dg/compare2.c case 12 (test for bogus messages, line 33)
FAIL: gcc.dg/compare6.c unsigned (test for warnings, line 12)
WARNING: program timed out.
FAIL: gcc.dg/concat2.c (test for excess errors)
FAIL: gcc.dg/duff-2.c (test for excess errors)
FAIL: gcc.dg/empty1.c execution test
FAIL: gcc.dg/fshort-wchar.c (test for excess errors)
WARNING: gcc.dg/fshort-wchar.c compilation failed to produce executable
FAIL: gcc.dg/i386-cmov1.c scan-assembler sar.*magic_namea
FAIL: gcc.dg/i386-cmov1.c scan-assembler sar.*magic_nameb
FAIL: gcc.dg/i386-cmov1.c scan-assembler sar.*magic_namec
FAIL: gcc.dg/i386-cmov2.c scan-assembler sbb
FAIL: gcc.dg/i386-sse-3.c (test for excess errors)
FAIL: gcc.dg/i386-ssefp-1.c scan-assembler minsd
FAIL: gcc.dg/i386-ssefp-2.c scan-assembler minsd
FAIL: gcc.dg/i386-ssetype-1.c (test for excess errors)
ERROR: gcc.dg/i386-ssetype-1.c: error executing dg-final: couldn't open "i386-ssetype-1.s": no such file or directory
UNRESOLVED: gcc.dg/i386-ssetype-1.c: error executing dg-final: couldn't open "i386-ssetype-1.s": no such file or directory
FAIL: gcc.dg/i386-ssetype-2.c (test for excess errors)
ERROR: gcc.dg/i386-ssetype-2.c: error executing dg-final: couldn't open "i386-ssetype-2.s": no such file or directory
UNRESOLVED: gcc.dg/i386-ssetype-2.c: error executing dg-final: couldn't open "i386-ssetype-2.s": no such file or directory
FAIL: gcc.dg/i386-ssetype-3.c (test for excess errors)
ERROR: gcc.dg/i386-ssetype-3.c: error executing dg-final: couldn't open "i386-ssetype-3.s": no such file or directory
UNRESOLVED: gcc.dg/i386-ssetype-3.c: error executing dg-final: couldn't open "i386-ssetype-3.s": no such file or directory
FAIL: gcc.dg/i386-ssetype-4.c (test for excess errors)
ERROR: gcc.dg/i386-ssetype-4.c: error executing dg-final: couldn't open "i386-ssetype-4.s": no such file or directory
UNRESOLVED: gcc.dg/i386-ssetype-4.c: error executing dg-final: couldn't open "i386-ssetype-4.s": no such file or directory
FAIL: gcc.dg/i386-ssetype-5.c (test for excess errors)
ERROR: gcc.dg/i386-ssetype-5.c: error executing dg-final: couldn't open "i386-ssetype-5.s": no such file or directory
UNRESOLVED: gcc.dg/i386-ssetype-5.c: error executing dg-final: couldn't open "i386-ssetype-5.s": no such file or directory
FAIL: gcc.dg/i386-unroll-1.c execution test
FAIL: gcc.dg/lvalue1.c  (test for errors, line 7)
FAIL: gcc.dg/nest.c (test for excess errors)
WARNING: gcc.dg/nest.c compilation failed to produce executable
FAIL: gcc.dg/nonnull-1.c null with argless nonnull 1 (test for warnings, line 23)
FAIL: gcc.dg/nonnull-1.c null with argless nonnull 2 (test for warnings, line 24)
FAIL: gcc.dg/nonnull-1.c null with single explicit nonnull (test for warnings, line 28)
FAIL: gcc.dg/nonnull-1.c null with explicit nonnull 1 (test for warnings, line 30)
FAIL: gcc.dg/nonnull-1.c null with explicit nonnull 3 (test for warnings, line 31)
FAIL: gcc.dg/nonnull-1.c null with cond expr rhs (test for warnings, line 33)
FAIL: gcc.dg/nonnull-1.c null with cond expr lhs (test for warnings, line 34)
FAIL: gcc.dg/nonnull-1.c null with nested cond expr (test for warnings, line 35)
FAIL: gcc.dg/nonnull-1.c null with multiple attributes 1 (test for warnings, line 37)
FAIL: gcc.dg/nonnull-1.c null with multiple attributes 2 (test for warnings, line 38)
FAIL: gcc.dg/nonnull-1.c (test for excess errors)
FAIL: gcc.dg/nonnull-2.c  (test for errors, line 5)
FAIL: gcc.dg/nonnull-2.c  (test for errors, line 7)
FAIL: gcc.dg/nonnull-2.c  (test for errors, line 9)
FAIL: gcc.dg/nonnull-2.c  (test for errors, line 11)
FAIL: gcc.dg/nonnull-2.c (test for excess errors)
FAIL: gcc.dg/sibcall-6.c execution test
FAIL: gcc.dg/simd-1.c  (test for errors, line 28)
FAIL: gcc.dg/simd-1.c  (test for errors, line 29)
FAIL: gcc.dg/simd-1.c  (test for errors, line 35)
FAIL: gcc.dg/simd-1.c  (test for errors, line 41)
FAIL: gcc.dg/simd-1.c  (test for errors, line 47)
FAIL: gcc.dg/simd-1.c  (test for errors, line 57)
FAIL: gcc.dg/simd-1.c  (test for errors, line 58)
FAIL: gcc.dg/simd-1.c  (test for errors, line 59)
FAIL: gcc.dg/simd-1.c  (test for errors, line 60)
FAIL: gcc.dg/simd-1.c (test for excess errors)
FAIL: gcc.dg/typespec-1.c void void (test for errors, line 28)
FAIL: gcc.dg/typespec-1.c void char (test for errors, line 29)
FAIL: gcc.dg/typespec-1.c void short (test for errors, line 30)
FAIL: gcc.dg/typespec-1.c void int (test for errors, line 31)
FAIL: gcc.dg/typespec-1.c void long (test for errors, line 32)
FAIL: gcc.dg/typespec-1.c void float (test for errors, line 33)
FAIL: gcc.dg/typespec-1.c void double (test for errors, line 34)
FAIL: gcc.dg/typespec-1.c void signed (test for errors, line 35)
FAIL: gcc.dg/typespec-1.c void unsigned (test for errors, line 36)
FAIL: gcc.dg/typespec-1.c void _Bool (test for errors, line 37)
FAIL: gcc.dg/typespec-1.c char void (test for errors, line 38)
FAIL: gcc.dg/typespec-1.c char char (test for errors, line 39)
FAIL: gcc.dg/typespec-1.c char short (test for errors, line 40)
FAIL: gcc.dg/typespec-1.c char int (test for errors, line 41)
FAIL: gcc.dg/typespec-1.c char long (test for errors, line 42)
FAIL: gcc.dg/typespec-1.c char float (test for errors, line 43)
FAIL: gcc.dg/typespec-1.c char double (test for errors, line 44)
FAIL: gcc.dg/typespec-1.c char _Bool (test for errors, line 47)
FAIL: gcc.dg/typespec-1.c short void (test for errors, line 48)
FAIL: gcc.dg/typespec-1.c short char (test for errors, line 49)
FAIL: gcc.dg/typespec-1.c short short (test for errors, line 50)
FAIL: gcc.dg/typespec-1.c short long (test for errors, line 52)
FAIL: gcc.dg/typespec-1.c short float (test for errors, line 53)
FAIL: gcc.dg/typespec-1.c short double (test for errors, line 54)
FAIL: gcc.dg/typespec-1.c short _Bool (test for errors, line 57)
FAIL: gcc.dg/typespec-1.c int void (test for errors, line 58)
FAIL: gcc.dg/typespec-1.c int char (test for errors, line 59)
FAIL: gcc.dg/typespec-1.c int int (test for errors, line 61)
FAIL: gcc.dg/typespec-1.c int float (test for errors, line 63)
FAIL: gcc.dg/typespec-1.c int double (test for errors, line 64)
FAIL: gcc.dg/typespec-1.c int _Bool (test for errors, line 67)
FAIL: gcc.dg/typespec-1.c long void (test for errors, line 68)
FAIL: gcc.dg/typespec-1.c long char (test for errors, line 69)
FAIL: gcc.dg/typespec-1.c long short (test for errors, line 70)
FAIL: gcc.dg/typespec-1.c long float (test for errors, line 73)
FAIL: gcc.dg/typespec-1.c long _Bool (test for errors, line 77)
FAIL: gcc.dg/typespec-1.c float void (test for errors, line 78)
FAIL: gcc.dg/typespec-1.c float char (test for errors, line 79)
FAIL: gcc.dg/typespec-1.c float short (test for errors, line 80)
FAIL: gcc.dg/typespec-1.c float int (test for errors, line 81)
FAIL: gcc.dg/typespec-1.c float long (test for errors, line 82)
FAIL: gcc.dg/typespec-1.c float float (test for errors, line 83)
FAIL: gcc.dg/typespec-1.c float double (test for errors, line 84)
FAIL: gcc.dg/typespec-1.c float signed (test for errors, line 85)
FAIL: gcc.dg/typespec-1.c float unsigned (test for errors, line 86)
FAIL: gcc.dg/typespec-1.c float _Bool (test for errors, line 87)
FAIL: gcc.dg/typespec-1.c double void (test for errors, line 88)
FAIL: gcc.dg/typespec-1.c double char (test for errors, line 89)
FAIL: gcc.dg/typespec-1.c double short (test for errors, line 90)
FAIL: gcc.dg/typespec-1.c double int (test for errors, line 91)
FAIL: gcc.dg/typespec-1.c double float (test for errors, line 93)
FAIL: gcc.dg/typespec-1.c double double (test for errors, line 94)
FAIL: gcc.dg/typespec-1.c double signed (test for errors, line 95)
FAIL: gcc.dg/typespec-1.c double unsigned (test for errors, line 96)
FAIL: gcc.dg/typespec-1.c double _Bool (test for errors, line 97)
FAIL: gcc.dg/typespec-1.c signed void (test for errors, line 98)
FAIL: gcc.dg/typespec-1.c signed float (test for errors, line 103)
FAIL: gcc.dg/typespec-1.c signed double (test for errors, line 104)
FAIL: gcc.dg/typespec-1.c signed signed (test for errors, line 105)
FAIL: gcc.dg/typespec-1.c signed unsigned (test for errors, line 106)
FAIL: gcc.dg/typespec-1.c signed _Bool (test for errors, line 107)
FAIL: gcc.dg/typespec-1.c unsigned void (test for errors, line 108)
FAIL: gcc.dg/typespec-1.c unsigned float (test for errors, line 113)
FAIL: gcc.dg/typespec-1.c unsigned double (test for errors, line 114)
FAIL: gcc.dg/typespec-1.c unsigned signed (test for errors, line 115)
FAIL: gcc.dg/typespec-1.c unsigned unsigned (test for errors, line 116)
FAIL: gcc.dg/typespec-1.c unsigned _Bool (test for errors, line 117)
FAIL: gcc.dg/typespec-1.c _Bool void (test for errors, line 118)
FAIL: gcc.dg/typespec-1.c _Bool char (test for errors, line 119)
FAIL: gcc.dg/typespec-1.c _Bool short (test for errors, line 120)
FAIL: gcc.dg/typespec-1.c _Bool int (test for errors, line 121)
FAIL: gcc.dg/typespec-1.c _Bool long (test for errors, line 122)
FAIL: gcc.dg/typespec-1.c _Bool float (test for errors, line 123)
FAIL: gcc.dg/typespec-1.c _Bool double (test for errors, line 124)
FAIL: gcc.dg/typespec-1.c _Bool signed (test for errors, line 125)
FAIL: gcc.dg/typespec-1.c _Bool unsigned (test for errors, line 126)
FAIL: gcc.dg/typespec-1.c _Bool _Bool (test for errors, line 127)
FAIL: gcc.dg/typespec-1.c type void (test for errors, line 128)
FAIL: gcc.dg/typespec-1.c type char (test for errors, line 129)
FAIL: gcc.dg/typespec-1.c type short (test for errors, line 130)
FAIL: gcc.dg/typespec-1.c type int (test for errors, line 131)
FAIL: gcc.dg/typespec-1.c type long (test for errors, line 132)
FAIL: gcc.dg/typespec-1.c type float (test for errors, line 133)
FAIL: gcc.dg/typespec-1.c type double (test for errors, line 134)
FAIL: gcc.dg/typespec-1.c type signed (test for errors, line 135)
FAIL: gcc.dg/typespec-1.c type unsigned (test for errors, line 136)
FAIL: gcc.dg/typespec-1.c type _Bool (test for errors, line 137)
FAIL: gcc.dg/typespec-1.c char signed void (test for errors, line 138)
FAIL: gcc.dg/typespec-1.c char signed char (test for errors, line 139)
FAIL: gcc.dg/typespec-1.c char signed short (test for errors, line 140)
FAIL: gcc.dg/typespec-1.c char signed int (test for errors, line 141)
FAIL: gcc.dg/typespec-1.c char signed long (test for errors, line 142)
FAIL: gcc.dg/typespec-1.c char signed float (test for errors, line 143)
FAIL: gcc.dg/typespec-1.c char signed double (test for errors, line 144)
FAIL: gcc.dg/typespec-1.c char signed signed (test for errors, line 145)
FAIL: gcc.dg/typespec-1.c char signed unsigned (test for errors, line 146)
FAIL: gcc.dg/typespec-1.c char signed _Bool (test for errors, line 147)
FAIL: gcc.dg/typespec-1.c char unsigned void (test for errors, line 148)
FAIL: gcc.dg/typespec-1.c char unsigned char (test for errors, line 149)
FAIL: gcc.dg/typespec-1.c char unsigned short (test for errors, line 150)
FAIL: gcc.dg/typespec-1.c char unsigned int (test for errors, line 151)
FAIL: gcc.dg/typespec-1.c char unsigned long (test for errors, line 152)
FAIL: gcc.dg/typespec-1.c char unsigned float (test for errors, line 153)
FAIL: gcc.dg/typespec-1.c char unsigned double (test for errors, line 154)
FAIL: gcc.dg/typespec-1.c char unsigned signed (test for errors, line 155)
FAIL: gcc.dg/typespec-1.c char unsigned unsigned (test for errors, line 156)
FAIL: gcc.dg/typespec-1.c char unsigned _Bool (test for errors, line 157)
FAIL: gcc.dg/typespec-1.c short int void (test for errors, line 158)
FAIL: gcc.dg/typespec-1.c short int char (test for errors, line 159)
FAIL: gcc.dg/typespec-1.c short int short (test for errors, line 160)
FAIL: gcc.dg/typespec-1.c short int int (test for errors, line 161)
FAIL: gcc.dg/typespec-1.c short int long (test for errors, line 162)
FAIL: gcc.dg/typespec-1.c short int float (test for errors, line 163)
FAIL: gcc.dg/typespec-1.c short int double (test for errors, line 164)
FAIL: gcc.dg/typespec-1.c short int _Bool (test for errors, line 167)
FAIL: gcc.dg/typespec-1.c short signed void (test for errors, line 168)
FAIL: gcc.dg/typespec-1.c short signed char (test for errors, line 169)
FAIL: gcc.dg/typespec-1.c short signed short (test for errors, line 170)
FAIL: gcc.dg/typespec-1.c short signed long (test for errors, line 172)
FAIL: gcc.dg/typespec-1.c short signed float (test for errors, line 173)
FAIL: gcc.dg/typespec-1.c short signed double (test for errors, line 174)
FAIL: gcc.dg/typespec-1.c short signed signed (test for errors, line 175)
FAIL: gcc.dg/typespec-1.c short signed unsigned (test for errors, line 176)
FAIL: gcc.dg/typespec-1.c short signed _Bool (test for errors, line 177)
FAIL: gcc.dg/typespec-1.c short unsigned void (test for errors, line 178)
FAIL: gcc.dg/typespec-1.c short unsigned char (test for errors, line 179)
FAIL: gcc.dg/typespec-1.c short unsigned short (test for errors, line 180)
FAIL: gcc.dg/typespec-1.c short unsigned long (test for errors, line 182)
FAIL: gcc.dg/typespec-1.c short unsigned float (test for errors, line 183)
FAIL: gcc.dg/typespec-1.c short unsigned double (test for errors, line 184)
FAIL: gcc.dg/typespec-1.c short unsigned signed (test for errors, line 185)
FAIL: gcc.dg/typespec-1.c short unsigned unsigned (test for errors, line 186)
FAIL: gcc.dg/typespec-1.c short unsigned _Bool (test for errors, line 187)
FAIL: gcc.dg/typespec-1.c int short void (test for errors, line 188)
FAIL: gcc.dg/typespec-1.c int short char (test for errors, line 189)
FAIL: gcc.dg/typespec-1.c int short short (test for errors, line 190)
FAIL: gcc.dg/typespec-1.c int short int (test for errors, line 191)
FAIL: gcc.dg/typespec-1.c int short long (test for errors, line 192)
FAIL: gcc.dg/typespec-1.c int short float (test for errors, line 193)
FAIL: gcc.dg/typespec-1.c int short double (test for errors, line 194)
FAIL: gcc.dg/typespec-1.c int short _Bool (test for errors, line 197)
FAIL: gcc.dg/typespec-1.c int long void (test for errors, line 198)
FAIL: gcc.dg/typespec-1.c int long char (test for errors, line 199)
FAIL: gcc.dg/typespec-1.c int long short (test for errors, line 200)
FAIL: gcc.dg/typespec-1.c int long int (test for errors, line 201)
FAIL: gcc.dg/typespec-1.c int long float (test for errors, line 203)
FAIL: gcc.dg/typespec-1.c int long double (test for errors, line 204)
FAIL: gcc.dg/typespec-1.c int long _Bool (test for errors, line 207)
FAIL: gcc.dg/typespec-1.c int signed void (test for errors, line 208)
FAIL: gcc.dg/typespec-1.c int signed char (test for errors, line 209)
FAIL: gcc.dg/typespec-1.c int signed int (test for errors, line 211)
FAIL: gcc.dg/typespec-1.c int signed float (test for errors, line 213)
FAIL: gcc.dg/typespec-1.c int signed double (test for errors, line 214)
FAIL: gcc.dg/typespec-1.c int signed signed (test for errors, line 215)
FAIL: gcc.dg/typespec-1.c int signed unsigned (test for errors, line 216)
FAIL: gcc.dg/typespec-1.c int signed _Bool (test for errors, line 217)
FAIL: gcc.dg/typespec-1.c int unsigned void (test for errors, line 218)
FAIL: gcc.dg/typespec-1.c int unsigned char (test for errors, line 219)
FAIL: gcc.dg/typespec-1.c int unsigned int (test for errors, line 221)
FAIL: gcc.dg/typespec-1.c int unsigned float (test for errors, line 223)
FAIL: gcc.dg/typespec-1.c int unsigned double (test for errors, line 224)
FAIL: gcc.dg/typespec-1.c int unsigned signed (test for errors, line 225)
FAIL: gcc.dg/typespec-1.c int unsigned unsigned (test for errors, line 226)
FAIL: gcc.dg/typespec-1.c int unsigned _Bool (test for errors, line 227)
FAIL: gcc.dg/typespec-1.c long int void (test for errors, line 228)
FAIL: gcc.dg/typespec-1.c long int char (test for errors, line 229)
FAIL: gcc.dg/typespec-1.c long int short (test for errors, line 230)
FAIL: gcc.dg/typespec-1.c long int int (test for errors, line 231)
FAIL: gcc.dg/typespec-1.c long int float (test for errors, line 233)
FAIL: gcc.dg/typespec-1.c long int double (test for errors, line 234)
FAIL: gcc.dg/typespec-1.c long int _Bool (test for errors, line 237)
FAIL: gcc.dg/typespec-1.c long long void (test for errors, line 238)
FAIL: gcc.dg/typespec-1.c long long char (test for errors, line 239)
FAIL: gcc.dg/typespec-1.c long long short (test for errors, line 240)
FAIL: gcc.dg/typespec-1.c long long long (test for errors, line 242)
FAIL: gcc.dg/typespec-1.c long long float (test for errors, line 243)
FAIL: gcc.dg/typespec-1.c long long double (test for errors, line 244)
FAIL: gcc.dg/typespec-1.c long long _Bool (test for errors, line 247)
FAIL: gcc.dg/typespec-1.c long double void (test for errors, line 248)
FAIL: gcc.dg/typespec-1.c long double char (test for errors, line 249)
FAIL: gcc.dg/typespec-1.c long double short (test for errors, line 250)
FAIL: gcc.dg/typespec-1.c long double int (test for errors, line 251)
FAIL: gcc.dg/typespec-1.c long double long (test for errors, line 252)
FAIL: gcc.dg/typespec-1.c long double float (test for errors, line 253)
FAIL: gcc.dg/typespec-1.c long double double (test for errors, line 254)
FAIL: gcc.dg/typespec-1.c long double signed (test for errors, line 255)
FAIL: gcc.dg/typespec-1.c long double unsigned (test for errors, line 256)
FAIL: gcc.dg/typespec-1.c long double _Bool (test for errors, line 257)
FAIL: gcc.dg/typespec-1.c long signed void (test for errors, line 258)
FAIL: gcc.dg/typespec-1.c long signed char (test for errors, line 259)
FAIL: gcc.dg/typespec-1.c long signed short (test for errors, line 260)
FAIL: gcc.dg/typespec-1.c long signed float (test for errors, line 263)
FAIL: gcc.dg/typespec-1.c long signed double (test for errors, line 264)
FAIL: gcc.dg/typespec-1.c long signed signed (test for errors, line 265)
FAIL: gcc.dg/typespec-1.c long signed unsigned (test for errors, line 266)
FAIL: gcc.dg/typespec-1.c long signed _Bool (test for errors, line 267)
FAIL: gcc.dg/typespec-1.c long unsigned void (test for errors, line 268)
FAIL: gcc.dg/typespec-1.c long unsigned char (test for errors, line 269)
FAIL: gcc.dg/typespec-1.c long unsigned short (test for errors, line 270)
FAIL: gcc.dg/typespec-1.c long unsigned float (test for errors, line 273)
FAIL: gcc.dg/typespec-1.c long unsigned double (test for errors, line 274)
FAIL: gcc.dg/typespec-1.c long unsigned signed (test for errors, line 275)
FAIL: gcc.dg/typespec-1.c long unsigned unsigned (test for errors, line 276)
FAIL: gcc.dg/typespec-1.c long unsigned _Bool (test for errors, line 277)
FAIL: gcc.dg/typespec-1.c double long void (test for errors, line 278)
FAIL: gcc.dg/typespec-1.c double long char (test for errors, line 279)
FAIL: gcc.dg/typespec-1.c double long short (test for errors, line 280)
FAIL: gcc.dg/typespec-1.c double long int (test for errors, line 281)
FAIL: gcc.dg/typespec-1.c double long long (test for errors, line 282)
FAIL: gcc.dg/typespec-1.c double long float (test for errors, line 283)
FAIL: gcc.dg/typespec-1.c double long double (test for errors, line 284)
FAIL: gcc.dg/typespec-1.c double long signed (test for errors, line 285)
FAIL: gcc.dg/typespec-1.c double long unsigned (test for errors, line 286)
FAIL: gcc.dg/typespec-1.c double long _Bool (test for errors, line 287)
FAIL: gcc.dg/typespec-1.c signed char void (test for errors, line 288)
FAIL: gcc.dg/typespec-1.c signed char char (test for errors, line 289)
FAIL: gcc.dg/typespec-1.c signed char short (test for errors, line 290)
FAIL: gcc.dg/typespec-1.c signed char int (test for errors, line 291)
FAIL: gcc.dg/typespec-1.c signed char long (test for errors, line 292)
FAIL: gcc.dg/typespec-1.c signed char float (test for errors, line 293)
FAIL: gcc.dg/typespec-1.c signed char double (test for errors, line 294)
FAIL: gcc.dg/typespec-1.c signed char signed (test for errors, line 295)
FAIL: gcc.dg/typespec-1.c signed char unsigned (test for errors, line 296)
FAIL: gcc.dg/typespec-1.c signed char _Bool (test for errors, line 297)
FAIL: gcc.dg/typespec-1.c signed short void (test for errors, line 298)
FAIL: gcc.dg/typespec-1.c signed short char (test for errors, line 299)
FAIL: gcc.dg/typespec-1.c signed short short (test for errors, line 300)
FAIL: gcc.dg/typespec-1.c signed short long (test for errors, line 302)
FAIL: gcc.dg/typespec-1.c signed short float (test for errors, line 303)
FAIL: gcc.dg/typespec-1.c signed short double (test for errors, line 304)
FAIL: gcc.dg/typespec-1.c signed short signed (test for errors, line 305)
FAIL: gcc.dg/typespec-1.c signed short unsigned (test for errors, line 306)
FAIL: gcc.dg/typespec-1.c signed short _Bool (test for errors, line 307)
FAIL: gcc.dg/typespec-1.c signed int void (test for errors, line 308)
FAIL: gcc.dg/typespec-1.c signed int char (test for errors, line 309)
FAIL: gcc.dg/typespec-1.c signed int int (test for errors, line 311)
FAIL: gcc.dg/typespec-1.c signed int float (test for errors, line 313)
FAIL: gcc.dg/typespec-1.c signed int double (test for errors, line 314)
FAIL: gcc.dg/typespec-1.c signed int signed (test for errors, line 315)
FAIL: gcc.dg/typespec-1.c signed int unsigned (test for errors, line 316)
FAIL: gcc.dg/typespec-1.c signed int _Bool (test for errors, line 317)
FAIL: gcc.dg/typespec-1.c signed long void (test for errors, line 318)
FAIL: gcc.dg/typespec-1.c signed long char (test for errors, line 319)
FAIL: gcc.dg/typespec-1.c signed long short (test for errors, line 320)
FAIL: gcc.dg/typespec-1.c signed long float (test for errors, line 323)
FAIL: gcc.dg/typespec-1.c signed long double (test for errors, line 324)
FAIL: gcc.dg/typespec-1.c signed long signed (test for errors, line 325)
FAIL: gcc.dg/typespec-1.c signed long unsigned (test for errors, line 326)
FAIL: gcc.dg/typespec-1.c signed long _Bool (test for errors, line 327)
FAIL: gcc.dg/typespec-1.c unsigned char void (test for errors, line 328)
FAIL: gcc.dg/typespec-1.c unsigned char char (test for errors, line 329)
FAIL: gcc.dg/typespec-1.c unsigned char short (test for errors, line 330)
FAIL: gcc.dg/typespec-1.c unsigned char int (test for errors, line 331)
FAIL: gcc.dg/typespec-1.c unsigned char long (test for errors, line 332)
FAIL: gcc.dg/typespec-1.c unsigned char float (test for errors, line 333)
FAIL: gcc.dg/typespec-1.c unsigned char double (test for errors, line 334)
FAIL: gcc.dg/typespec-1.c unsigned char signed (test for errors, line 335)
FAIL: gcc.dg/typespec-1.c unsigned char unsigned (test for errors, line 336)
FAIL: gcc.dg/typespec-1.c unsigned char _Bool (test for errors, line 337)
FAIL: gcc.dg/typespec-1.c unsigned short void (test for errors, line 338)
FAIL: gcc.dg/typespec-1.c unsigned short char (test for errors, line 339)
FAIL: gcc.dg/typespec-1.c unsigned short short (test for errors, line 340)
FAIL: gcc.dg/typespec-1.c unsigned short long (test for errors, line 342)
FAIL: gcc.dg/typespec-1.c unsigned short float (test for errors, line 343)
FAIL: gcc.dg/typespec-1.c unsigned short double (test for errors, line 344)
FAIL: gcc.dg/typespec-1.c unsigned short signed (test for errors, line 345)
FAIL: gcc.dg/typespec-1.c unsigned short unsigned (test for errors, line 346)
FAIL: gcc.dg/typespec-1.c unsigned short _Bool (test for errors, line 347)
FAIL: gcc.dg/typespec-1.c unsigned int void (test for errors, line 348)
FAIL: gcc.dg/typespec-1.c unsigned int char (test for errors, line 349)
FAIL: gcc.dg/typespec-1.c unsigned int int (test for errors, line 351)
FAIL: gcc.dg/typespec-1.c unsigned int float (test for errors, line 353)
FAIL: gcc.dg/typespec-1.c unsigned int double (test for errors, line 354)
FAIL: gcc.dg/typespec-1.c unsigned int signed (test for errors, line 355)
FAIL: gcc.dg/typespec-1.c unsigned int unsigned (test for errors, line 356)
FAIL: gcc.dg/typespec-1.c unsigned int _Bool (test for errors, line 357)
FAIL: gcc.dg/typespec-1.c unsigned long void (test for errors, line 358)
FAIL: gcc.dg/typespec-1.c unsigned long char (test for errors, line 359)
FAIL: gcc.dg/typespec-1.c unsigned long short (test for errors, line 360)
FAIL: gcc.dg/typespec-1.c unsigned long float (test for errors, line 363)
FAIL: gcc.dg/typespec-1.c unsigned long double (test for errors, line 364)
FAIL: gcc.dg/typespec-1.c unsigned long signed (test for errors, line 365)
FAIL: gcc.dg/typespec-1.c unsigned long unsigned (test for errors, line 366)
FAIL: gcc.dg/typespec-1.c unsigned long _Bool (test for errors, line 367)
FAIL: gcc.dg/typespec-1.c short int signed void (test for errors, line 368)
FAIL: gcc.dg/typespec-1.c short int signed char (test for errors, line 369)
FAIL: gcc.dg/typespec-1.c short int signed short (test for errors, line 370)
FAIL: gcc.dg/typespec-1.c short int signed int (test for errors, line 371)
FAIL: gcc.dg/typespec-1.c short int signed long (test for errors, line 372)
FAIL: gcc.dg/typespec-1.c short int signed float (test for errors, line 373)
FAIL: gcc.dg/typespec-1.c short int signed double (test for errors, line 374)
FAIL: gcc.dg/typespec-1.c short int signed signed (test for errors, line 375)
FAIL: gcc.dg/typespec-1.c short int signed unsigned (test for errors, line 376)
FAIL: gcc.dg/typespec-1.c short int signed _Bool (test for errors, line 377)
FAIL: gcc.dg/typespec-1.c short int unsigned void (test for errors, line 378)
FAIL: gcc.dg/typespec-1.c short int unsigned char (test for errors, line 379)
FAIL: gcc.dg/typespec-1.c short int unsigned short (test for errors, line 380)
FAIL: gcc.dg/typespec-1.c short int unsigned int (test for errors, line 381)
FAIL: gcc.dg/typespec-1.c short int unsigned long (test for errors, line 382)
FAIL: gcc.dg/typespec-1.c short int unsigned float (test for errors, line 383)
FAIL: gcc.dg/typespec-1.c short int unsigned double (test for errors, line 384)
FAIL: gcc.dg/typespec-1.c short int unsigned signed (test for errors, line 385)
FAIL: gcc.dg/typespec-1.c short int unsigned unsigned (test for errors, line 386)
FAIL: gcc.dg/typespec-1.c short int unsigned _Bool (test for errors, line 387)
FAIL: gcc.dg/typespec-1.c short signed int void (test for errors, line 388)
FAIL: gcc.dg/typespec-1.c short signed int char (test for errors, line 389)
FAIL: gcc.dg/typespec-1.c short signed int short (test for errors, line 390)
FAIL: gcc.dg/typespec-1.c short signed int int (test for errors, line 391)
FAIL: gcc.dg/typespec-1.c short signed int long (test for errors, line 392)
FAIL: gcc.dg/typespec-1.c short signed int float (test for errors, line 393)
FAIL: gcc.dg/typespec-1.c short signed int double (test for errors, line 394)
FAIL: gcc.dg/typespec-1.c short signed int signed (test for errors, line 395)
FAIL: gcc.dg/typespec-1.c short signed int unsigned (test for errors, line 396)
FAIL: gcc.dg/typespec-1.c short signed int _Bool (test for errors, line 397)
FAIL: gcc.dg/typespec-1.c short unsigned int void (test for errors, line 398)
FAIL: gcc.dg/typespec-1.c short unsigned int char (test for errors, line 399)
FAIL: gcc.dg/typespec-1.c short unsigned int short (test for errors, line 400)
FAIL: gcc.dg/typespec-1.c short unsigned int int (test for errors, line 401)
FAIL: gcc.dg/typespec-1.c short unsigned int long (test for errors, line 402)
FAIL: gcc.dg/typespec-1.c short unsigned int float (test for errors, line 403)
FAIL: gcc.dg/typespec-1.c short unsigned int double (test for errors, line 404)
FAIL: gcc.dg/typespec-1.c short unsigned int signed (test for errors, line 405)
FAIL: gcc.dg/typespec-1.c short unsigned int unsigned (test for errors, line 406)
FAIL: gcc.dg/typespec-1.c short unsigned int _Bool (test for errors, line 407)
FAIL: gcc.dg/typespec-1.c int short signed void (test for errors, line 408)
FAIL: gcc.dg/typespec-1.c int short signed char (test for errors, line 409)
FAIL: gcc.dg/typespec-1.c int short signed short (test for errors, line 410)
FAIL: gcc.dg/typespec-1.c int short signed int (test for errors, line 411)
FAIL: gcc.dg/typespec-1.c int short signed long (test for errors, line 412)
FAIL: gcc.dg/typespec-1.c int short signed float (test for errors, line 413)
FAIL: gcc.dg/typespec-1.c int short signed double (test for errors, line 414)
FAIL: gcc.dg/typespec-1.c int short signed signed (test for errors, line 415)
FAIL: gcc.dg/typespec-1.c int short signed unsigned (test for errors, line 416)
FAIL: gcc.dg/typespec-1.c int short signed _Bool (test for errors, line 417)
FAIL: gcc.dg/typespec-1.c int short unsigned void (test for errors, line 418)
FAIL: gcc.dg/typespec-1.c int short unsigned char (test for errors, line 419)
FAIL: gcc.dg/typespec-1.c int short unsigned short (test for errors, line 420)
FAIL: gcc.dg/typespec-1.c int short unsigned int (test for errors, line 421)
FAIL: gcc.dg/typespec-1.c int short unsigned long (test for errors, line 422)
FAIL: gcc.dg/typespec-1.c int short unsigned float (test for errors, line 423)
FAIL: gcc.dg/typespec-1.c int short unsigned double (test for errors, line 424)
FAIL: gcc.dg/typespec-1.c int short unsigned signed (test for errors, line 425)
FAIL: gcc.dg/typespec-1.c int short unsigned unsigned (test for errors, line 426)
FAIL: gcc.dg/typespec-1.c int short unsigned _Bool (test for errors, line 427)
FAIL: gcc.dg/typespec-1.c int long long void (test for errors, line 428)
FAIL: gcc.dg/typespec-1.c int long long char (test for errors, line 429)
FAIL: gcc.dg/typespec-1.c int long long short (test for errors, line 430)
FAIL: gcc.dg/typespec-1.c int long long int (test for errors, line 431)
FAIL: gcc.dg/typespec-1.c int long long long (test for errors, line 432)
FAIL: gcc.dg/typespec-1.c int long long float (test for errors, line 433)
FAIL: gcc.dg/typespec-1.c int long long double (test for errors, line 434)
FAIL: gcc.dg/typespec-1.c int long long _Bool (test for errors, line 437)
FAIL: gcc.dg/typespec-1.c int long signed void (test for errors, line 438)
FAIL: gcc.dg/typespec-1.c int long signed char (test for errors, line 439)
FAIL: gcc.dg/typespec-1.c int long signed short (test for errors, line 440)
FAIL: gcc.dg/typespec-1.c int long signed int (test for errors, line 441)
FAIL: gcc.dg/typespec-1.c int long signed float (test for errors, line 443)
FAIL: gcc.dg/typespec-1.c int long signed double (test for errors, line 444)
FAIL: gcc.dg/typespec-1.c int long signed signed (test for errors, line 445)
FAIL: gcc.dg/typespec-1.c int long signed unsigned (test for errors, line 446)
FAIL: gcc.dg/typespec-1.c int long signed _Bool (test for errors, line 447)
FAIL: gcc.dg/typespec-1.c int long unsigned void (test for errors, line 448)
FAIL: gcc.dg/typespec-1.c int long unsigned char (test for errors, line 449)
FAIL: gcc.dg/typespec-1.c int long unsigned short (test for errors, line 450)
FAIL: gcc.dg/typespec-1.c int long unsigned int (test for errors, line 451)
FAIL: gcc.dg/typespec-1.c int long unsigned float (test for errors, line 453)
FAIL: gcc.dg/typespec-1.c int long unsigned double (test for errors, line 454)
FAIL: gcc.dg/typespec-1.c int long unsigned signed (test for errors, line 455)
FAIL: gcc.dg/typespec-1.c int long unsigned unsigned (test for errors, line 456)
FAIL: gcc.dg/typespec-1.c int long unsigned _Bool (test for errors, line 457)
FAIL: gcc.dg/typespec-1.c int signed short void (test for errors, line 458)
FAIL: gcc.dg/typespec-1.c int signed short char (test for errors, line 459)
FAIL: gcc.dg/typespec-1.c int signed short short (test for errors, line 460)
FAIL: gcc.dg/typespec-1.c int signed short int (test for errors, line 461)
FAIL: gcc.dg/typespec-1.c int signed short long (test for errors, line 462)
FAIL: gcc.dg/typespec-1.c int signed short float (test for errors, line 463)
FAIL: gcc.dg/typespec-1.c int signed short double (test for errors, line 464)
FAIL: gcc.dg/typespec-1.c int signed short signed (test for errors, line 465)
FAIL: gcc.dg/typespec-1.c int signed short unsigned (test for errors, line 466)
FAIL: gcc.dg/typespec-1.c int signed short _Bool (test for errors, line 467)
FAIL: gcc.dg/typespec-1.c int signed long void (test for errors, line 468)
FAIL: gcc.dg/typespec-1.c int signed long char (test for errors, line 469)
FAIL: gcc.dg/typespec-1.c int signed long short (test for errors, line 470)
FAIL: gcc.dg/typespec-1.c int signed long int (test for errors, line 471)
FAIL: gcc.dg/typespec-1.c int signed long float (test for errors, line 473)
FAIL: gcc.dg/typespec-1.c int signed long double (test for errors, line 474)
FAIL: gcc.dg/typespec-1.c int signed long signed (test for errors, line 475)
FAIL: gcc.dg/typespec-1.c int signed long unsigned (test for errors, line 476)
FAIL: gcc.dg/typespec-1.c int signed long _Bool (test for errors, line 477)
FAIL: gcc.dg/typespec-1.c int unsigned short void (test for errors, line 478)
FAIL: gcc.dg/typespec-1.c int unsigned short char (test for errors, line 479)
FAIL: gcc.dg/typespec-1.c int unsigned short short (test for errors, line 480)
FAIL: gcc.dg/typespec-1.c int unsigned short int (test for errors, line 481)
FAIL: gcc.dg/typespec-1.c int unsigned short long (test for errors, line 482)
FAIL: gcc.dg/typespec-1.c int unsigned short float (test for errors, line 483)
FAIL: gcc.dg/typespec-1.c int unsigned short double (test for errors, line 484)
FAIL: gcc.dg/typespec-1.c int unsigned short signed (test for errors, line 485)
FAIL: gcc.dg/typespec-1.c int unsigned short unsigned (test for errors, line 486)
FAIL: gcc.dg/typespec-1.c int unsigned short _Bool (test for errors, line 487)
FAIL: gcc.dg/typespec-1.c int unsigned long void (test for errors, line 488)
FAIL: gcc.dg/typespec-1.c int unsigned long char (test for errors, line 489)
FAIL: gcc.dg/typespec-1.c int unsigned long short (test for errors, line 490)
FAIL: gcc.dg/typespec-1.c int unsigned long int (test for errors, line 491)
FAIL: gcc.dg/typespec-1.c int unsigned long float (test for errors, line 493)
FAIL: gcc.dg/typespec-1.c int unsigned long double (test for errors, line 494)
FAIL: gcc.dg/typespec-1.c int unsigned long signed (test for errors, line 495)
FAIL: gcc.dg/typespec-1.c int unsigned long unsigned (test for errors, line 496)
FAIL: gcc.dg/typespec-1.c int unsigned long _Bool (test for errors, line 497)
FAIL: gcc.dg/typespec-1.c long int long void (test for errors, line 498)
FAIL: gcc.dg/typespec-1.c long int long char (test for errors, line 499)
FAIL: gcc.dg/typespec-1.c long int long short (test for errors, line 500)
FAIL: gcc.dg/typespec-1.c long int long int (test for errors, line 501)
FAIL: gcc.dg/typespec-1.c long int long long (test for errors, line 502)
FAIL: gcc.dg/typespec-1.c long int long float (test for errors, line 503)
FAIL: gcc.dg/typespec-1.c long int long double (test for errors, line 504)
FAIL: gcc.dg/typespec-1.c long int long _Bool (test for errors, line 507)
FAIL: gcc.dg/typespec-1.c long int signed void (test for errors, line 508)
FAIL: gcc.dg/typespec-1.c long int signed char (test for errors, line 509)
FAIL: gcc.dg/typespec-1.c long int signed short (test for errors, line 510)
FAIL: gcc.dg/typespec-1.c long int signed int (test for errors, line 511)
FAIL: gcc.dg/typespec-1.c long int signed float (test for errors, line 513)
FAIL: gcc.dg/typespec-1.c long int signed double (test for errors, line 514)
FAIL: gcc.dg/typespec-1.c long int signed signed (test for errors, line 515)
FAIL: gcc.dg/typespec-1.c long int signed unsigned (test for errors, line 516)
FAIL: gcc.dg/typespec-1.c long int signed _Bool (test for errors, line 517)
FAIL: gcc.dg/typespec-1.c long int unsigned void (test for errors, line 518)
FAIL: gcc.dg/typespec-1.c long int unsigned char (test for errors, line 519)
FAIL: gcc.dg/typespec-1.c long int unsigned short (test for errors, line 520)
FAIL: gcc.dg/typespec-1.c long int unsigned int (test for errors, line 521)
FAIL: gcc.dg/typespec-1.c long int unsigned float (test for errors, line 523)
FAIL: gcc.dg/typespec-1.c long int unsigned double (test for errors, line 524)
FAIL: gcc.dg/typespec-1.c long int unsigned signed (test for errors, line 525)
FAIL: gcc.dg/typespec-1.c long int unsigned unsigned (test for errors, line 526)
FAIL: gcc.dg/typespec-1.c long int unsigned _Bool (test for errors, line 527)
FAIL: gcc.dg/typespec-1.c long long int void (test for errors, line 528)
FAIL: gcc.dg/typespec-1.c long long int char (test for errors, line 529)
FAIL: gcc.dg/typespec-1.c long long int short (test for errors, line 530)
FAIL: gcc.dg/typespec-1.c long long int int (test for errors, line 531)
FAIL: gcc.dg/typespec-1.c long long int long (test for errors, line 532)
FAIL: gcc.dg/typespec-1.c long long int float (test for errors, line 533)
FAIL: gcc.dg/typespec-1.c long long int double (test for errors, line 534)
FAIL: gcc.dg/typespec-1.c long long int _Bool (test for errors, line 537)
FAIL: gcc.dg/typespec-1.c long long signed void (test for errors, line 538)
FAIL: gcc.dg/typespec-1.c long long signed char (test for errors, line 539)
FAIL: gcc.dg/typespec-1.c long long signed short (test for errors, line 540)
FAIL: gcc.dg/typespec-1.c long long signed long (test for errors, line 542)
FAIL: gcc.dg/typespec-1.c long long signed float (test for errors, line 543)
FAIL: gcc.dg/typespec-1.c long long signed double (test for errors, line 544)
FAIL: gcc.dg/typespec-1.c long long signed signed (test for errors, line 545)
FAIL: gcc.dg/typespec-1.c long long signed unsigned (test for errors, line 546)
FAIL: gcc.dg/typespec-1.c long long signed _Bool (test for errors, line 547)
FAIL: gcc.dg/typespec-1.c long long unsigned void (test for errors, line 548)
FAIL: gcc.dg/typespec-1.c long long unsigned char (test for errors, line 549)
FAIL: gcc.dg/typespec-1.c long long unsigned short (test for errors, line 550)
FAIL: gcc.dg/typespec-1.c long long unsigned long (test for errors, line 552)
FAIL: gcc.dg/typespec-1.c long long unsigned float (test for errors, line 553)
FAIL: gcc.dg/typespec-1.c long long unsigned double (test for errors, line 554)
FAIL: gcc.dg/typespec-1.c long long unsigned signed (test for errors, line 555)
FAIL: gcc.dg/typespec-1.c long long unsigned unsigned (test for errors, line 556)
FAIL: gcc.dg/typespec-1.c long long unsigned _Bool (test for errors, line 557)
FAIL: gcc.dg/typespec-1.c long signed int void (test for errors, line 558)
FAIL: gcc.dg/typespec-1.c long signed int char (test for errors, line 559)
FAIL: gcc.dg/typespec-1.c long signed int short (test for errors, line 560)
FAIL: gcc.dg/typespec-1.c long signed int int (test for errors, line 561)
FAIL: gcc.dg/typespec-1.c long signed int float (test for errors, line 563)
FAIL: gcc.dg/typespec-1.c long signed int double (test for errors, line 564)
FAIL: gcc.dg/typespec-1.c long signed int signed (test for errors, line 565)
FAIL: gcc.dg/typespec-1.c long signed int unsigned (test for errors, line 566)
FAIL: gcc.dg/typespec-1.c long signed int _Bool (test for errors, line 567)
FAIL: gcc.dg/typespec-1.c long signed long void (test for errors, line 568)
FAIL: gcc.dg/typespec-1.c long signed long char (test for errors, line 569)
FAIL: gcc.dg/typespec-1.c long signed long short (test for errors, line 570)
FAIL: gcc.dg/typespec-1.c long signed long long (test for errors, line 572)
FAIL: gcc.dg/typespec-1.c long signed long float (test for errors, line 573)
FAIL: gcc.dg/typespec-1.c long signed long double (test for errors, line 574)
FAIL: gcc.dg/typespec-1.c long signed long signed (test for errors, line 575)
FAIL: gcc.dg/typespec-1.c long signed long unsigned (test for errors, line 576)
FAIL: gcc.dg/typespec-1.c long signed long _Bool (test for errors, line 577)
FAIL: gcc.dg/typespec-1.c long unsigned int void (test for errors, line 578)
FAIL: gcc.dg/typespec-1.c long unsigned int char (test for errors, line 579)
FAIL: gcc.dg/typespec-1.c long unsigned int short (test for errors, line 580)
FAIL: gcc.dg/typespec-1.c long unsigned int int (test for errors, line 581)
FAIL: gcc.dg/typespec-1.c long unsigned int float (test for errors, line 583)
FAIL: gcc.dg/typespec-1.c long unsigned int double (test for errors, line 584)
FAIL: gcc.dg/typespec-1.c long unsigned int signed (test for errors, line 585)
FAIL: gcc.dg/typespec-1.c long unsigned int unsigned (test for errors, line 586)
FAIL: gcc.dg/typespec-1.c long unsigned int _Bool (test for errors, line 587)
FAIL: gcc.dg/typespec-1.c long unsigned long void (test for errors, line 588)
FAIL: gcc.dg/typespec-1.c long unsigned long char (test for errors, line 589)
FAIL: gcc.dg/typespec-1.c long unsigned long short (test for errors, line 590)
FAIL: gcc.dg/typespec-1.c long unsigned long long (test for errors, line 592)
FAIL: gcc.dg/typespec-1.c long unsigned long float (test for errors, line 593)
FAIL: gcc.dg/typespec-1.c long unsigned long double (test for errors, line 594)
FAIL: gcc.dg/typespec-1.c long unsigned long signed (test for errors, line 595)
FAIL: gcc.dg/typespec-1.c long unsigned long unsigned (test for errors, line 596)
FAIL: gcc.dg/typespec-1.c long unsigned long _Bool (test for errors, line 597)
FAIL: gcc.dg/typespec-1.c signed short int void (test for errors, line 598)
FAIL: gcc.dg/typespec-1.c signed short int char (test for errors, line 599)
FAIL: gcc.dg/typespec-1.c signed short int short (test for errors, line 600)
FAIL: gcc.dg/typespec-1.c signed short int int (test for errors, line 601)
FAIL: gcc.dg/typespec-1.c signed short int long (test for errors, line 602)
FAIL: gcc.dg/typespec-1.c signed short int float (test for errors, line 603)
FAIL: gcc.dg/typespec-1.c signed short int double (test for errors, line 604)
FAIL: gcc.dg/typespec-1.c signed short int signed (test for errors, line 605)
FAIL: gcc.dg/typespec-1.c signed short int unsigned (test for errors, line 606)
FAIL: gcc.dg/typespec-1.c signed short int _Bool (test for errors, line 607)
FAIL: gcc.dg/typespec-1.c signed int short void (test for errors, line 608)
FAIL: gcc.dg/typespec-1.c signed int short char (test for errors, line 609)
FAIL: gcc.dg/typespec-1.c signed int short short (test for errors, line 610)
FAIL: gcc.dg/typespec-1.c signed int short int (test for errors, line 611)
FAIL: gcc.dg/typespec-1.c signed int short long (test for errors, line 612)
FAIL: gcc.dg/typespec-1.c signed int short float (test for errors, line 613)
FAIL: gcc.dg/typespec-1.c signed int short double (test for errors, line 614)
FAIL: gcc.dg/typespec-1.c signed int short signed (test for errors, line 615)
FAIL: gcc.dg/typespec-1.c signed int short unsigned (test for errors, line 616)
FAIL: gcc.dg/typespec-1.c signed int short _Bool (test for errors, line 617)
FAIL: gcc.dg/typespec-1.c signed int long void (test for errors, line 618)
FAIL: gcc.dg/typespec-1.c signed int long char (test for errors, line 619)
FAIL: gcc.dg/typespec-1.c signed int long short (test for errors, line 620)
FAIL: gcc.dg/typespec-1.c signed int long int (test for errors, line 621)
FAIL: gcc.dg/typespec-1.c signed int long float (test for errors, line 623)
FAIL: gcc.dg/typespec-1.c signed int long double (test for errors, line 624)
FAIL: gcc.dg/typespec-1.c signed int long signed (test for errors, line 625)
FAIL: gcc.dg/typespec-1.c signed int long unsigned (test for errors, line 626)
FAIL: gcc.dg/typespec-1.c signed int long _Bool (test for errors, line 627)
FAIL: gcc.dg/typespec-1.c signed long int void (test for errors, line 628)
FAIL: gcc.dg/typespec-1.c signed long int char (test for errors, line 629)
FAIL: gcc.dg/typespec-1.c signed long int short (test for errors, line 630)
FAIL: gcc.dg/typespec-1.c signed long int int (test for errors, line 631)
FAIL: gcc.dg/typespec-1.c signed long int float (test for errors, line 633)
FAIL: gcc.dg/typespec-1.c signed long int double (test for errors, line 634)
FAIL: gcc.dg/typespec-1.c signed long int signed (test for errors, line 635)
FAIL: gcc.dg/typespec-1.c signed long int unsigned (test for errors, line 636)
FAIL: gcc.dg/typespec-1.c signed long int _Bool (test for errors, line 637)
FAIL: gcc.dg/typespec-1.c signed long long void (test for errors, line 638)
FAIL: gcc.dg/typespec-1.c signed long long char (test for errors, line 639)
FAIL: gcc.dg/typespec-1.c signed long long short (test for errors, line 640)
FAIL: gcc.dg/typespec-1.c signed long long long (test for errors, line 642)
FAIL: gcc.dg/typespec-1.c signed long long float (test for errors, line 643)
FAIL: gcc.dg/typespec-1.c signed long long double (test for errors, line 644)
FAIL: gcc.dg/typespec-1.c signed long long signed (test for errors, line 645)
FAIL: gcc.dg/typespec-1.c signed long long unsigned (test for errors, line 646)
FAIL: gcc.dg/typespec-1.c signed long long _Bool (test for errors, line 647)
FAIL: gcc.dg/typespec-1.c unsigned short int void (test for errors, line 648)
FAIL: gcc.dg/typespec-1.c unsigned short int char (test for errors, line 649)
FAIL: gcc.dg/typespec-1.c unsigned short int short (test for errors, line 650)
FAIL: gcc.dg/typespec-1.c unsigned short int int (test for errors, line 651)
FAIL: gcc.dg/typespec-1.c unsigned short int long (test for errors, line 652)
FAIL: gcc.dg/typespec-1.c unsigned short int float (test for errors, line 653)
FAIL: gcc.dg/typespec-1.c unsigned short int double (test for errors, line 654)
FAIL: gcc.dg/typespec-1.c unsigned short int signed (test for errors, line 655)
FAIL: gcc.dg/typespec-1.c unsigned short int unsigned (test for errors, line 656)
FAIL: gcc.dg/typespec-1.c unsigned short int _Bool (test for errors, line 657)
FAIL: gcc.dg/typespec-1.c unsigned int short void (test for errors, line 658)
FAIL: gcc.dg/typespec-1.c unsigned int short char (test for errors, line 659)
FAIL: gcc.dg/typespec-1.c unsigned int short short (test for errors, line 660)
FAIL: gcc.dg/typespec-1.c unsigned int short int (test for errors, line 661)
FAIL: gcc.dg/typespec-1.c unsigned int short long (test for errors, line 662)
FAIL: gcc.dg/typespec-1.c unsigned int short float (test for errors, line 663)
FAIL: gcc.dg/typespec-1.c unsigned int short double (test for errors, line 664)
FAIL: gcc.dg/typespec-1.c unsigned int short signed (test for errors, line 665)
FAIL: gcc.dg/typespec-1.c unsigned int short unsigned (test for errors, line 666)
FAIL: gcc.dg/typespec-1.c unsigned int short _Bool (test for errors, line 667)
FAIL: gcc.dg/typespec-1.c unsigned int long void (test for errors, line 668)
FAIL: gcc.dg/typespec-1.c unsigned int long char (test for errors, line 669)
FAIL: gcc.dg/typespec-1.c unsigned int long short (test for errors, line 670)
FAIL: gcc.dg/typespec-1.c unsigned int long int (test for errors, line 671)
FAIL: gcc.dg/typespec-1.c unsigned int long float (test for errors, line 673)
FAIL: gcc.dg/typespec-1.c unsigned int long double (test for errors, line 674)
FAIL: gcc.dg/typespec-1.c unsigned int long signed (test for errors, line 675)
FAIL: gcc.dg/typespec-1.c unsigned int long unsigned (test for errors, line 676)
FAIL: gcc.dg/typespec-1.c unsigned int long _Bool (test for errors, line 677)
FAIL: gcc.dg/typespec-1.c unsigned long int void (test for errors, line 678)
FAIL: gcc.dg/typespec-1.c unsigned long int char (test for errors, line 679)
FAIL: gcc.dg/typespec-1.c unsigned long int short (test for errors, line 680)
FAIL: gcc.dg/typespec-1.c unsigned long int int (test for errors, line 681)
FAIL: gcc.dg/typespec-1.c unsigned long int float (test for errors, line 683)
FAIL: gcc.dg/typespec-1.c unsigned long int double (test for errors, line 684)
FAIL: gcc.dg/typespec-1.c unsigned long int signed (test for errors, line 685)
FAIL: gcc.dg/typespec-1.c unsigned long int unsigned (test for errors, line 686)
FAIL: gcc.dg/typespec-1.c unsigned long int _Bool (test for errors, line 687)
FAIL: gcc.dg/typespec-1.c unsigned long long void (test for errors, line 688)
FAIL: gcc.dg/typespec-1.c unsigned long long char (test for errors, line 689)
FAIL: gcc.dg/typespec-1.c unsigned long long short (test for errors, line 690)
FAIL: gcc.dg/typespec-1.c unsigned long long long (test for errors, line 692)
FAIL: gcc.dg/typespec-1.c unsigned long long float (test for errors, line 693)
FAIL: gcc.dg/typespec-1.c unsigned long long double (test for errors, line 694)
FAIL: gcc.dg/typespec-1.c unsigned long long signed (test for errors, line 695)
FAIL: gcc.dg/typespec-1.c unsigned long long unsigned (test for errors, line 696)
FAIL: gcc.dg/typespec-1.c unsigned long long _Bool (test for errors, line 697)
FAIL: gcc.dg/typespec-1.c int long long signed void (test for errors, line 698)
FAIL: gcc.dg/typespec-1.c int long long signed char (test for errors, line 699)
FAIL: gcc.dg/typespec-1.c int long long signed short (test for errors, line 700)
FAIL: gcc.dg/typespec-1.c int long long signed int (test for errors, line 701)
FAIL: gcc.dg/typespec-1.c int long long signed long (test for errors, line 702)
FAIL: gcc.dg/typespec-1.c int long long signed float (test for errors, line 703)
FAIL: gcc.dg/typespec-1.c int long long signed double (test for errors, line 704)
FAIL: gcc.dg/typespec-1.c int long long signed signed (test for errors, line 705)
FAIL: gcc.dg/typespec-1.c int long long signed unsigned (test for errors, line 706)
FAIL: gcc.dg/typespec-1.c int long long signed _Bool (test for errors, line 707)
FAIL: gcc.dg/typespec-1.c int long long unsigned void (test for errors, line 708)
FAIL: gcc.dg/typespec-1.c int long long unsigned char (test for errors, line 709)
FAIL: gcc.dg/typespec-1.c int long long unsigned short (test for errors, line 710)
FAIL: gcc.dg/typespec-1.c int long long unsigned int (test for errors, line 711)
FAIL: gcc.dg/typespec-1.c int long long unsigned long (test for errors, line 712)
FAIL: gcc.dg/typespec-1.c int long long unsigned float (test for errors, line 713)
FAIL: gcc.dg/typespec-1.c int long long unsigned double (test for errors, line 714)
FAIL: gcc.dg/typespec-1.c int long long unsigned signed (test for errors, line 715)
FAIL: gcc.dg/typespec-1.c int long long unsigned unsigned (test for errors, line 716)
FAIL: gcc.dg/typespec-1.c int long long unsigned _Bool (test for errors, line 717)
FAIL: gcc.dg/typespec-1.c int long signed long void (test for errors, line 718)
FAIL: gcc.dg/typespec-1.c int long signed long char (test for errors, line 719)
FAIL: gcc.dg/typespec-1.c int long signed long short (test for errors, line 720)
FAIL: gcc.dg/typespec-1.c int long signed long int (test for errors, line 721)
FAIL: gcc.dg/typespec-1.c int long signed long long (test for errors, line 722)
FAIL: gcc.dg/typespec-1.c int long signed long float (test for errors, line 723)
FAIL: gcc.dg/typespec-1.c int long signed long double (test for errors, line 724)
FAIL: gcc.dg/typespec-1.c int long signed long signed (test for errors, line 725)
FAIL: gcc.dg/typespec-1.c int long signed long unsigned (test for errors, line 726)
FAIL: gcc.dg/typespec-1.c int long signed long _Bool (test for errors, line 727)
FAIL: gcc.dg/typespec-1.c int long unsigned long void (test for errors, line 728)
FAIL: gcc.dg/typespec-1.c int long unsigned long char (test for errors, line 729)
FAIL: gcc.dg/typespec-1.c int long unsigned long short (test for errors, line 730)
FAIL: gcc.dg/typespec-1.c int long unsigned long int (test for errors, line 731)
FAIL: gcc.dg/typespec-1.c int long unsigned long long (test for errors, line 732)
FAIL: gcc.dg/typespec-1.c int long unsigned long float (test for errors, line 733)
FAIL: gcc.dg/typespec-1.c int long unsigned long double (test for errors, line 734)
FAIL: gcc.dg/typespec-1.c int long unsigned long signed (test for errors, line 735)
FAIL: gcc.dg/typespec-1.c int long unsigned long unsigned (test for errors, line 736)
FAIL: gcc.dg/typespec-1.c int long unsigned long _Bool (test for errors, line 737)
FAIL: gcc.dg/typespec-1.c int signed long long void (test for errors, line 738)
FAIL: gcc.dg/typespec-1.c int signed long long char (test for errors, line 739)
FAIL: gcc.dg/typespec-1.c int signed long long short (test for errors, line 740)
FAIL: gcc.dg/typespec-1.c int signed long long int (test for errors, line 741)
FAIL: gcc.dg/typespec-1.c int signed long long long (test for errors, line 742)
FAIL: gcc.dg/typespec-1.c int signed long long float (test for errors, line 743)
FAIL: gcc.dg/typespec-1.c int signed long long double (test for errors, line 744)
FAIL: gcc.dg/typespec-1.c int signed long long signed (test for errors, line 745)
FAIL: gcc.dg/typespec-1.c int signed long long unsigned (test for errors, line 746)
FAIL: gcc.dg/typespec-1.c int signed long long _Bool (test for errors, line 747)
FAIL: gcc.dg/typespec-1.c int unsigned long long void (test for errors, line 748)
FAIL: gcc.dg/typespec-1.c int unsigned long long char (test for errors, line 749)
FAIL: gcc.dg/typespec-1.c int unsigned long long short (test for errors, line 750)
FAIL: gcc.dg/typespec-1.c int unsigned long long int (test for errors, line 751)
FAIL: gcc.dg/typespec-1.c int unsigned long long long (test for errors, line 752)
FAIL: gcc.dg/typespec-1.c int unsigned long long float (test for errors, line 753)
FAIL: gcc.dg/typespec-1.c int unsigned long long double (test for errors, line 754)
FAIL: gcc.dg/typespec-1.c int unsigned long long signed (test for errors, line 755)
FAIL: gcc.dg/typespec-1.c int unsigned long long unsigned (test for errors, line 756)
FAIL: gcc.dg/typespec-1.c int unsigned long long _Bool (test for errors, line 757)
FAIL: gcc.dg/typespec-1.c long int long signed void (test for errors, line 758)
FAIL: gcc.dg/typespec-1.c long int long signed char (test for errors, line 759)
FAIL: gcc.dg/typespec-1.c long int long signed short (test for errors, line 760)
FAIL: gcc.dg/typespec-1.c long int long signed int (test for errors, line 761)
FAIL: gcc.dg/typespec-1.c long int long signed long (test for errors, line 762)
FAIL: gcc.dg/typespec-1.c long int long signed float (test for errors, line 763)
FAIL: gcc.dg/typespec-1.c long int long signed double (test for errors, line 764)
FAIL: gcc.dg/typespec-1.c long int long signed signed (test for errors, line 765)
FAIL: gcc.dg/typespec-1.c long int long signed unsigned (test for errors, line 766)
FAIL: gcc.dg/typespec-1.c long int long signed _Bool (test for errors, line 767)
FAIL: gcc.dg/typespec-1.c long int long unsigned void (test for errors, line 768)
FAIL: gcc.dg/typespec-1.c long int long unsigned char (test for errors, line 769)
FAIL: gcc.dg/typespec-1.c long int long unsigned short (test for errors, line 770)
FAIL: gcc.dg/typespec-1.c long int long unsigned int (test for errors, line 771)
FAIL: gcc.dg/typespec-1.c long int long unsigned long (test for errors, line 772)
FAIL: gcc.dg/typespec-1.c long int long unsigned float (test for errors, line 773)
FAIL: gcc.dg/typespec-1.c long int long unsigned double (test for errors, line 774)
FAIL: gcc.dg/typespec-1.c long int long unsigned signed (test for errors, line 775)
FAIL: gcc.dg/typespec-1.c long int long unsigned unsigned (test for errors, line 776)
FAIL: gcc.dg/typespec-1.c long int long unsigned _Bool (test for errors, line 777)
FAIL: gcc.dg/typespec-1.c long int signed long void (test for errors, line 778)
FAIL: gcc.dg/typespec-1.c long int signed long char (test for errors, line 779)
FAIL: gcc.dg/typespec-1.c long int signed long short (test for errors, line 780)
FAIL: gcc.dg/typespec-1.c long int signed long int (test for errors, line 781)
FAIL: gcc.dg/typespec-1.c long int signed long long (test for errors, line 782)
FAIL: gcc.dg/typespec-1.c long int signed long float (test for errors, line 783)
FAIL: gcc.dg/typespec-1.c long int signed long double (test for errors, line 784)
FAIL: gcc.dg/typespec-1.c long int signed long signed (test for errors, line 785)
FAIL: gcc.dg/typespec-1.c long int signed long unsigned (test for errors, line 786)
FAIL: gcc.dg/typespec-1.c long int signed long _Bool (test for errors, line 787)
FAIL: gcc.dg/typespec-1.c long int unsigned long void (test for errors, line 788)
FAIL: gcc.dg/typespec-1.c long int unsigned long char (test for errors, line 789)
FAIL: gcc.dg/typespec-1.c long int unsigned long short (test for errors, line 790)
FAIL: gcc.dg/typespec-1.c long int unsigned long int (test for errors, line 791)
FAIL: gcc.dg/typespec-1.c long int unsigned long long (test for errors, line 792)
FAIL: gcc.dg/typespec-1.c long int unsigned long float (test for errors, line 793)
FAIL: gcc.dg/typespec-1.c long int unsigned long double (test for errors, line 794)
FAIL: gcc.dg/typespec-1.c long int unsigned long signed (test for errors, line 795)
FAIL: gcc.dg/typespec-1.c long int unsigned long unsigned (test for errors, line 796)
FAIL: gcc.dg/typespec-1.c long int unsigned long _Bool (test for errors, line 797)
FAIL: gcc.dg/typespec-1.c long long int signed void (test for errors, line 798)
FAIL: gcc.dg/typespec-1.c long long int signed char (test for errors, line 799)
FAIL: gcc.dg/typespec-1.c long long int signed short (test for errors, line 800)
FAIL: gcc.dg/typespec-1.c long long int signed int (test for errors, line 801)
FAIL: gcc.dg/typespec-1.c long long int signed long (test for errors, line 802)
FAIL: gcc.dg/typespec-1.c long long int signed float (test for errors, line 803)
FAIL: gcc.dg/typespec-1.c long long int signed double (test for errors, line 804)
FAIL: gcc.dg/typespec-1.c long long int signed signed (test for errors, line 805)
FAIL: gcc.dg/typespec-1.c long long int signed unsigned (test for errors, line 806)
FAIL: gcc.dg/typespec-1.c long long int signed _Bool (test for errors, line 807)
FAIL: gcc.dg/typespec-1.c long long int unsigned void (test for errors, line 808)
FAIL: gcc.dg/typespec-1.c long long int unsigned char (test for errors, line 809)
FAIL: gcc.dg/typespec-1.c long long int unsigned short (test for errors, line 810)
FAIL: gcc.dg/typespec-1.c long long int unsigned int (test for errors, line 811)
FAIL: gcc.dg/typespec-1.c long long int unsigned long (test for errors, line 812)
FAIL: gcc.dg/typespec-1.c long long int unsigned float (test for errors, line 813)
FAIL: gcc.dg/typespec-1.c long long int unsigned double (test for errors, line 814)
FAIL: gcc.dg/typespec-1.c long long int unsigned signed (test for errors, line 815)
FAIL: gcc.dg/typespec-1.c long long int unsigned unsigned (test for errors, line 816)
FAIL: gcc.dg/typespec-1.c long long int unsigned _Bool (test for errors, line 817)
FAIL: gcc.dg/typespec-1.c long long signed int void (test for errors, line 818)
FAIL: gcc.dg/typespec-1.c long long signed int char (test for errors, line 819)
FAIL: gcc.dg/typespec-1.c long long signed int short (test for errors, line 820)
FAIL: gcc.dg/typespec-1.c long long signed int int (test for errors, line 821)
FAIL: gcc.dg/typespec-1.c long long signed int long (test for errors, line 822)
FAIL: gcc.dg/typespec-1.c long long signed int float (test for errors, line 823)
FAIL: gcc.dg/typespec-1.c long long signed int double (test for errors, line 824)
FAIL: gcc.dg/typespec-1.c long long signed int signed (test for errors, line 825)
FAIL: gcc.dg/typespec-1.c long long signed int unsigned (test for errors, line 826)
FAIL: gcc.dg/typespec-1.c long long signed int _Bool (test for errors, line 827)
FAIL: gcc.dg/typespec-1.c long long unsigned int void (test for errors, line 828)
FAIL: gcc.dg/typespec-1.c long long unsigned int char (test for errors, line 829)
FAIL: gcc.dg/typespec-1.c long long unsigned int short (test for errors, line 830)
FAIL: gcc.dg/typespec-1.c long long unsigned int int (test for errors, line 831)
FAIL: gcc.dg/typespec-1.c long long unsigned int long (test for errors, line 832)
FAIL: gcc.dg/typespec-1.c long long unsigned int float (test for errors, line 833)
FAIL: gcc.dg/typespec-1.c long long unsigned int double (test for errors, line 834)
FAIL: gcc.dg/typespec-1.c long long unsigned int signed (test for errors, line 835)
FAIL: gcc.dg/typespec-1.c long long unsigned int unsigned (test for errors, line 836)
FAIL: gcc.dg/typespec-1.c long long unsigned int _Bool (test for errors, line 837)
FAIL: gcc.dg/typespec-1.c long signed int long void (test for errors, line 838)
FAIL: gcc.dg/typespec-1.c long signed int long char (test for errors, line 839)
FAIL: gcc.dg/typespec-1.c long signed int long short (test for errors, line 840)
FAIL: gcc.dg/typespec-1.c long signed int long int (test for errors, line 841)
FAIL: gcc.dg/typespec-1.c long signed int long long (test for errors, line 842)
FAIL: gcc.dg/typespec-1.c long signed int long float (test for errors, line 843)
FAIL: gcc.dg/typespec-1.c long signed int long double (test for errors, line 844)
FAIL: gcc.dg/typespec-1.c long signed int long signed (test for errors, line 845)
FAIL: gcc.dg/typespec-1.c long signed int long unsigned (test for errors, line 846)
FAIL: gcc.dg/typespec-1.c long signed int long _Bool (test for errors, line 847)
FAIL: gcc.dg/typespec-1.c long signed long int void (test for errors, line 848)
FAIL: gcc.dg/typespec-1.c long signed long int char (test for errors, line 849)
FAIL: gcc.dg/typespec-1.c long signed long int short (test for errors, line 850)
FAIL: gcc.dg/typespec-1.c long signed long int int (test for errors, line 851)
FAIL: gcc.dg/typespec-1.c long signed long int long (test for errors, line 852)
FAIL: gcc.dg/typespec-1.c long signed long int float (test for errors, line 853)
FAIL: gcc.dg/typespec-1.c long signed long int double (test for errors, line 854)
FAIL: gcc.dg/typespec-1.c long signed long int signed (test for errors, line 855)
FAIL: gcc.dg/typespec-1.c long signed long int unsigned (test for errors, line 856)
FAIL: gcc.dg/typespec-1.c long signed long int _Bool (test for errors, line 857)
FAIL: gcc.dg/typespec-1.c long unsigned int long void (test for errors, line 858)
FAIL: gcc.dg/typespec-1.c long unsigned int long char (test for errors, line 859)
FAIL: gcc.dg/typespec-1.c long unsigned int long short (test for errors, line 860)
FAIL: gcc.dg/typespec-1.c long unsigned int long int (test for errors, line 861)
FAIL: gcc.dg/typespec-1.c long unsigned int long long (test for errors, line 862)
FAIL: gcc.dg/typespec-1.c long unsigned int long float (test for errors, line 863)
FAIL: gcc.dg/typespec-1.c long unsigned int long double (test for errors, line 864)
FAIL: gcc.dg/typespec-1.c long unsigned int long signed (test for errors, line 865)
FAIL: gcc.dg/typespec-1.c long unsigned int long unsigned (test for errors, line 866)
FAIL: gcc.dg/typespec-1.c long unsigned int long _Bool (test for errors, line 867)
FAIL: gcc.dg/typespec-1.c long unsigned long int void (test for errors, line 868)
FAIL: gcc.dg/typespec-1.c long unsigned long int char (test for errors, line 869)
FAIL: gcc.dg/typespec-1.c long unsigned long int short (test for errors, line 870)
FAIL: gcc.dg/typespec-1.c long unsigned long int int (test for errors, line 871)
FAIL: gcc.dg/typespec-1.c long unsigned long int long (test for errors, line 872)
FAIL: gcc.dg/typespec-1.c long unsigned long int float (test for errors, line 873)
FAIL: gcc.dg/typespec-1.c long unsigned long int double (test for errors, line 874)
FAIL: gcc.dg/typespec-1.c long unsigned long int signed (test for errors, line 875)
FAIL: gcc.dg/typespec-1.c long unsigned long int unsigned (test for errors, line 876)
FAIL: gcc.dg/typespec-1.c long unsigned long int _Bool (test for errors, line 877)
FAIL: gcc.dg/typespec-1.c signed int long long void (test for errors, line 878)
FAIL: gcc.dg/typespec-1.c signed int long long char (test for errors, line 879)
FAIL: gcc.dg/typespec-1.c signed int long long short (test for errors, line 880)
FAIL: gcc.dg/typespec-1.c signed int long long int (test for errors, line 881)
FAIL: gcc.dg/typespec-1.c signed int long long long (test for errors, line 882)
FAIL: gcc.dg/typespec-1.c signed int long long float (test for errors, line 883)
FAIL: gcc.dg/typespec-1.c signed int long long double (test for errors, line 884)
FAIL: gcc.dg/typespec-1.c signed int long long signed (test for errors, line 885)
FAIL: gcc.dg/typespec-1.c signed int long long unsigned (test for errors, line 886)
FAIL: gcc.dg/typespec-1.c signed int long long _Bool (test for errors, line 887)
FAIL: gcc.dg/typespec-1.c signed long int long void (test for errors, line 888)
FAIL: gcc.dg/typespec-1.c signed long int long char (test for errors, line 889)
FAIL: gcc.dg/typespec-1.c signed long int long short (test for errors, line 890)
FAIL: gcc.dg/typespec-1.c signed long int long int (test for errors, line 891)
FAIL: gcc.dg/typespec-1.c signed long int long long (test for errors, line 892)
FAIL: gcc.dg/typespec-1.c signed long int long float (test for errors, line 893)
FAIL: gcc.dg/typespec-1.c signed long int long double (test for errors, line 894)
FAIL: gcc.dg/typespec-1.c signed long int long signed (test for errors, line 895)
FAIL: gcc.dg/typespec-1.c signed long int long unsigned (test for errors, line 896)
FAIL: gcc.dg/typespec-1.c signed long int long _Bool (test for errors, line 897)
FAIL: gcc.dg/typespec-1.c signed long long int void (test for errors, line 898)
FAIL: gcc.dg/typespec-1.c signed long long int char (test for errors, line 899)
FAIL: gcc.dg/typespec-1.c signed long long int short (test for errors, line 900)
FAIL: gcc.dg/typespec-1.c signed long long int int (test for errors, line 901)
FAIL: gcc.dg/typespec-1.c signed long long int long (test for errors, line 902)
FAIL: gcc.dg/typespec-1.c signed long long int float (test for errors, line 903)
FAIL: gcc.dg/typespec-1.c signed long long int double (test for errors, line 904)
FAIL: gcc.dg/typespec-1.c signed long long int signed (test for errors, line 905)
FAIL: gcc.dg/typespec-1.c signed long long int unsigned (test for errors, line 906)
FAIL: gcc.dg/typespec-1.c signed long long int _Bool (test for errors, line 907)
FAIL: gcc.dg/typespec-1.c unsigned int long long void (test for errors, line 908)
FAIL: gcc.dg/typespec-1.c unsigned int long long char (test for errors, line 909)
FAIL: gcc.dg/typespec-1.c unsigned int long long short (test for errors, line 910)
FAIL: gcc.dg/typespec-1.c unsigned int long long int (test for errors, line 911)
FAIL: gcc.dg/typespec-1.c unsigned int long long long (test for errors, line 912)
FAIL: gcc.dg/typespec-1.c unsigned int long long float (test for errors, line 913)
FAIL: gcc.dg/typespec-1.c unsigned int long long double (test for errors, line 914)
FAIL: gcc.dg/typespec-1.c unsigned int long long signed (test for errors, line 915)
FAIL: gcc.dg/typespec-1.c unsigned int long long unsigned (test for errors, line 916)
FAIL: gcc.dg/typespec-1.c unsigned int long long _Bool (test for errors, line 917)
FAIL: gcc.dg/typespec-1.c unsigned long int long void (test for errors, line 918)
FAIL: gcc.dg/typespec-1.c unsigned long int long char (test for errors, line 919)
FAIL: gcc.dg/typespec-1.c unsigned long int long short (test for errors, line 920)
FAIL: gcc.dg/typespec-1.c unsigned long int long int (test for errors, line 921)
FAIL: gcc.dg/typespec-1.c unsigned long int long long (test for errors, line 922)
FAIL: gcc.dg/typespec-1.c unsigned long int long float (test for errors, line 923)
FAIL: gcc.dg/typespec-1.c unsigned long int long double (test for errors, line 924)
FAIL: gcc.dg/typespec-1.c unsigned long int long signed (test for errors, line 925)
FAIL: gcc.dg/typespec-1.c unsigned long int long unsigned (test for errors, line 926)
FAIL: gcc.dg/typespec-1.c unsigned long int long _Bool (test for errors, line 927)
FAIL: gcc.dg/typespec-1.c unsigned long long int void (test for errors, line 928)
FAIL: gcc.dg/typespec-1.c unsigned long long int char (test for errors, line 929)
FAIL: gcc.dg/typespec-1.c unsigned long long int short (test for errors, line 930)
FAIL: gcc.dg/typespec-1.c unsigned long long int int (test for errors, line 931)
FAIL: gcc.dg/typespec-1.c unsigned long long int long (test for errors, line 932)
FAIL: gcc.dg/typespec-1.c unsigned long long int float (test for errors, line 933)
FAIL: gcc.dg/typespec-1.c unsigned long long int double (test for errors, line 934)
FAIL: gcc.dg/typespec-1.c unsigned long long int signed (test for errors, line 935)
FAIL: gcc.dg/typespec-1.c unsigned long long int unsigned (test for errors, line 936)
FAIL: gcc.dg/typespec-1.c unsigned long long int _Bool (test for errors, line 937)
FAIL: gcc.dg/typespec-1.c (test for excess errors)
FAIL: gcc.dg/uninit-A.c uninitialized variable warning (test for bogus messages, line 52)
FAIL: gcc.dg/uninit-A.c uninitialized variable warning (test for bogus messages, line 53)
FAIL: gcc.dg/unordered-1.c  (test for errors, line 7)
FAIL: gcc.dg/unordered-1.c  (test for errors, line 16)
FAIL: gcc.dg/unordered-1.c  (test for errors, line 17)
FAIL: gcc.dg/unordered-1.c (test for excess errors)
FAIL: gcc.dg/unused-4.c  (test for warnings, line 4)
FAIL: gcc.dg/unused-4.c  (test for warnings, line 5)
FAIL: gcc.dg/va-arg-2.c In file included from (test for errors, line 6)
FAIL: gcc.dg/va-arg-2.c #error 1 (test for errors, line 4)
FAIL: gcc.dg/va-arg-2.c #error 2 (test for errors, line 5)
FAIL: gcc.dg/warn-1.c  (test for warnings, line 8)
FAIL: gcc.dg/warn-1.c (test for excess errors)
FAIL: gcc.dg/wtr-aggr-init-1.c (test for excess errors)
FAIL: gcc.dg/wtr-conversion-1.c (test for excess errors)
FAIL: gcc.dg/wtr-func-def-1.c  (test for warnings, line 10)
FAIL: gcc.dg/wtr-func-def-1.c  (test for warnings, line 20)
FAIL: gcc.dg/wtr-func-def-1.c  (test for warnings, line 33)
FAIL: gcc.dg/wtr-func-def-1.c  (test for warnings, line 43)
FAIL: gcc.dg/wtr-func-def-1.c  (test for warnings, line 81)
FAIL: gcc.dg/wtr-func-def-1.c  (test for warnings, line 87)
FAIL: gcc.dg/wtr-func-def-1.c  (test for warnings, line 107)
FAIL: gcc.dg/wtr-func-def-1.c  (test for warnings, line 113)
FAIL: gcc.dg/wtr-func-def-1.c  (test for warnings, line 137)
FAIL: gcc.dg/wtr-func-def-1.c  (test for warnings, line 142)
FAIL: gcc.dg/wtr-func-def-1.c  (test for warnings, line 168)
FAIL: gcc.dg/wtr-func-def-1.c  (test for warnings, line 184)
FAIL: gcc.dg/wtr-int-type-1.c (test for excess errors)
FAIL: gcc.dg/wtr-label-1.c (test for excess errors)
FAIL: gcc.dg/wtr-strcat-1.c (test for excess errors)
FAIL: gcc.dg/wtr-suffix-1.c (test for excess errors)
FAIL: gcc.dg/wtr-switch-1.c (test for excess errors)
FAIL: gcc.dg/wtr-unary-plus-1.c (test for excess errors)
FAIL: gcc.dg/wtr-union-init-1.c (test for excess errors)
FAIL: gcc.dg/wtr-union-init-2.c (test for excess errors)
FAIL: gcc.dg/wtr-union-init-3.c (test for excess errors)
FAIL: gcc.dg/format/attr-3.c non-id format (test for errors, line 37)
FAIL: gcc.dg/format/attr-3.c (test for excess errors)
FAIL: gcc.dg/format/attr-3.c non-id format (test for errors, line 37)
FAIL: gcc.dg/format/attr-3.c (test for excess errors)
FAIL: gcc.dg/format/null-1.c (test for excess errors)
FAIL: gcc.dg/format/null-1.c (test for excess errors)
FAIL: gcc.dg/format/xopen-2.c bogus too few dollar (test for bogus messages, line 19)
FAIL: gcc.dg/format/xopen-2.c bogus too few vprintf (test for bogus messages, line 20)
FAIL: gcc.dg/format/xopen-2.c bogus too few dollar (test for bogus messages, line 19)
FAIL: gcc.dg/format/xopen-2.c bogus too few vprintf (test for bogus messages, line 20)
FAIL: gcc.dg/format/zero-length-1.c (test for excess errors)
FAIL: gcc.dg/format/zero-length-1.c (test for excess errors)
FAIL: gcc.dg/noncompile/920721-2.c  (test for errors, line 5)
FAIL: gcc.dg/noncompile/920721-2.c (test for excess errors)
FAIL: gcc.dg/noncompile/920721-2.c  (test for errors, line 5)
FAIL: gcc.dg/noncompile/920721-2.c (test for excess errors)
FAIL: gcc.dg/noncompile/920721-2.c  (test for errors, line 5)
FAIL: gcc.dg/noncompile/920721-2.c (test for excess errors)
FAIL: gcc.dg/noncompile/920721-2.c  (test for errors, line 5)
FAIL: gcc.dg/noncompile/920721-2.c (test for excess errors)
FAIL: gcc.dg/noncompile/920721-2.c  (test for errors, line 5)
FAIL: gcc.dg/noncompile/920721-2.c (test for excess errors)
FAIL: gcc.dg/noncompile/920721-2.c  (test for errors, line 5)
FAIL: gcc.dg/noncompile/920721-2.c (test for excess errors)
FAIL: gcc.dg/noncompile/920721-2.c  (test for errors, line 5)
FAIL: gcc.dg/noncompile/920721-2.c (test for excess errors)
FAIL: gcc.dg/noncompile/920721-2.c  (test for errors, line 5)
FAIL: gcc.dg/noncompile/920721-2.c (test for excess errors)
FAIL: gcc.dg/noncompile/930622-2.c  (test for errors, line 4)
FAIL: gcc.dg/noncompile/930622-2.c (test for excess errors)
FAIL: gcc.dg/noncompile/930622-2.c  (test for errors, line 4)
FAIL: gcc.dg/noncompile/930622-2.c (test for excess errors)
FAIL: gcc.dg/noncompile/930622-2.c  (test for errors, line 4)
FAIL: gcc.dg/noncompile/930622-2.c (test for excess errors)
FAIL: gcc.dg/noncompile/930622-2.c  (test for errors, line 4)
FAIL: gcc.dg/noncompile/930622-2.c (test for excess errors)
FAIL: gcc.dg/noncompile/930622-2.c  (test for errors, line 4)
FAIL: gcc.dg/noncompile/930622-2.c (test for excess errors)
FAIL: gcc.dg/noncompile/930622-2.c  (test for errors, line 4)
FAIL: gcc.dg/noncompile/930622-2.c (test for excess errors)
FAIL: gcc.dg/noncompile/930622-2.c  (test for errors, line 4)
FAIL: gcc.dg/noncompile/930622-2.c (test for excess errors)
FAIL: gcc.dg/noncompile/930622-2.c  (test for errors, line 4)
FAIL: gcc.dg/noncompile/930622-2.c (test for excess errors)
FAIL: gcc.dg/noncompile/940112-1.c  (test for errors, line 7)
FAIL: gcc.dg/noncompile/940112-1.c (test for excess errors)
FAIL: gcc.dg/noncompile/940112-1.c  (test for errors, line 7)
FAIL: gcc.dg/noncompile/940112-1.c (test for excess errors)
FAIL: gcc.dg/noncompile/940112-1.c  (test for errors, line 7)
FAIL: gcc.dg/noncompile/940112-1.c (test for excess errors)
FAIL: gcc.dg/noncompile/940112-1.c  (test for errors, line 7)
FAIL: gcc.dg/noncompile/940112-1.c (test for excess errors)
FAIL: gcc.dg/noncompile/940112-1.c  (test for errors, line 7)
FAIL: gcc.dg/noncompile/940112-1.c (test for excess errors)
FAIL: gcc.dg/noncompile/940112-1.c  (test for errors, line 7)
FAIL: gcc.dg/noncompile/940112-1.c (test for excess errors)
FAIL: gcc.dg/noncompile/950921-1.c (test for excess errors)
FAIL: gcc.dg/noncompile/950921-1.c (test for excess errors)
FAIL: gcc.dg/noncompile/950921-1.c (test for excess errors)
FAIL: gcc.dg/noncompile/950921-1.c (test for excess errors)
FAIL: gcc.dg/noncompile/950921-1.c (test for excess errors)
FAIL: gcc.dg/noncompile/950921-1.c (test for excess errors)
FAIL: gcc.dg/noncompile/951123-1.c (test for excess errors)
FAIL: gcc.dg/noncompile/951123-1.c (test for excess errors)
FAIL: gcc.dg/noncompile/951123-1.c (test for excess errors)
FAIL: gcc.dg/noncompile/951123-1.c (test for excess errors)
FAIL: gcc.dg/noncompile/951123-1.c (test for excess errors)
FAIL: gcc.dg/noncompile/951123-1.c (test for excess errors)
FAIL: gcc.dg/noncompile/971104-1.c  (test for errors, line 26)
FAIL: gcc.dg/noncompile/971104-1.c (test for excess errors)
FAIL: gcc.dg/noncompile/971104-1.c  (test for errors, line 26)
FAIL: gcc.dg/noncompile/971104-1.c (test for excess errors)
FAIL: gcc.dg/noncompile/971104-1.c  (test for errors, line 26)
FAIL: gcc.dg/noncompile/971104-1.c (test for excess errors)
FAIL: gcc.dg/noncompile/971104-1.c  (test for errors, line 26)
FAIL: gcc.dg/noncompile/971104-1.c (test for excess errors)
FAIL: gcc.dg/noncompile/971104-1.c  (test for errors, line 26)
FAIL: gcc.dg/noncompile/971104-1.c (test for excess errors)
FAIL: gcc.dg/noncompile/971104-1.c  (test for errors, line 26)
FAIL: gcc.dg/noncompile/971104-1.c (test for excess errors)
FAIL: gcc.dg/noncompile/990416-1.c  (test for errors, line 4)
FAIL: gcc.dg/noncompile/990416-1.c (test for excess errors)
FAIL: gcc.dg/noncompile/990416-1.c  (test for errors, line 4)
FAIL: gcc.dg/noncompile/990416-1.c (test for excess errors)
FAIL: gcc.dg/noncompile/990416-1.c  (test for errors, line 4)
FAIL: gcc.dg/noncompile/990416-1.c (test for excess errors)
FAIL: gcc.dg/noncompile/990416-1.c  (test for errors, line 4)
FAIL: gcc.dg/noncompile/990416-1.c (test for excess errors)
FAIL: gcc.dg/noncompile/990416-1.c  (test for errors, line 4)
FAIL: gcc.dg/noncompile/990416-1.c (test for excess errors)
FAIL: gcc.dg/noncompile/990416-1.c  (test for errors, line 4)
FAIL: gcc.dg/noncompile/990416-1.c (test for excess errors)
FAIL: gcc.dg/noncompile/incomplete-1.c (test for excess errors)
FAIL: gcc.dg/tls/diag-1.c (test for excess errors)
FAIL: gcc.dg/tls/diag-2.c  (test for errors, line 3)
FAIL: gcc.dg/tls/diag-2.c  (test for errors, line 4)
FAIL: gcc.dg/tls/diag-2.c  (test for errors, line 5)
FAIL: gcc.dg/tls/diag-2.c  (test for errors, line 6)
FAIL: gcc.dg/tls/diag-2.c  (test for errors, line 10)
FAIL: gcc.dg/tls/diag-2.c  (test for errors, line 11)
FAIL: gcc.dg/tls/diag-2.c  (test for errors, line 12)
FAIL: gcc.dg/tls/diag-2.c  (test for errors, line 13)
FAIL: gcc.dg/tls/diag-2.c  (test for errors, line 16)
FAIL: gcc.dg/tls/diag-2.c  (test for errors, line 17)
FAIL: gcc.dg/tls/diag-2.c  (test for errors, line 18)
FAIL: gcc.dg/tls/diag-2.c  (test for errors, line 19)
FAIL: gcc.dg/tls/diag-2.c  (test for errors, line 21)
FAIL: gcc.dg/tls/diag-2.c (test for excess errors)
FAIL: gcc.dg/tls/diag-3.c  (test for errors, line 3)
FAIL: gcc.dg/tls/diag-3.c  (test for errors, line 4)
FAIL: gcc.dg/tls/diag-3.c  (test for errors, line 6)
FAIL: gcc.dg/tls/diag-3.c  (test for errors, line 7)
FAIL: gcc.dg/tls/diag-3.c (test for excess errors)
FAIL: gcc.dg/tls/init-1.c  (test for errors, line 4)
FAIL: gcc.dg/tls/init-1.c (test for excess errors)
FAIL: gcc.dg/tls/nonpic-1.c (test for excess errors)
FAIL: gcc.dg/tls/opt-2.c (test for excess errors)
FAIL: gcc.dg/tls/opt-3.c (test for excess errors)
FAIL: gcc.dg/tls/opt-4.c (test for excess errors)
ERROR: gcc.dg/tls/opt-4.c: error executing dg-final: couldn't open "opt-4.s": no such file or directory
UNRESOLVED: gcc.dg/tls/opt-4.c: error executing dg-final: couldn't open "opt-4.s": no such file or directory
FAIL: gcc.dg/tls/pic-1.c (test for excess errors)
FAIL: gcc.dg/tls/section-1.c conflict with user-defined section (test for errors, line 11)
FAIL: gcc.dg/tls/section-1.c (test for excess errors)
FAIL: gcc.dg/tls/struct-1.c (test for excess errors)
FAIL: gcc.dg/tls/trivial.c (test for excess errors)
FAIL: gcc.dg/weak/weak-8.c (test for excess errors)
FAIL: 0: expected branch percentages not found: 25
FAIL: 0: expected branch percentages not found: 30
FAIL: 0: expected branch percentages not found: 32
FAIL: 0: expected branch percentages not found: 27
FAIL: 0: expected branch percentages not found: 50
FAIL: 0: expected branch percentages not found: 7
FAIL: 0: expected branch percentages not found: 40
FAIL: 0: expected branch percentages not found: 0
FAIL: 0: expected branch percentages not found: 50
FAIL: 0: expected branch percentages not found: 20
FAIL: 0: expected branch percentages not found: 20
FAIL: 0: expected branch percentages not found: 0
FAIL: 0: expected branch percentages not found: 17
FAIL: 0: expected branch percentages not found: 0
FAIL: 0: expected branch percentages not found: 50
FAIL: 0: expected branch percentages not found: 33
FAIL: 0: expected branch percentages not found: 0
FAIL: 0: expected branch percentages not found: 27 50 25
FAIL: 0: expected branch percentages not found: 45
FAIL: 0: expected branch percentages not found: 40
FAIL: 0: expected branch percentages not found: 50
FAIL: 0: expected branch percentages not found: 9 10 11
FAIL: 0: expected branch percentages not found: 20 25
FAIL: 0: expected branch percentages not found: 33
FAIL: gcc.misc-tests/gcov-4b.c gcov: 0 failures in line counts, 24 in branch percentages, 0 in return percentages
FAIL: 0: expected branch percentages not found: 20
FAIL: 0: expected return percentages not found: 0
FAIL: 0: expected return percentages not found: 100
FAIL: 0: expected return percentages not found: 75
FAIL: gcc.misc-tests/gcov-6.c gcov: 0 failures in line counts, 1 in branch percentages, 3 in return percentages
FAIL: 0: expected branch percentages not found: 33
FAIL: 0: expected branch percentages not found: 33
FAIL: 0: expected branch percentages not found: 33
FAIL: 0: expected return percentages not found: 50
FAIL: 0: expected return percentages not found: 100
FAIL: 0: expected return percentages not found: 33
FAIL: 0: expected return percentages not found: 0
FAIL: gcc.misc-tests/gcov-7.c gcov: 0 failures in line counts, 3 in branch percentages, 4 in return percentages
FAIL: 0: expected branch percentages not found: 1
FAIL: 0: expected branch percentages not found: 0
FAIL: 0: expected branch percentages not found: 1
FAIL: 0: expected branch percentages not found: 0
FAIL: gcc.misc-tests/gcov-8.c gcov: 0 failures in line counts, 4 in branch percentages, 0 in return percentages

		=== gcc Summary ===

# of expected passes		19176
# of unexpected failures	1513
# of expected failures		63
# of unresolved testcases	105
# of unsupported tests		76
/usr/bin/gcc version 3.2.1 [FreeBSD] 20021009 (prerelease)

		=== objc tests ===


Running target unix/-pthread
FAIL: objc/execute/formal_protocol-6.m execution,  -O0 
FAIL: objc/execute/formal_protocol-6.m execution,  -O1 
FAIL: objc/execute/formal_protocol-6.m execution,  -O2 
FAIL: objc/execute/formal_protocol-6.m execution,  -O3 -fomit-frame-pointer 
FAIL: objc/execute/formal_protocol-6.m execution,  -O3 -g 
FAIL: objc/execute/formal_protocol-6.m execution,  -Os 
FAIL: objc.dg/bitfield-1.m execution test
FAIL: objc.dg/bitfield-2.m execution test
FAIL: objc.dg/comp-types-1.m  (test for warnings, line 35)
FAIL: objc.dg/comp-types-1.m  (test for warnings, line 46)
FAIL: objc.dg/comp-types-1.m  (test for warnings, line 52)
FAIL: objc.dg/comp-types-1.m  (test for warnings, line 67)
FAIL: objc.dg/comp-types-1.m  (test for warnings, line 80)
FAIL: objc.dg/comp-types-1.m (test for excess errors)
FAIL: objc.dg/comp-types-3.m  (test for warnings, line 44)
FAIL: objc.dg/comp-types-3.m  (test for warnings, line 45)
FAIL: objc.dg/comp-types-3.m  (test for warnings, line 56)
FAIL: objc.dg/comp-types-3.m  (test for warnings, line 57)
FAIL: objc.dg/comp-types-3.m  (test for warnings, line 59)
FAIL: objc.dg/comp-types-3.m  (test for warnings, line 60)
FAIL: objc.dg/comp-types-3.m (test for excess errors)
FAIL: objc.dg/comp-types-5.m  (test for warnings, line 22)
FAIL: objc.dg/comp-types-6.m  (test for warnings, line 26)
FAIL: objc.dg/comp-types-6.m  (test for warnings, line 27)
FAIL: objc.dg/desig-init-1.m  (test for warnings, line 25)
FAIL: objc.dg/desig-init-1.m (test for excess errors)
WARNING: objc.dg/desig-init-1.m compilation failed to produce executable
FAIL: objc.dg/fsyntax-only.m (test for excess errors)
FAIL: objc.dg/naming-1.m  (test for errors, line 20)
FAIL: objc.dg/naming-1.m (test for excess errors)
FAIL: objc.dg/naming-2.m  (test for errors, line 7)
FAIL: objc.dg/naming-2.m (test for excess errors)
FAIL: objc.dg/param-1.m  (test for errors, line 12)
FAIL: objc.dg/param-1.m  (test for errors, line 16)
FAIL: objc.dg/proto-hier-2.m (test for excess errors)
FAIL: objc.dg/proto-lossage-1.m  (test for bogus messages, line 32)
FAIL: objc.dg/proto-lossage-1.m  (test for bogus messages, line 35)
FAIL: objc.dg/proto-lossage-1.m  (test for bogus messages, line 39)
FAIL: objc.dg/proto-lossage-1.m  (test for bogus messages, line 40)
FAIL: objc.dg/selector-1.m  (test for warnings, line 22)
FAIL: objc.dg/super-class-2.m  (test for bogus messages, line 43)
FAIL: objc.dg/undeclared-selector.m  (test for warnings, line 24)
FAIL: objc.dg/undeclared-selector.m  (test for warnings, line 43)
FAIL: objc.dg/undeclared-selector.m (test for excess errors)

		=== objc Summary ===

# of expected passes		1109
# of unexpected failures	43
/usr/bin/gcc version 3.2.1 [FreeBSD] 20021009 (prerelease)


Compiler version: 3.2.1 [FreeBSD] 20021009 (prerelease) 
Platform: i386-unknown-freebsd5.0
configure flags: --host=i386-unknown-freebsd5.0 --prefix=/home/ljrittle/tmp-ref5/install-ref5 --with-gnu-as --with-as=/usr/bin/as --with-gnu-ld --with-ld=/usr/bin/ld
BOOT_CFLAGS=-g -O2
Key: gmake is GNU make
     make is BSD make as shipped on i386-unknown-freebsd5.0
     srcdir means in-source configuration was done within the gcc source tree
     objdir means out-source configuration was done within a fresh directory
ref4 (3.1) and ref5 (mainline) attempt to build gcc twice daily;
once for srcdir configuration and once for objdir configuration;
odd number days use GNU make; even days use BSD make; missing
reports infer breakage; partial reports are made when bootstap
completes in gcc but fails in a support library.
beast (3.1) builds gcc once daily using gmake with objdir conf.
See http://people.freebsd.org/~ljrittle/daily-gcc-bootstrap-reports
for all related transcript logs and log.sent files (not staged
until after all daily bootstraps for a machine complete).


Index Nav: [Date Index] [Subject Index] [Author Index] [Thread Index]
Message Nav: [Date Prev] [Date Next] [Thread Prev] [Thread Next]