This is the mail archive of the gcc-testresults@gcc.gnu.org mailing list for the GCC project.


Index Nav: [Date Index] [Subject Index] [Author Index] [Thread Index]
Message Nav: [Date Prev] [Date Next] [Thread Prev] [Thread Next]
Other format: [Raw text]

Results for 3.4 20021216 (experimental) testsuite on cris-axis-elf


Variations may appear at times due to local patches applied to GCC,
testsuite and DejaGNU.  Host compiler is pristine gcc-2.95.3, C only.

LAST_UPDATED: Tue Dec 17 02:47:46 GMT 2002

Target is cris-axis-elf
Host   is cris-axis-elf

		=== libstdc++-v3 tests ===


Running target cris-xsim
FAIL: 21_strings/capacity.cc execution test
FAIL: 21_strings/ctor_copy_dtor.cc execution test
FAIL: 21_strings/inserters_extractors.cc execution test
FAIL: 21_strings/invariants.cc execution test
FAIL: 21_strings/nonmember.cc execution test
FAIL: 21_strings/operations.cc execution test
FAIL: 21_strings/replace.cc execution test
FAIL: 21_strings/substr.cc execution test
XPASS: 22_locale/collate_members_wchar_t.cc execution test
FAIL: 22_locale/ctor_copy_dtor.cc execution test
XPASS: 22_locale/ctype_is_wchar_t.cc execution test
XPASS: 22_locale/money_get_members_wchar_t.cc execution test
XPASS: 22_locale/money_put_members_wchar_t.cc execution test
XPASS: 22_locale/moneypunct_members_wchar_t.cc execution test
XPASS: 22_locale/num_get_members_wchar_t.cc execution test
XPASS: 22_locale/num_put_members_wchar_t.cc execution test
XPASS: 22_locale/numpunct_members_wchar_t.cc execution test
FAIL: 22_locale/operators.cc execution test
FAIL: 22_locale/static_members.cc execution test
XPASS: 22_locale/time_get_members_wchar_t.cc execution test
XPASS: 22_locale/time_put_members_wchar_t.cc execution test
FAIL: 23_containers/deque_ctor.cc execution test
FAIL: 23_containers/deque_operators.cc execution test
FAIL: 23_containers/list_capacity.cc execution test
FAIL: 23_containers/list_ctor.cc execution test
FAIL: 23_containers/list_modifiers.cc execution test
FAIL: 23_containers/list_operators.cc execution test
FAIL: 23_containers/map_insert.cc execution test
FAIL: 23_containers/map_operators.cc execution test
FAIL: 23_containers/multiset.cc execution test
FAIL: 23_containers/vector_capacity.cc execution test
FAIL: 24_iterators/iterator.cc execution test
FAIL: 24_iterators/ostreambuf_iterator.cc execution test
FAIL: 25_algorithms/rotate.cc execution test
FAIL: 25_algorithms/unique.cc execution test
FAIL: 26_numerics/binary_closure.cc execution test
FAIL: 26_numerics/complex_inserters_extractors.cc execution test
FAIL: 26_numerics/slice_array_assignment.cc execution test
FAIL: 27_io/filebuf_members.cc (test for excess errors)
WARNING: 27_io/filebuf_members.cc compilation failed to produce executable
FAIL: 27_io/filebuf_virtuals.cc execution test
FAIL: 27_io/instantiations.cc execution test
FAIL: 27_io/ios_base_callbacks.cc execution test
FAIL: 27_io/ios_base_members_static.cc execution test
FAIL: 27_io/ios_base_storage.cc execution test
FAIL: 27_io/ios_ctor.cc execution test
FAIL: 27_io/ios_init.cc execution test
FAIL: 27_io/ios_manip_basefield.cc execution test
FAIL: 27_io/ios_manip_fmtflags.cc execution test
FAIL: 27_io/ios_members.cc execution test
FAIL: 27_io/iostream_members.cc execution test
FAIL: 27_io/istream_extractor_arith.cc execution test
FAIL: 27_io/istream_extractor_other.cc execution test
FAIL: 27_io/istream_seeks.cc execution test
FAIL: 27_io/istream_sentry.cc execution test
FAIL: 27_io/istream_unformatted.cc execution test
FAIL: 27_io/istringstream_members.cc execution test
FAIL: 27_io/ostream_inserter_arith.cc execution test
FAIL: 27_io/ostream_inserter_char.cc execution test
FAIL: 27_io/ostream_inserter_other.cc execution test
FAIL: 27_io/ostream_manip.cc execution test
FAIL: 27_io/ostream_unformatted.cc execution test
FAIL: 27_io/ostringstream_members.cc execution test
FAIL: 27_io/streambuf_members.cc execution test
FAIL: 27_io/stringbuf_members.cc execution test
FAIL: 27_io/stringbuf_virtuals.cc execution test
FAIL: 27_io/stringstream_members.cc execution test
FAIL: backward/strstream_members.cc execution test
FAIL: ext/hash_map.cc execution test

		=== libstdc++-v3 Summary ===

# of expected passes		347
# of unexpected failures	58
# of unexpected successes	10
# of expected failures		17
# of unsupported tests		6
Host   is i686-pc-linux-gnu

		=== g77 tests ===


Running target cris-xsim
FAIL: g77.f-torture/execute/20010430.f execution,  -O2
FAIL: g77.f-torture/execute/20010430.f execution,  -O3 -fomit-frame-pointer
FAIL: g77.f-torture/execute/20010430.f execution,  -O3 -fomit-frame-pointer -funroll-loops
FAIL: g77.f-torture/execute/20010430.f execution,  -O3 -fomit-frame-pointer -funroll-all-loops -finline-functions
FAIL: g77.f-torture/execute/20010430.f execution,  -O3 -g

		=== g77 Summary ===

# of expected passes		1566
# of unexpected failures	5
# of expected failures		34
# of untested testcases		8
# of unsupported tests		9
/mnt/miscb3/builds2/cris-xsim/gcc/testsuite/../g77 version 3.4 20021216 (experimental)

Host   is i686-pc-linux-gnu

		=== gcc tests ===


Running target cris-xsim
WARNING: program timed out.
FAIL: gcc.c-torture/compile/20001226-1.c,  -O0
FAIL: gcc.c-torture/compile/simd-3.c,  -O0
FAIL: gcc.c-torture/compile/simd-3.c,  -O1
FAIL: gcc.c-torture/compile/simd-3.c,  -O2
FAIL: gcc.c-torture/compile/simd-3.c,  -O3 -fomit-frame-pointer
FAIL: gcc.c-torture/compile/simd-3.c,  -O3 -g
FAIL: gcc.c-torture/compile/simd-3.c,  -Os
UNRESOLVED: gcc.c-torture/execute/20020720-1.c execution,  -O1
UNRESOLVED: gcc.c-torture/execute/20020720-1.c execution,  -O2
UNRESOLVED: gcc.c-torture/execute/20020720-1.c execution,  -O3 -fomit-frame-pointer
UNRESOLVED: gcc.c-torture/execute/20020720-1.c execution,  -O3 -g
UNRESOLVED: gcc.c-torture/execute/20020720-1.c execution,  -Os
FAIL: gcc.c-torture/execute/builtin-constant.c execution,  -O1
FAIL: gcc.c-torture/execute/builtin-constant.c execution,  -O2
FAIL: gcc.c-torture/execute/builtin-constant.c execution,  -O3 -fomit-frame-pointer
FAIL: gcc.c-torture/execute/builtin-constant.c execution,  -O3 -g
FAIL: gcc.c-torture/execute/builtin-constant.c execution,  -Os
FAIL: gcc.dg/debug/debug-1.c scan-assembler xyzzy
FAIL: gcc.dg/debug/debug-1.c scan-assembler xyzzy
FAIL: gcc.dg/debug/debug-1.c scan-assembler xyzzy
FAIL: gcc.dg/debug/debug-1.c scan-assembler xyzzy
FAIL: gcc.dg/debug/debug-2.c scan-assembler xyzzy
FAIL: gcc.dg/debug/debug-2.c scan-assembler xyzzy
FAIL: gcc.dg/debug/debug-2.c scan-assembler xyzzy
FAIL: gcc.dg/debug/debug-2.c scan-assembler xyzzy
FAIL: gcc.dg/20020304-1.c (test for excess errors)
FAIL: gcc.dg/20021014-1.c (test for excess errors)
WARNING: gcc.dg/20021014-1.c compilation failed to produce executable
FAIL: gcc.dg/bitfld-3.c execution test
XPASS: gcc.dg/c99-flex-array-4.c sizeof != offsetof (test for bogus messages, line 24)
FAIL: gcc.dg/duff-2.c (test for excess errors)
FAIL: gcc.dg/nest.c (test for excess errors)
WARNING: gcc.dg/nest.c compilation failed to produce executable
FAIL: gcc.dg/uninit-A.c uninitialized variable warning (test for bogus messages, line 52)
FAIL: gcc.dg/uninit-A.c uninitialized variable warning (test for bogus messages, line 53)
FAIL: gcc.dg/wchar_t-1.c (test for excess errors)
FAIL: gcc.dg/wint_t-1.c (test for excess errors)
UNRESOLVED: weak-1.c
UNRESOLVED: weak-2.c
UNRESOLVED: wkali-1.c
UNRESOLVED: wkali-2.c
UNRESOLVED: gcc.dg/weak

		=== gcc Summary ===

# of expected passes		20785
# of unexpected failures	29
# of unexpected successes	1
# of expected failures		70
# of unresolved testcases	10
# of unsupported tests		176
/mnt/miscb3/builds2/cris-xsim/gcc/xgcc version 3.4 20021216 (experimental)

Host   is i686-pc-linux-gnu

		=== g++ tests ===


Running target cris-xsim
FAIL: g++.dg/abi/empty6.C  (test for warnings, line 6)
FAIL: g++.dg/abi/mangle17.C (test for excess errors)
ERROR: g++.dg/abi/rtti1.C: error executing dg-final: couldn't execute "cris-elf-c++filt": no such file or directory
UNRESOLVED: g++.dg/abi/rtti1.C: error executing dg-final: couldn't execute "cris-elf-c++filt": no such file or directory
FAIL: g++.dg/abi/vbase10.C  (test for warnings, line 6)
FAIL: g++.dg/opt/cleanup1.C execution test
FAIL: g++.dg/opt/vt1.C scan-assembler-not section[^
ERROR: g++.dg/opt/vtgc1.C: error executing dg-final: couldn't execute "cris-elf-c++filt": no such file or directory
UNRESOLVED: g++.dg/opt/vtgc1.C: error executing dg-final: couldn't execute "cris-elf-c++filt": no such file or directory
FAIL: g++.dg/warn/Wunused-2.C  (test for warnings, line 5)
FAIL: g++.jason/template24.C  Execution test
FAIL: g++.jason/thunk1.C  Execution test
FAIL: g++.jason/thunk3.C  Execution test
FAIL: g++.law/arg8.C  Execution test
FAIL: g++.law/cvt2.C  Execution test
FAIL: g++.law/temps5.C  Execution test
FAIL: g++.law/virtual3.C  Execution test
FAIL: g++.mike/eh2.C  Execution test
FAIL: g++.mike/net34.C  Execution test
FAIL: g++.other/inline8.C  Execution test
FAIL: g++.robertl/eb115.C  Execution test
FAIL: g++.robertl/eb27.C  Execution test
FAIL: g++.robertl/eb77.C  Execution test

		=== g++ Summary ===

# of expected passes		7774
# of unexpected failures	19
# of expected failures		90
# of unresolved testcases	2
# of untested testcases		30
# of unsupported tests		20
/mnt/miscb3/builds2/cris-xsim/gcc/testsuite/../g++ version 3.4 20021216 (experimental)

Host   is i686-pc-linux-gnu

		=== objc tests ===


Running target cris-xsim

		=== objc Summary ===

# of expected passes		1153
/mnt/miscb3/builds2/cris-xsim/gcc/xgcc version 3.4 20021216 (experimental)


Compiler version: 3.4 20021216 (experimental)
Platform: cris-axis-elf
configure flags: --host=i686-pc-linux-gnu --target=cris-elf --prefix=/home/hp/work/axis/build/gcc3testprefix


Index Nav: [Date Index] [Subject Index] [Author Index] [Thread Index]
Message Nav: [Date Prev] [Date Next] [Thread Prev] [Thread Next]