This is the mail archive of the
gcc-testresults@gcc.gnu.org
mailing list for the GCC project.
Results for 3.4 20021216 (experimental) testsuite on mmix-knuth-mmixware
- From: Hans-Peter Nilsson <hp at bitrange dot com>
- To: gcc-testresults at gcc dot gnu dot org
- Date: Tue, 17 Dec 2002 12:03:50 -0500 (EST)
- Subject: Results for 3.4 20021216 (experimental) testsuite on mmix-knuth-mmixware
Variations may appear at times due to local patches applied to GCC,
testsuite and DejaGNU. Host compiler is pristine gcc-2.95.3, C only.
LAST_UPDATED: Tue Dec 17 02:47:46 GMT 2002
Target is mmix-knuth-mmixware
Host is i686-pc-linux-gnu
=== g77 tests ===
Running target mmixware-sim
=== g77 Summary ===
# of expected passes 1485
# of expected failures 80
# of untested testcases 48
# of unsupported tests 9
/mnt/miscb3/builds2/mmixware-sim/gcc/testsuite/../g77 version 3.4 20021216 (experimental)
Host is i686-pc-linux-gnu
=== gcc tests ===
Running target mmixware-sim
FAIL: gcc.c-torture/compile/20001226-1.c, -Os
FAIL: gcc.c-torture/execute/builtin-constant.c execution, -O1
FAIL: gcc.c-torture/execute/builtin-constant.c execution, -O2
FAIL: gcc.c-torture/execute/builtin-constant.c execution, -O3 -fomit-frame-pointer
FAIL: gcc.c-torture/execute/builtin-constant.c execution, -O3 -g
FAIL: gcc.c-torture/execute/builtin-constant.c execution, -Os
WARNING: gcc.dg/20021014-1.c compilation failed to produce executable
FAIL: gcc.dg/bitfld-3.c execution test
FAIL: gcc.dg/bitfld-4.c execution test
FAIL: gcc.dg/duff-2.c (test for excess errors)
FAIL: gcc.dg/empty1.c execution test
WARNING: gcc.dg/nest.c compilation failed to produce executable
XPASS: gcc.dg/sibcall-4.c execution test
FAIL: gcc.dg/sibcallv-1.c execution test
FAIL: gcc.dg/sibcallv-2.c execution test
FAIL: gcc.dg/sibcallv-4.c execution test
FAIL: gcc.dg/uninit-A.c uninitialized variable warning (test for bogus messages, line 52)
FAIL: gcc.dg/uninit-A.c uninitialized variable warning (test for bogus messages, line 53)
FAIL: gcc.dg/weak/typeof-2.c scan-assembler-not baz2.*baz2.*baz2.*baz2.*baz2.*baz2
=== gcc Summary ===
# of expected passes 20546
# of unexpected failures 16
# of unexpected successes 1
# of expected failures 69
# of unsupported tests 175
/mnt/miscb3/builds2/mmixware-sim/gcc/xgcc version 3.4 20021216 (experimental)
Host is i686-pc-linux-gnu
=== g++ tests ===
Running target mmixware-sim
FAIL: g++.dg/abi/bitfield4.C execution test
FAIL: g++.dg/abi/empty6.C (test for warnings, line 6)
FAIL: g++.dg/abi/mangle17.C (test for excess errors)
FAIL: g++.dg/opt/cleanup1.C execution test
FAIL: g++.dg/opt/vt1.C scan-assembler-not section[^
FAIL: g++.dg/warn/Wunused-2.C (test for warnings, line 5)
FAIL: g++.jason/template24.C Execution test
FAIL: g++.jason/thunk1.C Execution test
FAIL: g++.jason/thunk3.C Execution test
FAIL: g++.law/arg8.C Execution test
FAIL: g++.law/cvt2.C Execution test
FAIL: g++.law/temps5.C Execution test
FAIL: g++.law/virtual3.C Execution test
FAIL: g++.mike/eh2.C Execution test
FAIL: g++.mike/net34.C Execution test
FAIL: g++.mike/p2846.C Execution test
FAIL: g++.mike/temp.C Execution test
FAIL: g++.other/dtor10.C Execution test
FAIL: g++.other/empty1.C Execution test
FAIL: g++.other/inline8.C Execution test
FAIL: g++.other/unchanging1.C Execution test
FAIL: g++.robertl/eb115.C Execution test
FAIL: g++.robertl/eb27.C Execution test
FAIL: g++.robertl/eb77.C Execution test
=== g++ Summary ===
# of expected passes 7545
# of unexpected failures 24
# of expected failures 90
# of untested testcases 32
# of unsupported tests 20
/mnt/miscb3/builds2/mmixware-sim/gcc/testsuite/../g++ version 3.4 20021216 (experimental)
Host is i686-pc-linux-gnu
=== objc tests ===
Running target mmixware-sim
FAIL: objc/execute/bf-21.m execution, -O0
FAIL: objc/execute/bf-21.m execution, -O1
FAIL: objc/execute/bf-21.m execution, -O2
FAIL: objc/execute/bf-21.m execution, -O3 -fomit-frame-pointer
FAIL: objc/execute/bf-21.m execution, -O3 -g
FAIL: objc/execute/bf-21.m execution, -Os
FAIL: objc.dg/bitfield-2.m (test for excess errors)
WARNING: objc.dg/bitfield-2.m compilation failed to produce executable
=== objc Summary ===
# of expected passes 1145
# of unexpected failures 7
/mnt/miscb3/builds2/mmixware-sim/gcc/xgcc version 3.4 20021216 (experimental)
Host is mmix-knuth-mmixware
=== libstdc++-v3 tests ===
Running target mmixware-sim
FAIL: 20_util/auto_ptr.cc execution test
FAIL: 21_strings/capacity.cc execution test
FAIL: 21_strings/ctor_copy_dtor.cc execution test
FAIL: 21_strings/inserters_extractors.cc execution test
FAIL: 21_strings/invariants.cc execution test
FAIL: 21_strings/nonmember.cc execution test
FAIL: 21_strings/operations.cc execution test
FAIL: 21_strings/replace.cc execution test
FAIL: 21_strings/substr.cc execution test
XPASS: 22_locale/collate_members_wchar_t.cc execution test
XPASS: 22_locale/ctype_is_wchar_t.cc execution test
XPASS: 22_locale/money_get_members_wchar_t.cc execution test
XPASS: 22_locale/money_put_members_wchar_t.cc execution test
XPASS: 22_locale/moneypunct_members_wchar_t.cc execution test
XPASS: 22_locale/num_get_members_wchar_t.cc execution test
XPASS: 22_locale/num_put_members_wchar_t.cc execution test
XPASS: 22_locale/numpunct_members_wchar_t.cc execution test
FAIL: 22_locale/operators.cc execution test
FAIL: 22_locale/static_members.cc execution test
XPASS: 22_locale/time_get_members_wchar_t.cc execution test
XPASS: 22_locale/time_put_members_wchar_t.cc execution test
WARNING: program timed out.
FAIL: 23_containers/bitset_shift.cc execution test
FAIL: 23_containers/deque_ctor.cc execution test
FAIL: 23_containers/deque_operators.cc execution test
FAIL: 23_containers/list_capacity.cc execution test
FAIL: 23_containers/list_ctor.cc execution test
FAIL: 23_containers/list_modifiers.cc execution test
FAIL: 23_containers/list_operators.cc execution test
WARNING: program timed out.
FAIL: 23_containers/map_insert.cc execution test
WARNING: program timed out.
FAIL: 23_containers/map_operators.cc execution test
WARNING: program timed out.
FAIL: 23_containers/multiset.cc execution test
WARNING: program timed out.
FAIL: 23_containers/vector_capacity.cc execution test
FAIL: 24_iterators/iterator.cc execution test
FAIL: 24_iterators/ostreambuf_iterator.cc execution test
FAIL: 25_algorithms/rotate.cc execution test
FAIL: 26_numerics/binary_closure.cc execution test
FAIL: 26_numerics/c99_classification_macros_c.cc (test for excess errors)
FAIL: 26_numerics/complex_inserters_extractors.cc execution test
FAIL: 26_numerics/slice_array_assignment.cc execution test
FAIL: 27_io/filebuf_members.cc (test for excess errors)
WARNING: 27_io/filebuf_members.cc compilation failed to produce executable
FAIL: 27_io/filebuf_virtuals.cc execution test
FAIL: 27_io/instantiations.cc execution test
FAIL: 27_io/ios_base_callbacks.cc execution test
FAIL: 27_io/ios_base_members_static.cc execution test
FAIL: 27_io/ios_ctor.cc execution test
FAIL: 27_io/ios_init.cc execution test
FAIL: 27_io/ios_manip_basefield.cc execution test
FAIL: 27_io/ios_manip_fmtflags.cc execution test
FAIL: 27_io/ios_members.cc execution test
FAIL: 27_io/iostream_members.cc execution test
FAIL: 27_io/istream_extractor_arith.cc execution test
FAIL: 27_io/istream_extractor_other.cc execution test
FAIL: 27_io/istream_seeks.cc execution test
FAIL: 27_io/istream_sentry.cc execution test
FAIL: 27_io/istream_unformatted.cc execution test
FAIL: 27_io/istringstream_members.cc execution test
FAIL: 27_io/ostream_inserter_arith.cc execution test
FAIL: 27_io/ostream_inserter_char.cc execution test
FAIL: 27_io/ostream_inserter_other.cc execution test
FAIL: 27_io/ostream_manip.cc execution test
FAIL: 27_io/ostream_unformatted.cc execution test
FAIL: 27_io/ostringstream_members.cc execution test
FAIL: 27_io/streambuf_members.cc execution test
FAIL: 27_io/stringbuf_members.cc execution test
FAIL: 27_io/stringbuf_virtuals.cc execution test
FAIL: 27_io/stringstream_members.cc execution test
FAIL: backward/strstream_members.cc execution test
FAIL: ext/hash_map.cc execution test
=== libstdc++-v3 Summary ===
# of expected passes 347
# of unexpected failures 58
# of unexpected successes 10
# of expected failures 17
# of unsupported tests 6
Compiler version: 3.4 20021216 (experimental)
Platform: mmix-knuth-mmixware
configure flags: --host=i686-pc-linux-gnu --target=mmix