This is the mail archive of the gcc-testresults@gcc.gnu.org mailing list for the GCC project.


Index Nav: [Date Index] [Subject Index] [Author Index] [Thread Index]
Message Nav: [Date Prev] [Date Next] [Thread Prev] [Thread Next]
Other format: [Raw text]

Results for 3.4 20021216 (experimental) testsuite on sparc-sun-solaris2.8


LAST_UPDATED: Mon Dec 16 23:18:47 UTC 2002

Native configuration is sparc-sun-solaris2.8

		=== g++ tests ===


Running target unix
FAIL: g++.dg/compat/break/bitfield7 y_tst.o compile
UNRESOLVED: g++.dg/compat/break/bitfield7 x_tst.o-y_tst.o link 
UNRESOLVED: g++.dg/compat/break/bitfield7 x_tst.o-y_tst.o execute 
FAIL: g++.dg/opt/cleanup1.C execution test
FAIL: g++.dg/opt/const1.C execution test
FAIL: g++.dg/opt/vtgc1.C scan-assembler-dem .vtable_inherit[ 	]*vtable for Multivv3.*0
FAIL: g++.dg/opt/vtgc1.C scan-assembler-dem .vtable_inherit[ 	]*VTT for Multivv3.*0
FAIL: g++.dg/opt/vtgc1.C scan-assembler-dem .vtable_inherit[ 	]*vtable for Multiss2.*vtable for Base2
FAIL: g++.dg/opt/vtgc1.C scan-assembler-dem .vtable_inherit[ 	]*vtable for Multivs1.*vtable for Base2
FAIL: g++.dg/opt/vtgc1.C scan-assembler-dem .vtable_inherit[ 	]*VTT for Multivs1.*vtable for Base2
FAIL: g++.dg/opt/vtgc1.C scan-assembler-dem .vtable_inherit[ 	]*vtable for Multisv0.*vtable for Side0
FAIL: g++.dg/opt/vtgc1.C scan-assembler-dem .vtable_inherit[ 	]*VTT for Multisv0.*vtable for Side0
FAIL: g++.dg/opt/vtgc1.C scan-assembler-dem .vtable_inherit[ 	]*vtable for Side0.*0
FAIL: g++.dg/opt/vtgc1.C scan-assembler-dem .vtable_inherit[ 	]*vtable for VbasedA.*0
FAIL: g++.dg/opt/vtgc1.C scan-assembler-dem .vtable_inherit[ 	]*VTT for VbasedA.*0
FAIL: g++.dg/opt/vtgc1.C scan-assembler-dem .vtable_inherit[ 	]*vtable for Base2.*vtable for Base1
FAIL: g++.dg/opt/vtgc1.C scan-assembler-dem .vtable_inherit[ 	]*vtable for Base1.*vtable for Base0
FAIL: g++.dg/opt/vtgc1.C scan-assembler-dem .vtable_inherit[ 	]*vtable for Base0.*0
FAIL: g++.dg/warn/Wunused-2.C  (test for warnings, line 5)
FAIL: g++.jason/inline3.C  Execution test
FAIL: g++.jason/template24.C  Execution test
FAIL: g++.jason/thunk1.C  Execution test
FAIL: g++.jason/thunk2.C  Execution test
FAIL: g++.jason/thunk3.C  Execution test
FAIL: g++.law/arg8.C  Execution test
FAIL: g++.law/cvt2.C  Execution test
FAIL: g++.law/temps3.C  Execution test
FAIL: g++.law/temps5.C  Execution test
FAIL: g++.law/virtual3.C  Execution test
FAIL: g++.martin/bitset1.C  Execution test
FAIL: g++.mike/eh2.C  Execution test
FAIL: g++.mike/leak1.C  Execution test
FAIL: g++.mike/net34.C  Execution test
FAIL: g++.mike/p2846.C  Execution test
FAIL: g++.mike/p2846a.C  Execution test
FAIL: g++.mike/p2846b.C  Execution test
FAIL: g++.mike/p9732a.C  Execution test
FAIL: g++.mike/temp.C  Execution test
FAIL: g++.other/dtor10.C  Execution test
FAIL: g++.other/dtor11.C  Execution test
FAIL: g++.other/inline7.C  Execution test
FAIL: g++.other/inline8.C  Execution test
FAIL: g++.other/unchanging1.C  Execution test
FAIL: g++.robertl/eb115.C  Execution test
FAIL: g++.robertl/eb27.C  Execution test
FAIL: g++.robertl/eb77.C  Execution test

		=== g++ Summary ===

# of expected passes		7785
# of unexpected failures	44
# of expected failures		92
# of unresolved testcases	2
# of untested testcases		21
# of unsupported tests		15
/export/share1/gccbuild/gcc/testsuite/../g++ version 3.4 20021216 (experimental)

		=== g77 tests ===


Running target unix

		=== g77 Summary ===

# of expected passes		1638
# of unsupported tests		8
/export/share1/gccbuild/gcc/testsuite/../g77 version 3.4 20021216 (experimental)

		=== gcc tests ===


Running target unix
WARNING: program timed out.
FAIL: gcc.c-torture/compile/20001226-1.c,  -O3 -g  
WARNING: program timed out.
FAIL: gcc.c-torture/compile/20001226-1.c,  -Os  
FAIL: gcc.c-torture/execute/builtin-constant.c execution,  -O1 
FAIL: gcc.c-torture/execute/builtin-constant.c execution,  -O2 
FAIL: gcc.c-torture/execute/builtin-constant.c execution,  -O3 -fomit-frame-pointer 
FAIL: gcc.c-torture/execute/builtin-constant.c execution,  -O3 -g 
FAIL: gcc.c-torture/execute/builtin-constant.c execution,  -Os 
WARNING: gcc.dg/20021014-1.c compilation failed to produce executable
FAIL: gcc.dg/duff-2.c (test for excess errors)

		=== gcc Summary ===

# of expected passes		20514
# of unexpected failures	8
# of expected failures		62
# of unsupported tests		158
/export/share1/gccbuild/gcc/xgcc version 3.4 20021216 (experimental)

		=== objc tests ===


Running target unix

		=== objc Summary ===

# of expected passes		1153
/export/share1/gccbuild/gcc/xgcc version 3.4 20021216 (experimental)

		=== libstdc++-v3 tests ===


Running target unix
FAIL: 20_util/auto_ptr.cc execution test
FAIL: 21_strings/capacity.cc execution test
FAIL: 21_strings/ctor_copy_dtor.cc execution test
FAIL: 21_strings/inserters_extractors.cc execution test
FAIL: 21_strings/invariants.cc execution test
FAIL: 21_strings/nonmember.cc execution test
FAIL: 21_strings/operations.cc execution test
FAIL: 21_strings/replace.cc execution test
FAIL: 21_strings/substr.cc execution test
XPASS: 22_locale/collate_members_wchar_t.cc execution test
FAIL: 22_locale/ctor_copy_dtor.cc execution test
XPASS: 22_locale/ctype_is_wchar_t.cc execution test
XPASS: 22_locale/money_get_members_wchar_t.cc execution test
XPASS: 22_locale/money_put_members_wchar_t.cc execution test
XPASS: 22_locale/moneypunct_members_wchar_t.cc execution test
XPASS: 22_locale/num_get_members_wchar_t.cc execution test
XPASS: 22_locale/num_put_members_wchar_t.cc execution test
XPASS: 22_locale/numpunct_members_wchar_t.cc execution test
FAIL: 22_locale/operators.cc execution test
FAIL: 22_locale/static_members.cc execution test
XPASS: 22_locale/time_get_members_wchar_t.cc execution test
XPASS: 22_locale/time_put_members_wchar_t.cc execution test
FAIL: 23_containers/adaptors.cc execution test
FAIL: 23_containers/bitset_ctor.cc execution test
FAIL: 23_containers/deque_ctor.cc execution test
FAIL: 23_containers/deque_operators.cc execution test
FAIL: 23_containers/list_capacity.cc execution test
FAIL: 23_containers/list_ctor.cc execution test
FAIL: 23_containers/list_modifiers.cc execution test
FAIL: 23_containers/list_operators.cc execution test
FAIL: 23_containers/map_insert.cc execution test
FAIL: 23_containers/map_operators.cc execution test
FAIL: 23_containers/multiset.cc execution test
FAIL: 24_iterators/insert_iterator.cc execution test
FAIL: 24_iterators/iterator.cc execution test
FAIL: 24_iterators/ostreambuf_iterator.cc execution test
FAIL: 24_iterators/reverse_iterator.cc execution test
FAIL: 25_algorithms/rotate.cc execution test
FAIL: 25_algorithms/unique.cc execution test
FAIL: 26_numerics/binary_closure.cc execution test
WARNING: program timed out.
FAIL: 26_numerics/c_math.cc execution test
FAIL: 26_numerics/complex_inserters_extractors.cc execution test
FAIL: 26_numerics/slice_array_assignment.cc execution test
FAIL: 27_io/filebuf_virtuals.cc execution test
FAIL: 27_io/instantiations.cc execution test
FAIL: 27_io/ios_base_callbacks.cc execution test
FAIL: 27_io/ios_base_members_static.cc execution test
FAIL: 27_io/ios_ctor.cc execution test
FAIL: 27_io/ios_init.cc execution test
FAIL: 27_io/ios_manip_basefield.cc execution test
FAIL: 27_io/ios_manip_fmtflags.cc execution test
FAIL: 27_io/ios_members.cc execution test
FAIL: 27_io/iostream_members.cc execution test
FAIL: 27_io/istream_extractor_arith.cc execution test
FAIL: 27_io/istream_extractor_other.cc execution test
FAIL: 27_io/istream_seeks.cc execution test
FAIL: 27_io/istream_sentry.cc execution test
FAIL: 27_io/istream_unformatted.cc execution test
FAIL: 27_io/istringstream_members.cc execution test
FAIL: 27_io/ostream_inserter_arith.cc execution test
FAIL: 27_io/ostream_inserter_char.cc execution test
FAIL: 27_io/ostream_inserter_other.cc execution test
FAIL: 27_io/ostream_manip.cc execution test
FAIL: 27_io/ostream_unformatted.cc execution test
FAIL: 27_io/ostringstream_members.cc execution test
FAIL: 27_io/streambuf_members.cc execution test
FAIL: 27_io/stringbuf_members.cc execution test
FAIL: 27_io/stringbuf_virtuals.cc execution test
FAIL: 27_io/stringstream_members.cc execution test
FAIL: backward/strstream_members.cc execution test
FAIL: ext/hash_map.cc execution test
FAIL: thread/pthread1.cc execution test
FAIL: thread/pthread4.cc execution test
FAIL: thread/pthread5.cc execution test
FAIL: thread/pthread6.cc execution test

		=== libstdc++-v3 Summary ===

# of expected passes		353
# of unexpected failures	65
# of unexpected successes	10
# of expected failures		17

Compiler version: 3.4 20021216 (experimental) 
Platform: sparc-sun-solaris2.8
configure flags: --host=sparc-sun-solaris2.8 --enable-threads=posix --prefix=/opt/Pkg/SunOS/gcc33 --enable-languages=c,c++,f77,objc --disable-libgcj --with-gxx-include-dir=/opt/Pkg/SunOS/gcc33/include/g++ --with-system-zlib --enable-shared


Index Nav: [Date Index] [Subject Index] [Author Index] [Thread Index]
Message Nav: [Date Prev] [Date Next] [Thread Prev] [Thread Next]