This is the mail archive of the gcc-testresults@gcc.gnu.org mailing list for the GCC project.


Index Nav: [Date Index] [Subject Index] [Author Index] [Thread Index]
Message Nav: [Date Prev] [Date Next] [Thread Prev] [Thread Next]
Other format: [Raw text]

Results for 3.4 20021216 (experimental) testsuite on sparc-sun-solaris2.8


LAST_UPDATED: Mon Dec 16 20:34:49 UTC 2002

Native configuration is sparc-sun-solaris2.8

		=== g++ tests ===


Running target unix
FAIL: g++.dg/compat/break/bitfield7 y_tst.o compile
UNRESOLVED: g++.dg/compat/break/bitfield7 x_tst.o-y_tst.o link 
UNRESOLVED: g++.dg/compat/break/bitfield7 x_tst.o-y_tst.o execute 
FAIL: g++.dg/opt/cleanup1.C execution test
FAIL: g++.dg/opt/const1.C execution test
FAIL: g++.dg/warn/Wunused-2.C  (test for warnings, line 5)
FAIL: g++.jason/inline3.C  Execution test
FAIL: g++.jason/template24.C  Execution test
FAIL: g++.jason/thunk1.C  Execution test
FAIL: g++.jason/thunk2.C  Execution test
FAIL: g++.jason/thunk3.C  Execution test
FAIL: g++.law/arg8.C  Execution test
FAIL: g++.law/cvt2.C  Execution test
FAIL: g++.law/temps3.C  Execution test
FAIL: g++.law/temps4.C  Execution test
FAIL: g++.law/temps5.C  Execution test
FAIL: g++.law/virtual3.C  Execution test
FAIL: g++.martin/bitset1.C  Execution test
FAIL: g++.mike/eh2.C  Execution test
FAIL: g++.mike/leak1.C  Execution test
FAIL: g++.mike/net34.C  Execution test
FAIL: g++.mike/p2846.C  Execution test
FAIL: g++.mike/p2846a.C  Execution test
FAIL: g++.mike/p2846b.C  Execution test
FAIL: g++.mike/temp.C  Execution test
FAIL: g++.other/dtor10.C  Execution test
FAIL: g++.other/dtor11.C  Execution test
FAIL: g++.other/inline7.C  Execution test
FAIL: g++.other/inline8.C  Execution test
FAIL: g++.other/unchanging1.C  Execution test
FAIL: g++.robertl/eb115.C  Execution test
FAIL: g++.robertl/eb27.C  Execution test
FAIL: g++.robertl/eb77.C  Execution test

		=== g++ Summary ===

# of expected passes		7798
# of unexpected failures	31
# of expected failures		92
# of unresolved testcases	2
# of untested testcases		21
# of unsupported tests		15
/export/u3/lucier/programs/gcc/gcc-3.3/objdir/gcc/testsuite/../g++ version 3.4 20021216 (experimental)

		=== g77 tests ===


Running target unix

		=== g77 Summary ===

# of expected passes		1638
# of unsupported tests		8
/export/u3/lucier/programs/gcc/gcc-3.3/objdir/gcc/testsuite/../g77 version 3.4 20021216 (experimental)

		=== gcc tests ===


Running target unix
FAIL: gcc.c-torture/execute/builtin-constant.c execution,  -O1 
FAIL: gcc.c-torture/execute/builtin-constant.c execution,  -O2 
FAIL: gcc.c-torture/execute/builtin-constant.c execution,  -O3 -fomit-frame-pointer 
FAIL: gcc.c-torture/execute/builtin-constant.c execution,  -O3 -g 
FAIL: gcc.c-torture/execute/builtin-constant.c execution,  -Os 
WARNING: gcc.dg/20021014-1.c compilation failed to produce executable
FAIL: gcc.dg/duff-2.c (test for excess errors)

		=== gcc Summary ===

# of expected passes		20517
# of unexpected failures	6
# of expected failures		62
# of unsupported tests		158
/export/u3/lucier/programs/gcc/gcc-3.3/objdir/gcc/xgcc version 3.4 20021216 (experimental)

		=== objc tests ===


Running target unix

		=== objc Summary ===

# of expected passes		1153
/export/u3/lucier/programs/gcc/gcc-3.3/objdir/gcc/xgcc version 3.4 20021216 (experimental)

		=== libjava tests ===


Running target unix
FAIL: PR1343 compilation from bytecode
FAIL: PR1343 -O compilation from bytecode
FAIL: calls run
FAIL: cxxtest run
FAIL: field run
FAIL: final_method run
FAIL: findclass run
FAIL: invoke run
FAIL: martin run
FAIL: noclass run
FAIL: overload run
FAIL: register run
FAIL: simple_int run
FAIL: throwit run
FAIL: virtual run
FAIL: FileHandleGcTest execution - source compiled test
FAIL: FileHandleGcTest execution - bytecode->native test
FAIL: FileHandleGcTest -O execution - source compiled test
FAIL: FileHandleGcTest -O execution - bytecode->native test
FAIL: TestProxy execution - source compiled test
FAIL: TestProxy execution - bytecode->native test
FAIL: TestProxy -O execution - source compiled test
FAIL: TestProxy -O execution - bytecode->native test
FAIL: Throw_2 execution - source compiled test
FAIL: Throw_2 execution - bytecode->native test
FAIL: Throw_2 -O execution - source compiled test
FAIL: Throw_2 -O execution - bytecode->native test
FAIL: pr8823 compilation from bytecode
FAIL: pr8823 -O compilation from bytecode
FAIL: /export/u3/lucier/programs/gcc/gcc-3.3/objdir/sparc-sun-solaris2.8/libjava/testsuite/TestEarlyGC.exe output - /export/u3/lucier/programs/gcc/gcc-3.3/objdir/sparc-sun-solaris2.8/libjava/testsuite/TestEarlyGC.exe
FAIL: /export/u3/lucier/programs/gcc/gcc-3.3/objdir/sparc-sun-solaris2.8/libjava/testsuite/TestLeak.exe execution - /export/u3/lucier/programs/gcc/gcc-3.3/objdir/sparc-sun-solaris2.8/libjava/testsuite/TestLeak.exe
FAIL: /export/u3/lucier/programs/gcc/gcc-3.3/objdir/sparc-sun-solaris2.8/libjava/testsuite/TestMultiple.exe execution - /export/u3/lucier/programs/gcc/gcc-3.3/objdir/sparc-sun-solaris2.8/libjava/testsuite/TestMultiple.exe
FAIL: /export/u3/lucier/programs/gcc/gcc-3.3/objdir/sparc-sun-solaris2.8/libjava/testsuite/TestParent.exe execution - /export/u3/lucier/programs/gcc/gcc-3.3/objdir/sparc-sun-solaris2.8/libjava/testsuite/TestParent.exe

		=== libjava Summary ===

# of expected passes		2321
# of unexpected failures	33
# of expected failures		14
# of untested testcases		40
		=== libstdc++-v3 tests ===


Running target unix
FAIL: 20_util/auto_ptr.cc execution test
FAIL: 21_strings/capacity.cc execution test
FAIL: 21_strings/ctor_copy_dtor.cc execution test
FAIL: 21_strings/inserters_extractors.cc execution test
FAIL: 21_strings/invariants.cc execution test
FAIL: 21_strings/nonmember.cc execution test
FAIL: 21_strings/operations.cc execution test
FAIL: 21_strings/replace.cc execution test
FAIL: 21_strings/substr.cc execution test
XPASS: 22_locale/collate_members_wchar_t.cc execution test
FAIL: 22_locale/ctor_copy_dtor.cc execution test
XPASS: 22_locale/ctype_is_wchar_t.cc execution test
XPASS: 22_locale/money_get_members_wchar_t.cc execution test
XPASS: 22_locale/money_put_members_wchar_t.cc execution test
XPASS: 22_locale/moneypunct_members_wchar_t.cc execution test
XPASS: 22_locale/num_get_members_wchar_t.cc execution test
XPASS: 22_locale/num_put_members_wchar_t.cc execution test
XPASS: 22_locale/numpunct_members_wchar_t.cc execution test
FAIL: 22_locale/operators.cc execution test
FAIL: 22_locale/static_members.cc execution test
XPASS: 22_locale/time_get_members_wchar_t.cc execution test
XPASS: 22_locale/time_put_members_wchar_t.cc execution test
FAIL: 23_containers/adaptors.cc execution test
FAIL: 23_containers/bitset_ctor.cc execution test
FAIL: 23_containers/deque_ctor.cc execution test
FAIL: 23_containers/deque_operators.cc execution test
FAIL: 23_containers/list_capacity.cc execution test
FAIL: 23_containers/list_ctor.cc execution test
FAIL: 23_containers/list_modifiers.cc execution test
FAIL: 23_containers/list_operators.cc execution test
FAIL: 23_containers/map_insert.cc execution test
FAIL: 23_containers/map_operators.cc execution test
FAIL: 23_containers/multiset.cc execution test
FAIL: 24_iterators/insert_iterator.cc execution test
FAIL: 24_iterators/iterator.cc execution test
FAIL: 24_iterators/ostreambuf_iterator.cc execution test
FAIL: 24_iterators/reverse_iterator.cc execution test
FAIL: 25_algorithms/rotate.cc execution test
FAIL: 25_algorithms/unique.cc execution test
FAIL: 26_numerics/binary_closure.cc execution test
WARNING: program timed out.
FAIL: 26_numerics/c_math.cc execution test
FAIL: 26_numerics/complex_inserters_extractors.cc execution test
FAIL: 26_numerics/slice_array_assignment.cc execution test
FAIL: 27_io/filebuf_virtuals.cc execution test
FAIL: 27_io/instantiations.cc execution test
FAIL: 27_io/ios_base_callbacks.cc execution test
FAIL: 27_io/ios_base_members_static.cc execution test
FAIL: 27_io/ios_ctor.cc execution test
FAIL: 27_io/ios_init.cc execution test
FAIL: 27_io/ios_manip_basefield.cc execution test
FAIL: 27_io/ios_manip_fmtflags.cc execution test
FAIL: 27_io/ios_members.cc execution test
FAIL: 27_io/iostream_members.cc execution test
FAIL: 27_io/istream_extractor_arith.cc execution test
FAIL: 27_io/istream_extractor_other.cc execution test
FAIL: 27_io/istream_seeks.cc execution test
FAIL: 27_io/istream_sentry.cc execution test
FAIL: 27_io/istream_unformatted.cc execution test
FAIL: 27_io/istringstream_members.cc execution test
FAIL: 27_io/ostream_inserter_arith.cc execution test
FAIL: 27_io/ostream_inserter_char.cc execution test
FAIL: 27_io/ostream_inserter_other.cc execution test
FAIL: 27_io/ostream_manip.cc execution test
FAIL: 27_io/ostream_unformatted.cc execution test
FAIL: 27_io/ostringstream_members.cc execution test
FAIL: 27_io/streambuf_members.cc execution test
FAIL: 27_io/stringbuf_members.cc execution test
FAIL: 27_io/stringbuf_virtuals.cc execution test
FAIL: 27_io/stringstream_members.cc execution test
FAIL: backward/strstream_members.cc execution test
FAIL: ext/hash_map.cc execution test
FAIL: thread/pthread1.cc execution test
FAIL: thread/pthread4.cc execution test
FAIL: thread/pthread5.cc execution test
FAIL: thread/pthread6.cc execution test

		=== libstdc++-v3 Summary ===

# of expected passes		353
# of unexpected failures	65
# of unexpected successes	10
# of expected failures		17

Compiler version: 3.4 20021216 (experimental) 
Platform: sparc-sun-solaris2.8
configure flags: --host=sparc-sun-solaris2.8 --prefix=/home/c/lucier/local/gcc-test
Counting all warnings,
there are 25 warnings in stage3 of this bootstrap.

Number of warnings per file:
      6	gcc/unwind-dw2-fde.h
      4	gcc/unwind-dw2.c
      4	gcc/libgcc2.c
      2	gcc/gcc.c
      2	gcc/f/sta.c
      2	/pkgs/gnu/share/bison.simple
      1	gcc/loop.c
      1	gcc/java/lang.c
      1	gcc/java/jvspec.c
      1	gcc/java/builtins.c
      1	gcc/config/sparc/gmon-sol2.c

Number of warning types:
      6	unused parameter \`???'
      3	implicit declaration of function \`???'
      3	comparison between signed and unsigned
      2	string length \`???' is greater than the length \`???' ISO C89 compilers are required to support
      2	missing braces around initializer
      2	dereferencing type-punned pointer will break strict-aliasing rules
      2	\`???' might be used uninitialized in this function
      2	(near initialization for \`???')
      1	traditional C rejects string concatenation
      1	static declaration for \`???' follows non-static
      1	function declaration isn't a prototype


Index Nav: [Date Index] [Subject Index] [Author Index] [Thread Index]
Message Nav: [Date Prev] [Date Next] [Thread Prev] [Thread Next]