This is the mail archive of the
gcc-testresults@gcc.gnu.org
mailing list for the GCC project.
Results for 3.4 20021216 (experimental) testsuite on i686-pc-linux-gnu
- From: Andris Pavenis <andris at hal dot astr dot lu dot lv>
- To: gcc-testresults at gcc dot gnu dot org
- Date: Tue, 17 Dec 2002 06:50:57 +0200
- Subject: Results for 3.4 20021216 (experimental) testsuite on i686-pc-linux-gnu
Last updated from CVS: 2002 Dec 17 03:01 +0200
System: Linux kernel 2.4.19
glibc-2.3.1
binutils-2.13.90.0.10 20021010
LAST_UPDATED: Tue Dec 17 01:01:26 UTC 2002
Native configuration is i686-pc-linux-gnu
=== g++ tests ===
Running target unix
FAIL: g++.dg/warn/Wunused-2.C (test for warnings, line 5)
FAIL: g++.dg/tls/init-2.C (test for excess errors)
=== g++ Summary ===
# of expected passes 7901
# of unexpected failures 2
# of expected failures 90
# of untested testcases 9
# of unsupported tests 3
/disk2/cvs/gcc33/build/build.lnx/gcc/testsuite/../g++ version 3.4 20021216 (experimental)
=== g77 tests ===
Running target unix
=== g77 Summary ===
# of expected passes 1654
/disk2/cvs/gcc33/build/build.lnx/gcc/testsuite/../g77 version 3.4 20021216 (experimental)
=== gcc tests ===
Running target unix
FAIL: gcc.c-torture/execute/builtin-constant.c execution, -O1
FAIL: gcc.c-torture/execute/builtin-constant.c execution, -O2
FAIL: gcc.c-torture/execute/builtin-constant.c execution, -O3 -fomit-frame-pointer
FAIL: gcc.c-torture/execute/builtin-constant.c execution, -O3 -g
FAIL: gcc.c-torture/execute/builtin-constant.c execution, -Os
FAIL: gcc.dg/duff-2.c (test for excess errors)
FAIL: gcc.dg/format/xopen-1.c multiple use of scanf argument (test for warnings, line 124)
FAIL: gcc.dg/format/xopen-1.c (test for excess errors)
=== gcc Summary ===
# of expected passes 20779
# of unexpected failures 8
# of expected failures 64
# of unsupported tests 75
/disk2/cvs/gcc33/build/build.lnx/gcc/xgcc version 3.4 20021216 (experimental)
=== objc tests ===
Running target unix
FAIL: objc.dg/comp-types-4.m (test for warnings, line 65)
FAIL: objc.dg/comp-types-4.m (test for excess errors)
=== objc Summary ===
# of expected passes 1151
# of unexpected failures 2
/disk2/cvs/gcc33/build/build.lnx/gcc/xgcc version 3.4 20021216 (experimental)
=== libstdc++-v3 tests ===
Running target unix
XPASS: 22_locale/collate_byname.cc execution test
XPASS: 22_locale/collate_members_char.cc execution test
XPASS: 22_locale/collate_members_wchar_t.cc execution test
XPASS: 22_locale/ctype_is_char.cc execution test
XPASS: 22_locale/ctype_is_wchar_t.cc execution test
XPASS: 22_locale/members.cc execution test
XPASS: 22_locale/messages_byname.cc execution test
XPASS: 22_locale/messages_members_char.cc execution test
XPASS: 22_locale/money_get_members_char.cc execution test
XPASS: 22_locale/money_get_members_wchar_t.cc execution test
XPASS: 22_locale/money_put_members_char.cc execution test
XPASS: 22_locale/money_put_members_wchar_t.cc execution test
XPASS: 22_locale/moneypunct_byname.cc execution test
XPASS: 22_locale/moneypunct_members_char.cc execution test
XPASS: 22_locale/moneypunct_members_wchar_t.cc execution test
XPASS: 22_locale/num_get_members_char.cc execution test
XPASS: 22_locale/num_get_members_wchar_t.cc execution test
XPASS: 22_locale/num_put_members_char.cc execution test
XPASS: 22_locale/num_put_members_wchar_t.cc execution test
XPASS: 22_locale/numpunct_byname.cc execution test
XPASS: 22_locale/numpunct_members_char.cc execution test
XPASS: 22_locale/numpunct_members_wchar_t.cc execution test
XPASS: 22_locale/time_get_members_char.cc execution test
XPASS: 22_locale/time_get_members_wchar_t.cc execution test
XPASS: 22_locale/time_put_members_char.cc execution test
XPASS: 22_locale/time_put_members_wchar_t.cc execution test
FAIL: 26_numerics/c99_classification_macros_c.cc (test for excess errors)
=== libstdc++-v3 Summary ===
# of expected passes 417
# of unexpected failures 1
# of unexpected successes 26
# of expected failures 1
Compiler version: 3.4 20021216 (experimental)
Platform: i686-pc-linux-gnu
configure flags: --host=i686-pc-linux-gnu --prefix=/disk2/gcc33 --enable-shared --verbose --enable-languages=c,c++,f77,objc --enable-threads=posix
Counting all warnings,
there are 35 warnings in stage3 of this bootstrap.
Number of warnings per file:
7 gcc/unwind-dw2-fde.h
4 insn-conditions.c
3 gcc/tlink.c
3 /usr/share/bison/bison.simple
2 objc-parse.y
2 gcc/gcc.c
2 gcc/f/sta.c
2 gcc/crtstuff.c
2 gcc/cp/lex.c
2 c-parse.y
1 gcc/ra-build.c
1 gcc/loop.c
1 gcc/function.c
1 gcc/emit-rtl.c
1 gcc/config/i386/i386.c
1 gcc/collect2.c
Number of warning types:
8 unused parameter `???'
6 string length `???' is greater than the length `???' ISO C89 compilers are required to support
6 ??? format, ??? arg (arg ???)
4 comparison of unsigned expression < 0 is always false
3 label `???' defined but not used
2 passing arg ??? of `???' discards qualifiers from pointer target type
2 dereferencing type-punned pointer will break strict-aliasing rules
2 comparison between signed and unsigned
1 signed and unsigned type in conditional expression
1 `long' switch expression not converted to `int' in ISO C