This is the mail archive of the gcc-testresults@gcc.gnu.org mailing list for the GCC project.


Index Nav: [Date Index] [Subject Index] [Author Index] [Thread Index]
Message Nav: [Date Prev] [Date Next] [Thread Prev] [Thread Next]
Other format: [Raw text]

Results for 3.4-bi 20021213 (experimental) testsuite on sparc-sun-solaris2.7


LAST_UPDATED: 
Native configuration is sparc-sun-solaris2.7

		=== g++ tests ===


Running target unix/-m64
ERROR: g++.dg/abi/rtti1.C: error executing dg-final: couldn't execute "c++filt": no such file or directory
UNRESOLVED: g++.dg/abi/rtti1.C: error executing dg-final: couldn't execute "c++filt": no such file or directory
ERROR: g++.dg/opt/vtgc1.C: error executing dg-final: couldn't execute "c++filt": no such file or directory
UNRESOLVED: g++.dg/opt/vtgc1.C: error executing dg-final: couldn't execute "c++filt": no such file or directory
FAIL: g++.dg/warn/Wunused-2.C  (test for warnings, line 5)

		=== g++ Summary for unix/-m64 ===

# of expected passes		7815
# of unexpected failures	1
# of expected failures		93
# of unresolved testcases	2
# of untested testcases		21
# of unsupported tests		15

Running target unix/-fPIC
FAIL: g++.dg/bprob/g++-bprob-1.C compilation, {} {} -fprofile-arcs
UNRESOLVED: g++.dg/bprob/g++-bprob-1.C execution,   {} {} -fprofile-arcs
UNRESOLVED: g++.dg/bprob/g++-bprob-1.C compilation, {} {} -fbranch-probabilities
UNRESOLVED: g++.dg/bprob/g++-bprob-1.C execution,   {} {} -fbranch-probabilities
FAIL: g++.dg/compat/break/bitfield7 y_tst.o compile
UNRESOLVED: g++.dg/compat/break/bitfield7 x_tst.o-y_tst.o link 
UNRESOLVED: g++.dg/compat/break/bitfield7 x_tst.o-y_tst.o execute 
ERROR: g++.dg/abi/rtti1.C: error executing dg-final: couldn't execute "c++filt": no such file or directory
UNRESOLVED: g++.dg/abi/rtti1.C: error executing dg-final: couldn't execute "c++filt": no such file or directory
FAIL: g++.dg/opt/cleanup1.C execution test
FAIL: g++.dg/opt/const1.C execution test
ERROR: g++.dg/opt/vtgc1.C: error executing dg-final: couldn't execute "c++filt": no such file or directory
UNRESOLVED: g++.dg/opt/vtgc1.C: error executing dg-final: couldn't execute "c++filt": no such file or directory
FAIL: g++.dg/warn/Wunused-2.C  (test for warnings, line 5)
FAIL: g++.jason/inline3.C  Execution test
FAIL: g++.jason/template24.C  Execution test
FAIL: g++.jason/thunk1.C  Execution test
FAIL: g++.jason/thunk2.C  Execution test
FAIL: g++.jason/thunk3.C  Execution test
FAIL: g++.law/arg8.C  Execution test
FAIL: g++.law/cvt2.C  Execution test
FAIL: g++.law/temps3.C  Execution test
FAIL: g++.law/temps4.C  Execution test
FAIL: g++.law/temps5.C  Execution test
FAIL: g++.law/virtual3.C  Execution test
FAIL: g++.martin/bitset1.C  Execution test
FAIL: g++.mike/eh2.C  Execution test
FAIL: g++.mike/leak1.C  Execution test
FAIL: g++.mike/net34.C  Execution test
FAIL: g++.mike/p2846.C  Execution test
FAIL: g++.mike/p2846a.C  Execution test
FAIL: g++.mike/p2846b.C  Execution test
FAIL: g++.mike/p9732a.C  Execution test
FAIL: g++.mike/temp.C  Execution test
FAIL: g++.other/dtor10.C  Execution test
FAIL: g++.other/dtor11.C  Execution test
FAIL: g++.other/inline7.C  Execution test
FAIL: g++.other/inline8.C  Execution test
FAIL: g++.other/unchanging1.C  Execution test
FAIL: g++.robertl/eb115.C  Execution test
FAIL: g++.robertl/eb27.C  Execution test
FAIL: g++.robertl/eb73.C  Execution test
FAIL: g++.robertl/eb77.C  Execution test

		=== g++ Summary for unix/-fPIC ===

# of expected passes		7754
# of unexpected failures	34
# of expected failures		92
# of unresolved testcases	7
# of untested testcases		21
# of unsupported tests		15

Running target unix/-fpic
FAIL: g++.dg/bprob/g++-bprob-1.C compilation, {} {} -fprofile-arcs
UNRESOLVED: g++.dg/bprob/g++-bprob-1.C execution,   {} {} -fprofile-arcs
UNRESOLVED: g++.dg/bprob/g++-bprob-1.C compilation, {} {} -fbranch-probabilities
UNRESOLVED: g++.dg/bprob/g++-bprob-1.C execution,   {} {} -fbranch-probabilities
FAIL: g++.dg/compat/break/bitfield7 y_tst.o compile
UNRESOLVED: g++.dg/compat/break/bitfield7 x_tst.o-y_tst.o link 
UNRESOLVED: g++.dg/compat/break/bitfield7 x_tst.o-y_tst.o execute 
ERROR: g++.dg/abi/rtti1.C: error executing dg-final: couldn't execute "c++filt": no such file or directory
UNRESOLVED: g++.dg/abi/rtti1.C: error executing dg-final: couldn't execute "c++filt": no such file or directory
FAIL: g++.dg/opt/cleanup1.C execution test
FAIL: g++.dg/opt/const1.C execution test
ERROR: g++.dg/opt/vtgc1.C: error executing dg-final: couldn't execute "c++filt": no such file or directory
UNRESOLVED: g++.dg/opt/vtgc1.C: error executing dg-final: couldn't execute "c++filt": no such file or directory
FAIL: g++.dg/warn/Wunused-2.C  (test for warnings, line 5)
FAIL: g++.jason/inline3.C  Execution test
FAIL: g++.jason/template24.C  Execution test
FAIL: g++.jason/thunk1.C  Execution test
FAIL: g++.jason/thunk2.C  Execution test
FAIL: g++.jason/thunk3.C  Execution test
FAIL: g++.law/arg8.C  Execution test
FAIL: g++.law/cvt2.C  Execution test
FAIL: g++.law/temps3.C  Execution test
FAIL: g++.law/temps4.C  Execution test
FAIL: g++.law/temps5.C  Execution test
FAIL: g++.law/virtual3.C  Execution test
FAIL: g++.martin/bitset1.C  Execution test
FAIL: g++.mike/eh2.C  Execution test
FAIL: g++.mike/leak1.C  Execution test
FAIL: g++.mike/net34.C  Execution test
FAIL: g++.mike/p2846.C  Execution test
FAIL: g++.mike/p2846a.C  Execution test
FAIL: g++.mike/p2846b.C  Execution test
FAIL: g++.mike/p9732a.C  Execution test
FAIL: g++.mike/temp.C  Execution test
FAIL: g++.other/dtor10.C  Execution test
FAIL: g++.other/dtor11.C  Execution test
FAIL: g++.other/inline7.C  Execution test
FAIL: g++.other/inline8.C  Execution test
FAIL: g++.other/unchanging1.C  Execution test
FAIL: g++.robertl/eb115.C  Execution test
FAIL: g++.robertl/eb27.C  Execution test
FAIL: g++.robertl/eb73.C  Execution test
FAIL: g++.robertl/eb77.C  Execution test

		=== g++ Summary for unix/-fpic ===

# of expected passes		7754
# of unexpected failures	34
# of expected failures		92
# of unresolved testcases	7
# of untested testcases		21
# of unsupported tests		15

Running target unix
FAIL: g++.dg/bprob/g++-bprob-1.C compilation, {} {} -fprofile-arcs
UNRESOLVED: g++.dg/bprob/g++-bprob-1.C execution,   {} {} -fprofile-arcs
UNRESOLVED: g++.dg/bprob/g++-bprob-1.C compilation, {} {} -fbranch-probabilities
UNRESOLVED: g++.dg/bprob/g++-bprob-1.C execution,   {} {} -fbranch-probabilities
FAIL: g++.dg/compat/break/bitfield7 y_tst.o compile
UNRESOLVED: g++.dg/compat/break/bitfield7 x_tst.o-y_tst.o link 
UNRESOLVED: g++.dg/compat/break/bitfield7 x_tst.o-y_tst.o execute 
ERROR: g++.dg/abi/rtti1.C: error executing dg-final: couldn't execute "c++filt": no such file or directory
UNRESOLVED: g++.dg/abi/rtti1.C: error executing dg-final: couldn't execute "c++filt": no such file or directory
FAIL: g++.dg/opt/cleanup1.C execution test
FAIL: g++.dg/opt/const1.C execution test
ERROR: g++.dg/opt/vtgc1.C: error executing dg-final: couldn't execute "c++filt": no such file or directory
UNRESOLVED: g++.dg/opt/vtgc1.C: error executing dg-final: couldn't execute "c++filt": no such file or directory
FAIL: g++.dg/warn/Wunused-2.C  (test for warnings, line 5)
FAIL: g++.jason/inline3.C  Execution test
FAIL: g++.jason/template24.C  Execution test
FAIL: g++.jason/thunk1.C  Execution test
FAIL: g++.jason/thunk2.C  Execution test
FAIL: g++.jason/thunk3.C  Execution test
FAIL: g++.law/arg8.C  Execution test
FAIL: g++.law/cvt2.C  Execution test
FAIL: g++.law/temps3.C  Execution test
FAIL: g++.law/temps4.C  Execution test
FAIL: g++.law/temps5.C  Execution test
FAIL: g++.law/virtual3.C  Execution test
FAIL: g++.martin/bitset1.C  Execution test
FAIL: g++.mike/eh2.C  Execution test
FAIL: g++.mike/leak1.C  Execution test
FAIL: g++.mike/net34.C  Execution test
FAIL: g++.mike/p2846.C  Execution test
FAIL: g++.mike/p2846a.C  Execution test
FAIL: g++.mike/p2846b.C  Execution test
FAIL: g++.mike/p9732a.C  Execution test
FAIL: g++.mike/temp.C  Execution test
FAIL: g++.other/dtor10.C  Execution test
FAIL: g++.other/dtor11.C  Execution test
FAIL: g++.other/inline7.C  Execution test
FAIL: g++.other/inline8.C  Execution test
FAIL: g++.other/unchanging1.C  Execution test
FAIL: g++.robertl/eb115.C  Execution test
FAIL: g++.robertl/eb27.C  Execution test
FAIL: g++.robertl/eb73.C  Execution test
FAIL: g++.robertl/eb77.C  Execution test

		=== g++ Summary for unix ===

# of expected passes		7754
# of unexpected failures	34
# of expected failures		92
# of unresolved testcases	7
# of untested testcases		21
# of unsupported tests		15

		=== g++ Summary ===

# of expected passes		31077
# of unexpected failures	103
# of expected failures		369
# of unresolved testcases	23
# of untested testcases		84
# of unsupported tests		60
/teal/caip5/ghazi/gcc-testing/build/gcc/testsuite/../g++ version 3.4-bi 20021213 (experimental)

		=== g77 tests ===


Running target unix/-m64

		=== g77 Summary for unix/-m64 ===

# of expected passes		1638
# of unsupported tests		8

Running target unix/-fPIC

		=== g77 Summary for unix/-fPIC ===

# of expected passes		1638
# of unsupported tests		8

Running target unix/-fpic

		=== g77 Summary for unix/-fpic ===

# of expected passes		1638
# of unsupported tests		8

Running target unix

		=== g77 Summary for unix ===

# of expected passes		1638
# of unsupported tests		8

		=== g77 Summary ===

# of expected passes		6552
# of unsupported tests		32
/teal/caip5/ghazi/gcc-testing/build/gcc/testsuite/../g77 version 3.4-bi 20021213 (experimental)

		=== gcc tests ===


Running target unix/-m64
WARNING: program timed out.
FAIL: gcc.c-torture/compile/20001226-1.c,  -O3 -g  
FAIL: gcc.c-torture/compile/simd-5.c,  -O0  
FAIL: gcc.c-torture/compile/simd-5.c,  -O1  
FAIL: gcc.c-torture/compile/simd-5.c,  -O2  
FAIL: gcc.c-torture/compile/simd-5.c,  -O3 -fomit-frame-pointer  
FAIL: gcc.c-torture/compile/simd-5.c,  -O3 -g  
FAIL: gcc.c-torture/compile/simd-5.c,  -Os  
XPASS: gcc.c-torture/execute/20020227-1.c execution,  -O0 
XPASS: gcc.c-torture/execute/20020227-1.c execution,  -O1 
FAIL: gcc.c-torture/execute/930921-1.c compilation,  -O3 -fomit-frame-pointer -funroll-loops 
UNRESOLVED: gcc.c-torture/execute/930921-1.c execution,  -O3 -fomit-frame-pointer -funroll-loops 
FAIL: gcc.c-torture/execute/930921-1.c compilation,  -O3 -fomit-frame-pointer -funroll-all-loops -finline-functions 
UNRESOLVED: gcc.c-torture/execute/930921-1.c execution,  -O3 -fomit-frame-pointer -funroll-all-loops -finline-functions 
FAIL: gcc.c-torture/execute/builtin-constant.c execution,  -O1 
FAIL: gcc.c-torture/execute/builtin-constant.c execution,  -O2 
FAIL: gcc.c-torture/execute/builtin-constant.c execution,  -O3 -fomit-frame-pointer 
FAIL: gcc.c-torture/execute/builtin-constant.c execution,  -O3 -g 
FAIL: gcc.c-torture/execute/builtin-constant.c execution,  -Os 
WARNING: gcc.dg/20021014-1.c compilation failed to produce executable
FAIL: gcc.dg/duff-2.c (test for excess errors)
FAIL: gcc.dg/sparc-ret.c (test for excess errors)
ERROR: gcc.dg/sparc-ret.c: error executing dg-final: couldn't open "sparc-ret.s": no such file or directory
UNRESOLVED: gcc.dg/sparc-ret.c: error executing dg-final: couldn't open "sparc-ret.s": no such file or directory

		=== gcc Summary for unix/-m64 ===

# of expected passes		20497
# of unexpected failures	16
# of unexpected successes	2
# of expected failures		66
# of unresolved testcases	3
# of unsupported tests		158

Running target unix/-fPIC
WARNING: program timed out.
FAIL: gcc.c-torture/compile/20001226-1.c,  -O3 -g  
FAIL: gcc.c-torture/execute/builtin-constant.c execution,  -O1 
FAIL: gcc.c-torture/execute/builtin-constant.c execution,  -O2 
FAIL: gcc.c-torture/execute/builtin-constant.c execution,  -O3 -fomit-frame-pointer 
FAIL: gcc.c-torture/execute/builtin-constant.c execution,  -O3 -g 
FAIL: gcc.c-torture/execute/builtin-constant.c execution,  -Os 
FAIL: gcc.dg/20020312-2.c (test for excess errors)
WARNING: gcc.dg/20020312-2.c compilation failed to produce executable
WARNING: gcc.dg/20021014-1.c compilation failed to produce executable
FAIL: gcc.dg/duff-2.c (test for excess errors)

		=== gcc Summary for unix/-fPIC ===

# of expected passes		20514
# of unexpected failures	8
# of expected failures		62
# of unsupported tests		158

Running target unix/-fpic
WARNING: program timed out.
FAIL: gcc.c-torture/compile/20001226-1.c,  -O3 -g  
FAIL: gcc.c-torture/execute/builtin-constant.c execution,  -O1 
FAIL: gcc.c-torture/execute/builtin-constant.c execution,  -O2 
FAIL: gcc.c-torture/execute/builtin-constant.c execution,  -O3 -fomit-frame-pointer 
FAIL: gcc.c-torture/execute/builtin-constant.c execution,  -O3 -g 
FAIL: gcc.c-torture/execute/builtin-constant.c execution,  -Os 
FAIL: gcc.dg/20020312-2.c (test for excess errors)
WARNING: gcc.dg/20020312-2.c compilation failed to produce executable
WARNING: gcc.dg/20021014-1.c compilation failed to produce executable
FAIL: gcc.dg/duff-2.c (test for excess errors)

		=== gcc Summary for unix/-fpic ===

# of expected passes		20514
# of unexpected failures	8
# of expected failures		62
# of unsupported tests		158

Running target unix
WARNING: program timed out.
FAIL: gcc.c-torture/compile/20001226-1.c,  -O3 -g  
FAIL: gcc.c-torture/execute/builtin-constant.c execution,  -O1 
FAIL: gcc.c-torture/execute/builtin-constant.c execution,  -O2 
FAIL: gcc.c-torture/execute/builtin-constant.c execution,  -O3 -fomit-frame-pointer 
FAIL: gcc.c-torture/execute/builtin-constant.c execution,  -O3 -g 
FAIL: gcc.c-torture/execute/builtin-constant.c execution,  -Os 
WARNING: gcc.dg/20021014-1.c compilation failed to produce executable
FAIL: gcc.dg/duff-2.c (test for excess errors)

		=== gcc Summary for unix ===

# of expected passes		20516
# of unexpected failures	7
# of expected failures		62
# of unsupported tests		158

		=== gcc Summary ===

# of expected passes		82041
# of unexpected failures	39
# of unexpected successes	2
# of expected failures		252
# of unresolved testcases	3
# of unsupported tests		632
/teal/caip5/ghazi/gcc-testing/build/gcc/xgcc version 3.4-bi 20021213 (experimental)

		=== objc tests ===


Running target unix/-m64

		=== objc Summary for unix/-m64 ===

# of expected passes		1153

Running target unix/-fPIC

		=== objc Summary for unix/-fPIC ===

# of expected passes		1153

Running target unix/-fpic

		=== objc Summary for unix/-fpic ===

# of expected passes		1153

Running target unix

		=== objc Summary for unix ===

# of expected passes		1153

		=== objc Summary ===

# of expected passes		4612
/teal/caip5/ghazi/gcc-testing/build/gcc/xgcc version 3.4-bi 20021213 (experimental)

		=== libjava tests ===


Running target unix/-m64
FAIL: PR1343 compilation from bytecode
FAIL: PR1343 -O compilation from bytecode
FAIL: calls run
FAIL: linking cxxtest
FAIL: field run
FAIL: final_method run
FAIL: findclass run
FAIL: invoke run
FAIL: martin run
FAIL: noclass run
FAIL: overload run
FAIL: register run
FAIL: simple_int run
FAIL: throwit run
FAIL: virtual run
FAIL: FileHandleGcTest execution - source compiled test
FAIL: FileHandleGcTest execution - bytecode->native test
FAIL: FileHandleGcTest -O execution - source compiled test
FAIL: FileHandleGcTest -O execution - bytecode->native test
WARNING: program timed out.
FAIL: SyncTest execution - bytecode->native test
WARNING: program timed out.
FAIL: SyncTest -O execution - bytecode->native test
FAIL: TestProxy execution - source compiled test
FAIL: TestProxy execution - bytecode->native test
FAIL: TestProxy -O execution - source compiled test
FAIL: TestProxy -O execution - bytecode->native test
FAIL: pr8823 compilation from bytecode
FAIL: pr8823 -O compilation from bytecode
FAIL: /teal/caip5/ghazi/gcc-testing/build/sparc-sun-solaris2.7/libjava/testsuite/TestEarlyGC.exe output - /teal/caip5/ghazi/gcc-testing/build/sparc-sun-solaris2.7/libjava/testsuite/TestEarlyGC.exe
FAIL: /teal/caip5/ghazi/gcc-testing/build/sparc-sun-solaris2.7/libjava/testsuite/TestLeak.exe execution - /teal/caip5/ghazi/gcc-testing/build/sparc-sun-solaris2.7/libjava/testsuite/TestLeak.exe
FAIL: /teal/caip5/ghazi/gcc-testing/build/sparc-sun-solaris2.7/libjava/testsuite/TestMultiple.exe execution - /teal/caip5/ghazi/gcc-testing/build/sparc-sun-solaris2.7/libjava/testsuite/TestMultiple.exe
FAIL: /teal/caip5/ghazi/gcc-testing/build/sparc-sun-solaris2.7/libjava/testsuite/TestParent.exe execution - /teal/caip5/ghazi/gcc-testing/build/sparc-sun-solaris2.7/libjava/testsuite/TestParent.exe

		=== libjava Summary for unix/-m64 ===

# of expected passes		2324
# of unexpected failures	31
# of expected failures		15
# of untested testcases		37

Running target unix/-fPIC
FAIL: PR1343 compilation from bytecode
FAIL: PR1343 -O compilation from bytecode
FAIL: calls run
FAIL: linking cxxtest
FAIL: field run
FAIL: final_method run
FAIL: findclass run
FAIL: invoke run
FAIL: martin run
FAIL: noclass run
FAIL: overload run
FAIL: register run
FAIL: simple_int run
FAIL: throwit run
FAIL: virtual run
FAIL: FileHandleGcTest execution - source compiled test
FAIL: FileHandleGcTest execution - bytecode->native test
FAIL: FileHandleGcTest -O execution - source compiled test
FAIL: FileHandleGcTest -O execution - bytecode->native test
WARNING: program timed out.
FAIL: SyncTest execution - bytecode->native test
WARNING: program timed out.
FAIL: SyncTest -O execution - bytecode->native test
FAIL: TestProxy execution - source compiled test
FAIL: TestProxy execution - bytecode->native test
FAIL: TestProxy -O execution - source compiled test
FAIL: TestProxy -O execution - bytecode->native test
FAIL: Throw_2 execution - source compiled test
FAIL: Throw_2 execution - bytecode->native test
FAIL: Throw_2 -O execution - source compiled test
FAIL: Throw_2 -O execution - bytecode->native test
FAIL: pr8823 compilation from bytecode
FAIL: pr8823 -O compilation from bytecode
FAIL: /teal/caip5/ghazi/gcc-testing/build/sparc-sun-solaris2.7/libjava/testsuite/TestEarlyGC.exe output - /teal/caip5/ghazi/gcc-testing/build/sparc-sun-solaris2.7/libjava/testsuite/TestEarlyGC.exe
FAIL: /teal/caip5/ghazi/gcc-testing/build/sparc-sun-solaris2.7/libjava/testsuite/TestLeak.exe execution - /teal/caip5/ghazi/gcc-testing/build/sparc-sun-solaris2.7/libjava/testsuite/TestLeak.exe
FAIL: /teal/caip5/ghazi/gcc-testing/build/sparc-sun-solaris2.7/libjava/testsuite/TestMultiple.exe execution - /teal/caip5/ghazi/gcc-testing/build/sparc-sun-solaris2.7/libjava/testsuite/TestMultiple.exe
FAIL: /teal/caip5/ghazi/gcc-testing/build/sparc-sun-solaris2.7/libjava/testsuite/TestParent.exe execution - /teal/caip5/ghazi/gcc-testing/build/sparc-sun-solaris2.7/libjava/testsuite/TestParent.exe

		=== libjava Summary for unix/-fPIC ===

# of expected passes		2316
# of unexpected failures	35
# of expected failures		15
# of untested testcases		41

Running target unix/-fpic
FAIL: PR1343 compilation from bytecode
FAIL: PR1343 -O compilation from bytecode
FAIL: calls run
FAIL: linking cxxtest
FAIL: field run
FAIL: final_method run
FAIL: findclass run
FAIL: invoke run
FAIL: martin run
FAIL: noclass run
FAIL: overload run
FAIL: register run
FAIL: simple_int run
FAIL: throwit run
FAIL: virtual run
FAIL: FileHandleGcTest execution - source compiled test
FAIL: FileHandleGcTest execution - bytecode->native test
FAIL: FileHandleGcTest -O execution - source compiled test
FAIL: FileHandleGcTest -O execution - bytecode->native test
WARNING: program timed out.
FAIL: SyncTest execution - bytecode->native test
WARNING: program timed out.
FAIL: SyncTest -O execution - bytecode->native test
FAIL: TestProxy execution - source compiled test
FAIL: TestProxy execution - bytecode->native test
FAIL: TestProxy -O execution - source compiled test
FAIL: TestProxy -O execution - bytecode->native test
FAIL: Throw_2 execution - source compiled test
FAIL: Throw_2 execution - bytecode->native test
FAIL: Throw_2 -O execution - source compiled test
FAIL: Throw_2 -O execution - bytecode->native test
FAIL: pr8823 compilation from bytecode
FAIL: pr8823 -O compilation from bytecode
FAIL: /teal/caip5/ghazi/gcc-testing/build/sparc-sun-solaris2.7/libjava/testsuite/TestEarlyGC.exe output - /teal/caip5/ghazi/gcc-testing/build/sparc-sun-solaris2.7/libjava/testsuite/TestEarlyGC.exe
FAIL: /teal/caip5/ghazi/gcc-testing/build/sparc-sun-solaris2.7/libjava/testsuite/TestLeak.exe execution - /teal/caip5/ghazi/gcc-testing/build/sparc-sun-solaris2.7/libjava/testsuite/TestLeak.exe
FAIL: /teal/caip5/ghazi/gcc-testing/build/sparc-sun-solaris2.7/libjava/testsuite/TestMultiple.exe execution - /teal/caip5/ghazi/gcc-testing/build/sparc-sun-solaris2.7/libjava/testsuite/TestMultiple.exe
FAIL: /teal/caip5/ghazi/gcc-testing/build/sparc-sun-solaris2.7/libjava/testsuite/TestParent.exe execution - /teal/caip5/ghazi/gcc-testing/build/sparc-sun-solaris2.7/libjava/testsuite/TestParent.exe

		=== libjava Summary for unix/-fpic ===

# of expected passes		2316
# of unexpected failures	35
# of expected failures		15
# of untested testcases		41

Running target unix
FAIL: PR1343 compilation from bytecode
FAIL: PR1343 -O compilation from bytecode
FAIL: calls run
FAIL: linking cxxtest
FAIL: field run
FAIL: final_method run
FAIL: findclass run
FAIL: invoke run
FAIL: martin run
FAIL: noclass run
FAIL: overload run
FAIL: register run
FAIL: simple_int run
FAIL: throwit run
FAIL: virtual run
FAIL: FileHandleGcTest execution - source compiled test
FAIL: FileHandleGcTest execution - bytecode->native test
FAIL: FileHandleGcTest -O execution - source compiled test
FAIL: FileHandleGcTest -O execution - bytecode->native test
WARNING: program timed out.
FAIL: SyncTest execution - bytecode->native test
WARNING: program timed out.
FAIL: SyncTest -O execution - bytecode->native test
FAIL: TestProxy execution - source compiled test
FAIL: TestProxy execution - bytecode->native test
FAIL: TestProxy -O execution - source compiled test
FAIL: TestProxy -O execution - bytecode->native test
FAIL: Throw_2 execution - source compiled test
FAIL: Throw_2 execution - bytecode->native test
FAIL: Throw_2 -O execution - source compiled test
FAIL: Throw_2 -O execution - bytecode->native test
FAIL: pr8823 compilation from bytecode
FAIL: pr8823 -O compilation from bytecode
FAIL: /teal/caip5/ghazi/gcc-testing/build/sparc-sun-solaris2.7/libjava/testsuite/TestEarlyGC.exe output - /teal/caip5/ghazi/gcc-testing/build/sparc-sun-solaris2.7/libjava/testsuite/TestEarlyGC.exe
FAIL: /teal/caip5/ghazi/gcc-testing/build/sparc-sun-solaris2.7/libjava/testsuite/TestLeak.exe execution - /teal/caip5/ghazi/gcc-testing/build/sparc-sun-solaris2.7/libjava/testsuite/TestLeak.exe
FAIL: /teal/caip5/ghazi/gcc-testing/build/sparc-sun-solaris2.7/libjava/testsuite/TestMultiple.exe execution - /teal/caip5/ghazi/gcc-testing/build/sparc-sun-solaris2.7/libjava/testsuite/TestMultiple.exe
FAIL: /teal/caip5/ghazi/gcc-testing/build/sparc-sun-solaris2.7/libjava/testsuite/TestParent.exe execution - /teal/caip5/ghazi/gcc-testing/build/sparc-sun-solaris2.7/libjava/testsuite/TestParent.exe

		=== libjava Summary for unix ===

# of expected passes		2316
# of unexpected failures	35
# of expected failures		15
# of untested testcases		41

		=== libjava Summary ===

# of expected passes		9272
# of unexpected failures	136
# of expected failures		60
# of untested testcases		160
		=== libstdc++-v3 tests ===


Running target unix/-m64
XPASS: 22_locale/collate_members_wchar_t.cc execution test
XPASS: 22_locale/ctype_is_wchar_t.cc execution test
XPASS: 22_locale/money_get_members_wchar_t.cc execution test
XPASS: 22_locale/money_put_members_wchar_t.cc execution test
XPASS: 22_locale/moneypunct_members_wchar_t.cc execution test
XPASS: 22_locale/num_get_members_wchar_t.cc execution test
XPASS: 22_locale/num_put_members_wchar_t.cc execution test
XPASS: 22_locale/numpunct_members_wchar_t.cc execution test
XPASS: 22_locale/time_get_members_wchar_t.cc execution test
XPASS: 22_locale/time_put_members_wchar_t.cc execution test
WARNING: program timed out.
FAIL: 26_numerics/c_math.cc execution test
WARNING: program timed out.
FAIL: 27_io/ios_base_storage.cc execution test
FAIL: 27_io/istream_extractor_arith.cc execution test

		=== libstdc++-v3 Summary for unix/-m64 ===

# of expected passes		415
# of unexpected failures	3
# of unexpected successes	10
# of expected failures		17

Running target unix/-fPIC
FAIL: 20_util/auto_ptr.cc execution test
FAIL: 21_strings/capacity.cc execution test
FAIL: 21_strings/ctor_copy_dtor.cc execution test
FAIL: 21_strings/inserters_extractors.cc execution test
FAIL: 21_strings/invariants.cc execution test
FAIL: 21_strings/nonmember.cc execution test
FAIL: 21_strings/operations.cc execution test
FAIL: 21_strings/replace.cc execution test
FAIL: 21_strings/substr.cc execution test
XPASS: 22_locale/collate_members_wchar_t.cc execution test
FAIL: 22_locale/ctor_copy_dtor.cc execution test
XPASS: 22_locale/ctype_is_wchar_t.cc execution test
XPASS: 22_locale/money_get_members_wchar_t.cc execution test
XPASS: 22_locale/money_put_members_wchar_t.cc execution test
XPASS: 22_locale/moneypunct_members_wchar_t.cc execution test
XPASS: 22_locale/num_get_members_wchar_t.cc execution test
XPASS: 22_locale/num_put_members_wchar_t.cc execution test
XPASS: 22_locale/numpunct_members_wchar_t.cc execution test
FAIL: 22_locale/operators.cc execution test
FAIL: 22_locale/static_members.cc execution test
XPASS: 22_locale/time_get_members_wchar_t.cc execution test
XPASS: 22_locale/time_put_members_wchar_t.cc execution test
FAIL: 23_containers/adaptors.cc execution test
FAIL: 23_containers/bitset_ctor.cc execution test
FAIL: 23_containers/deque_ctor.cc execution test
FAIL: 23_containers/deque_operators.cc execution test
FAIL: 23_containers/list_capacity.cc execution test
FAIL: 23_containers/list_ctor.cc execution test
FAIL: 23_containers/list_modifiers.cc execution test
FAIL: 23_containers/list_operators.cc execution test
FAIL: 23_containers/map_insert.cc execution test
FAIL: 23_containers/map_operators.cc execution test
FAIL: 23_containers/multiset.cc execution test
FAIL: 24_iterators/insert_iterator.cc execution test
FAIL: 24_iterators/iterator.cc execution test
FAIL: 24_iterators/ostreambuf_iterator.cc execution test
FAIL: 24_iterators/reverse_iterator.cc execution test
FAIL: 25_algorithms/rotate.cc execution test
FAIL: 25_algorithms/unique.cc execution test
FAIL: 26_numerics/binary_closure.cc execution test
WARNING: program timed out.
FAIL: 26_numerics/c_math.cc execution test
FAIL: 26_numerics/complex_inserters_extractors.cc execution test
FAIL: 26_numerics/slice_array_assignment.cc execution test
FAIL: 27_io/filebuf_virtuals.cc execution test
FAIL: 27_io/instantiations.cc execution test
FAIL: 27_io/ios_base_callbacks.cc execution test
FAIL: 27_io/ios_base_members_static.cc execution test
FAIL: 27_io/ios_ctor.cc execution test
FAIL: 27_io/ios_init.cc execution test
FAIL: 27_io/ios_manip_basefield.cc execution test
FAIL: 27_io/ios_manip_fmtflags.cc execution test
FAIL: 27_io/ios_members.cc execution test
FAIL: 27_io/iostream_members.cc execution test
FAIL: 27_io/istream_extractor_arith.cc execution test
FAIL: 27_io/istream_extractor_other.cc execution test
FAIL: 27_io/istream_seeks.cc execution test
FAIL: 27_io/istream_sentry.cc execution test
FAIL: 27_io/istream_unformatted.cc execution test
FAIL: 27_io/istringstream_members.cc execution test
FAIL: 27_io/ostream_inserter_arith.cc execution test
FAIL: 27_io/ostream_inserter_char.cc execution test
FAIL: 27_io/ostream_inserter_other.cc execution test
FAIL: 27_io/ostream_manip.cc execution test
FAIL: 27_io/ostream_unformatted.cc execution test
FAIL: 27_io/ostringstream_members.cc execution test
FAIL: 27_io/streambuf_members.cc execution test
FAIL: 27_io/stringbuf_members.cc execution test
FAIL: 27_io/stringbuf_virtuals.cc execution test
FAIL: 27_io/stringstream_members.cc execution test
FAIL: backward/strstream_members.cc execution test
FAIL: ext/hash_map.cc execution test
FAIL: thread/pthread1.cc execution test
FAIL: thread/pthread4.cc execution test
FAIL: thread/pthread5.cc execution test
FAIL: thread/pthread6.cc execution test

		=== libstdc++-v3 Summary for unix/-fPIC ===

# of expected passes		353
# of unexpected failures	65
# of unexpected successes	10
# of expected failures		17

Running target unix/-fpic
FAIL: 20_util/auto_ptr.cc execution test
FAIL: 21_strings/capacity.cc execution test
FAIL: 21_strings/ctor_copy_dtor.cc execution test
FAIL: 21_strings/inserters_extractors.cc execution test
FAIL: 21_strings/invariants.cc execution test
FAIL: 21_strings/nonmember.cc execution test
FAIL: 21_strings/operations.cc execution test
FAIL: 21_strings/replace.cc execution test
FAIL: 21_strings/substr.cc execution test
XPASS: 22_locale/collate_members_wchar_t.cc execution test
FAIL: 22_locale/ctor_copy_dtor.cc execution test
XPASS: 22_locale/ctype_is_wchar_t.cc execution test
XPASS: 22_locale/money_get_members_wchar_t.cc execution test
XPASS: 22_locale/money_put_members_wchar_t.cc execution test
XPASS: 22_locale/moneypunct_members_wchar_t.cc execution test
XPASS: 22_locale/num_get_members_wchar_t.cc execution test
XPASS: 22_locale/num_put_members_wchar_t.cc execution test
XPASS: 22_locale/numpunct_members_wchar_t.cc execution test
FAIL: 22_locale/operators.cc execution test
FAIL: 22_locale/static_members.cc execution test
XPASS: 22_locale/time_get_members_wchar_t.cc execution test
XPASS: 22_locale/time_put_members_wchar_t.cc execution test
FAIL: 23_containers/adaptors.cc execution test
FAIL: 23_containers/bitset_ctor.cc execution test
FAIL: 23_containers/deque_ctor.cc execution test
FAIL: 23_containers/deque_operators.cc execution test
FAIL: 23_containers/list_capacity.cc execution test
FAIL: 23_containers/list_ctor.cc execution test
FAIL: 23_containers/list_modifiers.cc execution test
FAIL: 23_containers/list_operators.cc execution test
FAIL: 23_containers/map_insert.cc execution test
FAIL: 23_containers/map_operators.cc execution test
FAIL: 23_containers/multiset.cc execution test
FAIL: 24_iterators/insert_iterator.cc execution test
FAIL: 24_iterators/iterator.cc execution test
FAIL: 24_iterators/ostreambuf_iterator.cc execution test
FAIL: 24_iterators/reverse_iterator.cc execution test
FAIL: 25_algorithms/rotate.cc execution test
FAIL: 25_algorithms/unique.cc execution test
FAIL: 26_numerics/binary_closure.cc execution test
WARNING: program timed out.
FAIL: 26_numerics/c_math.cc execution test
FAIL: 26_numerics/complex_inserters_extractors.cc execution test
FAIL: 26_numerics/slice_array_assignment.cc execution test
FAIL: 27_io/filebuf_virtuals.cc execution test
FAIL: 27_io/instantiations.cc execution test
FAIL: 27_io/ios_base_callbacks.cc execution test
FAIL: 27_io/ios_base_members_static.cc execution test
FAIL: 27_io/ios_ctor.cc execution test
FAIL: 27_io/ios_init.cc execution test
FAIL: 27_io/ios_manip_basefield.cc execution test
FAIL: 27_io/ios_manip_fmtflags.cc execution test
FAIL: 27_io/ios_members.cc execution test
FAIL: 27_io/iostream_members.cc execution test
FAIL: 27_io/istream_extractor_arith.cc execution test
FAIL: 27_io/istream_extractor_other.cc execution test
FAIL: 27_io/istream_seeks.cc execution test
FAIL: 27_io/istream_sentry.cc execution test
FAIL: 27_io/istream_unformatted.cc execution test
FAIL: 27_io/istringstream_members.cc execution test
FAIL: 27_io/ostream_inserter_arith.cc execution test
FAIL: 27_io/ostream_inserter_char.cc execution test
FAIL: 27_io/ostream_inserter_other.cc execution test
FAIL: 27_io/ostream_manip.cc execution test
FAIL: 27_io/ostream_unformatted.cc execution test
FAIL: 27_io/ostringstream_members.cc execution test
FAIL: 27_io/streambuf_members.cc execution test
FAIL: 27_io/stringbuf_members.cc execution test
FAIL: 27_io/stringbuf_virtuals.cc execution test
FAIL: 27_io/stringstream_members.cc execution test
FAIL: backward/strstream_members.cc execution test
FAIL: ext/hash_map.cc execution test
FAIL: thread/pthread1.cc execution test
FAIL: thread/pthread4.cc execution test
FAIL: thread/pthread5.cc execution test
FAIL: thread/pthread6.cc execution test

		=== libstdc++-v3 Summary for unix/-fpic ===

# of expected passes		353
# of unexpected failures	65
# of unexpected successes	10
# of expected failures		17

Running target unix
FAIL: 20_util/auto_ptr.cc execution test
FAIL: 21_strings/capacity.cc execution test
FAIL: 21_strings/ctor_copy_dtor.cc execution test
FAIL: 21_strings/inserters_extractors.cc execution test
FAIL: 21_strings/invariants.cc execution test
FAIL: 21_strings/nonmember.cc execution test
FAIL: 21_strings/operations.cc execution test
FAIL: 21_strings/replace.cc execution test
FAIL: 21_strings/substr.cc execution test
XPASS: 22_locale/collate_members_wchar_t.cc execution test
FAIL: 22_locale/ctor_copy_dtor.cc execution test
XPASS: 22_locale/ctype_is_wchar_t.cc execution test
XPASS: 22_locale/money_get_members_wchar_t.cc execution test
XPASS: 22_locale/money_put_members_wchar_t.cc execution test
XPASS: 22_locale/moneypunct_members_wchar_t.cc execution test
XPASS: 22_locale/num_get_members_wchar_t.cc execution test
XPASS: 22_locale/num_put_members_wchar_t.cc execution test
XPASS: 22_locale/numpunct_members_wchar_t.cc execution test
FAIL: 22_locale/operators.cc execution test
FAIL: 22_locale/static_members.cc execution test
XPASS: 22_locale/time_get_members_wchar_t.cc execution test
XPASS: 22_locale/time_put_members_wchar_t.cc execution test
FAIL: 23_containers/adaptors.cc execution test
FAIL: 23_containers/bitset_ctor.cc execution test
FAIL: 23_containers/deque_ctor.cc execution test
FAIL: 23_containers/deque_operators.cc execution test
FAIL: 23_containers/list_capacity.cc execution test
FAIL: 23_containers/list_ctor.cc execution test
FAIL: 23_containers/list_modifiers.cc execution test
FAIL: 23_containers/list_operators.cc execution test
FAIL: 23_containers/map_insert.cc execution test
FAIL: 23_containers/map_operators.cc execution test
FAIL: 23_containers/multiset.cc execution test
FAIL: 24_iterators/insert_iterator.cc execution test
FAIL: 24_iterators/iterator.cc execution test
FAIL: 24_iterators/ostreambuf_iterator.cc execution test
FAIL: 24_iterators/reverse_iterator.cc execution test
FAIL: 25_algorithms/rotate.cc execution test
FAIL: 25_algorithms/unique.cc execution test
FAIL: 26_numerics/binary_closure.cc execution test
WARNING: program timed out.
FAIL: 26_numerics/c_math.cc execution test
FAIL: 26_numerics/complex_inserters_extractors.cc execution test
FAIL: 26_numerics/slice_array_assignment.cc execution test
FAIL: 27_io/filebuf_virtuals.cc execution test
FAIL: 27_io/instantiations.cc execution test
FAIL: 27_io/ios_base_callbacks.cc execution test
FAIL: 27_io/ios_base_members_static.cc execution test
FAIL: 27_io/ios_ctor.cc execution test
FAIL: 27_io/ios_init.cc execution test
FAIL: 27_io/ios_manip_basefield.cc execution test
FAIL: 27_io/ios_manip_fmtflags.cc execution test
FAIL: 27_io/ios_members.cc execution test
FAIL: 27_io/iostream_members.cc execution test
FAIL: 27_io/istream_extractor_arith.cc execution test
FAIL: 27_io/istream_extractor_other.cc execution test
FAIL: 27_io/istream_seeks.cc execution test
FAIL: 27_io/istream_sentry.cc execution test
FAIL: 27_io/istream_unformatted.cc execution test
FAIL: 27_io/istringstream_members.cc execution test
FAIL: 27_io/ostream_inserter_arith.cc execution test
FAIL: 27_io/ostream_inserter_char.cc execution test
FAIL: 27_io/ostream_inserter_other.cc execution test
FAIL: 27_io/ostream_manip.cc execution test
FAIL: 27_io/ostream_unformatted.cc execution test
FAIL: 27_io/ostringstream_members.cc execution test
FAIL: 27_io/streambuf_members.cc execution test
FAIL: 27_io/stringbuf_members.cc execution test
FAIL: 27_io/stringbuf_virtuals.cc execution test
FAIL: 27_io/stringstream_members.cc execution test
FAIL: backward/strstream_members.cc execution test
FAIL: ext/hash_map.cc execution test
FAIL: thread/pthread1.cc execution test
FAIL: thread/pthread4.cc execution test
FAIL: thread/pthread5.cc execution test
FAIL: thread/pthread6.cc execution test

		=== libstdc++-v3 Summary for unix ===

# of expected passes		353
# of unexpected failures	65
# of unexpected successes	10
# of expected failures		17

		=== libstdc++-v3 Summary ===

# of expected passes		1474
# of unexpected failures	198
# of unexpected successes	40
# of expected failures		68

Compiler version: 3.4-bi 20021213 (experimental) 
Platform: sparc-sun-solaris2.7
configure flags: --host=sparc-sun-solaris2.7 --verbose


Index Nav: [Date Index] [Subject Index] [Author Index] [Thread Index]
Message Nav: [Date Prev] [Date Next] [Thread Prev] [Thread Next]