This is the mail archive of the gcc-testresults@gcc.gnu.org mailing list for the GCC project.


Index Nav: [Date Index] [Subject Index] [Author Index] [Thread Index]
Message Nav: [Date Prev] [Date Next] [Thread Prev] [Thread Next]
Other format: [Raw text]

Results for 3.3-pch 20021124 (experimental) testsuite on ia64-suse-linux-gnu


LAST_UPDATED: Mon Dec 16 09:09:33 UTC 2002

Native configuration is ia64-suse-linux-gnu

		=== g++ tests ===


Running target unix
FAIL: g++.dg/warn/Wunused-2.C  (test for warnings, line 5)
FAIL: pch/empty.C -g assembly comparison
FAIL: pch/empty.C -O2 -g assembly comparison
FAIL: pch/system-1.C -g assembly comparison
FAIL: pch/system-1.C -O2 -g assembly comparison
FAIL: g++.dg/tls/diag-1.C (test for excess errors)
FAIL: g++.dg/tls/diag-2.C (test for excess errors)
FAIL: g++.dg/tls/init-1.C (test for excess errors)
FAIL: g++.dg/tls/init-2.C (test for excess errors)
FAIL: g++.pt/repo3.C (test for excess errors)

		=== g++ Summary ===

# of expected passes		7600
# of unexpected failures	10
# of expected failures		92
# of untested testcases		23
# of unsupported tests		15
/tmp/cvs/gcc-20021216/Build/gcc/testsuite/../g++ version 3.3-pch 20021124 (experimental)

		=== g77 tests ===


Running target unix

		=== g77 Summary ===

# of expected passes		1638
# of unsupported tests		8
/tmp/cvs/gcc-20021216/Build/gcc/testsuite/../g77 version 3.3-pch 20021124 (experimental)

		=== gcc tests ===


Running target unix
XPASS: gcc.c-torture/compile/981223-1.c,  -O2  
XPASS: gcc.c-torture/compile/981223-1.c,  -O3 -fomit-frame-pointer  
XPASS: gcc.c-torture/compile/981223-1.c,  -O3 -g  
XPASS: gcc.c-torture/compile/981223-1.c,  -Os  
FAIL: gcc.c-torture/execute/builtin-constant.c execution,  -O1 
FAIL: gcc.c-torture/execute/builtin-constant.c execution,  -O2 
FAIL: gcc.c-torture/execute/builtin-constant.c execution,  -O3 -fomit-frame-pointer 
FAIL: gcc.c-torture/execute/builtin-constant.c execution,  -O3 -g 
FAIL: gcc.c-torture/execute/builtin-constant.c execution,  -Os 
FAIL: gcc.dg/duff-2.c (test for excess errors)
FAIL: pch/common-1.c  -O3 -g  assembly comparison
FAIL: pch/decl-1.c  -O3 -g  assembly comparison
FAIL: pch/decl-2.c  -O3 -g  assembly comparison
FAIL: pch/decl-3.c  -O3 -g  assembly comparison
FAIL: pch/decl-4.c  -O3 -g  assembly comparison
FAIL: pch/decl-5.c  -O3 -g  assembly comparison
FAIL: pch/empty.c  -O3 -g  assembly comparison
FAIL: pch/except-1.c  -O3 -g  assembly comparison
FAIL: pch/global-1.c  -O3 -g  assembly comparison
FAIL: gcc.dg/pch/inline-1.c (test for excess errors)
FAIL: pch/macro-1.c  -O3 -g  assembly comparison
FAIL: pch/macro-2.c  -O3 -g  assembly comparison
FAIL: pch/macro-3.c  -O3 -g  assembly comparison
FAIL: pch/static-2.c  -O3 -g  assembly comparison
FAIL: pch/system-1.c  -O3 -g  assembly comparison

		=== gcc Summary ===

# of expected passes		20511
# of unexpected failures	21
# of unexpected successes	4
# of expected failures		78
# of untested testcases		1
# of unsupported tests		137
/tmp/cvs/gcc-20021216/Build/gcc/xgcc version 3.3-pch 20021124 (experimental)

		=== objc tests ===


Running target unix

		=== objc Summary ===

# of expected passes		1153
/tmp/cvs/gcc-20021216/Build/gcc/xgcc version 3.3-pch 20021124 (experimental)

		=== libjava tests ===


Running target unix
FAIL: PR1343 compilation from bytecode
FAIL: PR1343 -O compilation from bytecode
FAIL: anon_ctor_itf_arg execution - gij test
FAIL: anon_ctor_itf_arg execution - gij test
FAIL: initexc compilation from bytecode
FAIL: initexc -O compilation from bytecode
FAIL: invoke_from_inner execution - gij test
FAIL: invoke_from_inner execution - gij test
FAIL: /tmp/cvs/gcc-20021216/Build/ia64-suse-linux/libjava/testsuite/TestEarlyGC.exe output - /tmp/cvs/gcc-20021216/Build/ia64-suse-linux/libjava/testsuite/TestEarlyGC.exe

		=== libjava Summary ===

# of expected passes		2844
# of unexpected failures	9
# of expected failures		14
# of untested testcases		16
		=== libstdc++-v3 tests ===


Running target unix
XPASS: 22_locale/collate_byname.cc execution test
XPASS: 22_locale/collate_members_char.cc execution test
XPASS: 22_locale/collate_members_wchar_t.cc execution test
XPASS: 22_locale/ctype_is_char.cc execution test
XPASS: 22_locale/ctype_is_wchar_t.cc execution test
XPASS: 22_locale/members.cc execution test
XPASS: 22_locale/messages_byname.cc execution test
XPASS: 22_locale/messages_members_char.cc execution test
XPASS: 22_locale/money_get_members_char.cc execution test
XPASS: 22_locale/money_get_members_wchar_t.cc execution test
XPASS: 22_locale/money_put_members_char.cc execution test
XPASS: 22_locale/money_put_members_wchar_t.cc execution test
XPASS: 22_locale/moneypunct_byname.cc execution test
XPASS: 22_locale/moneypunct_members_char.cc execution test
XPASS: 22_locale/moneypunct_members_wchar_t.cc execution test
XPASS: 22_locale/num_get_members_char.cc execution test
XPASS: 22_locale/num_get_members_wchar_t.cc execution test
XPASS: 22_locale/num_put_members_char.cc execution test
XPASS: 22_locale/num_put_members_wchar_t.cc execution test
XPASS: 22_locale/numpunct_byname.cc execution test
XPASS: 22_locale/numpunct_members_char.cc execution test
XPASS: 22_locale/numpunct_members_wchar_t.cc execution test
XPASS: 22_locale/time_get_members_char.cc execution test
XPASS: 22_locale/time_get_members_wchar_t.cc execution test
XPASS: 22_locale/time_put_members_char.cc execution test
XPASS: 22_locale/time_put_members_wchar_t.cc execution test
FAIL: 26_numerics/c99_classification_macros_c.cc (test for excess errors)

		=== libstdc++-v3 Summary ===

# of expected passes		417
# of unexpected failures	1
# of unexpected successes	26
# of expected failures		1

Compiler version: 3.3-pch 20021124 (experimental) 
Platform: ia64-suse-linux-gnu
configure flags: --host=ia64-suse-linux --enable-shared --enable-threads --with-system-zlib


Index Nav: [Date Index] [Subject Index] [Author Index] [Thread Index]
Message Nav: [Date Prev] [Date Next] [Thread Prev] [Thread Next]