This is the mail archive of the gcc-testresults@gcc.gnu.org mailing list for the GCC project.


Index Nav: [Date Index] [Subject Index] [Author Index] [Thread Index]
Message Nav: [Date Prev] [Date Next] [Thread Prev] [Thread Next]
Other format: [Raw text]

Results for 3.3 20021214 (experimental) testsuite on hppa-unknown-linux-gnu


LAST_UPDATED: Mon Dec 16 00:58:26 UTC 2002

Native configuration is hppa-unknown-linux-gnu

		=== g++ tests ===


Running target unix
FAIL: g++.dg/compat/break/bitfield7 y_tst.o compile
UNRESOLVED: g++.dg/compat/break/bitfield7 x_tst.o-y_tst.o link 
UNRESOLVED: g++.dg/compat/break/bitfield7 x_tst.o-y_tst.o execute 
FAIL: g++.dg/warn/Wunused-2.C  (test for warnings, line 5)
XPASS: g++.mike/eh33.C (test for excess errors)
XPASS: g++.mike/eh33.C  Execution test
XPASS: g++.mike/eh50.C (test for excess errors)
XPASS: g++.mike/eh50.C  Execution test
XPASS: g++.other/init5.C  Execution test

		=== g++ Summary ===

# of expected passes		7813
# of unexpected failures	2
# of unexpected successes	5
# of expected failures		91
# of unresolved testcases	2
# of untested testcases		23
# of unsupported tests		17
/home/dave/gcc-bib/objdir/gcc/testsuite/../g++ version 3.3 20021214 (experimental)

		=== g77 tests ===


Running target unix
FAIL: g77.f-torture/execute/970625-2.f compilation,  -O1 

		=== g77 Summary ===

# of expected passes		1636
# of unexpected failures	1
# of untested testcases		1
# of unsupported tests		8
/home/dave/gcc-bib/objdir/gcc/testsuite/../g77 version 3.3 20021214 (experimental)

		=== gcc tests ===


Running target unix
FAIL: gcc.c-torture/execute/builtin-constant.c execution,  -O1 
FAIL: gcc.c-torture/execute/builtin-constant.c execution,  -O2 
FAIL: gcc.c-torture/execute/builtin-constant.c execution,  -O3 -fomit-frame-pointer 
FAIL: gcc.c-torture/execute/builtin-constant.c execution,  -O3 -g 
FAIL: gcc.c-torture/execute/builtin-constant.c execution,  -Os 
FAIL: gcc.dg/duff-2.c (test for excess errors)
FAIL: gcc.dg/typespec-1.c (test for excess errors)
FAIL: gcc.dg/format/c90-printf-1.c %n with NULL (test for warnings, line 235)
FAIL: gcc.dg/format/c90-printf-1.c %s with NULL (test for warnings, line 236)
FAIL: gcc.dg/format/c90-printf-1.c (test for excess errors)

		=== gcc Summary ===

# of expected passes		20489
# of unexpected failures	10
# of expected failures		62
# of unsupported tests		154
/home/dave/gcc-bib/objdir/gcc/xgcc version 3.3 20021214 (experimental)

		=== objc tests ===


Running target unix

		=== objc Summary ===

# of expected passes		1153
/home/dave/gcc-bib/objdir/gcc/xgcc version 3.3 20021214 (experimental)

		=== libstdc++-v3 tests ===


Running target unix
XPASS: 22_locale/ctype_is_wchar_t.cc execution test
FAIL: 26_numerics/c99_classification_macros_c.cc (test for excess errors)
FAIL: 26_numerics/complex_inserters_extractors.cc execution test
FAIL: 27_io/istream_extractor_arith.cc execution test

		=== libstdc++-v3 Summary ===

# of expected passes		415
# of unexpected failures	3
# of unexpected successes	1
# of expected failures		26

Compiler version: 3.3 20021214 (experimental) 
Platform: hppa-unknown-linux-gnu
configure flags: --with-gnu-as --with-as=/home/dave/opt/gnu/bin/as --with-gnu-ld --with-ld=/home/dave/opt/gnu/bin/ld --enable-shared --disable-nls --prefix=/home/dave/opt/gnu --with-local-prefix=/home/dave/opt/gnu --enable-threads=posix --enable-__cxa_atexit --host=hppa-linux


Index Nav: [Date Index] [Subject Index] [Author Index] [Thread Index]
Message Nav: [Date Prev] [Date Next] [Thread Prev] [Thread Next]