This is the mail archive of the gcc-testresults@gcc.gnu.org mailing list for the GCC project.


Index Nav: [Date Index] [Subject Index] [Author Index] [Thread Index]
Message Nav: [Date Prev] [Date Next] [Thread Prev] [Thread Next]
Other format: [Raw text]

Results for 3.2.2 20021214 (prerelease) testsuite on sparc-sun-solaris2.9


LAST_UPDATED: Sun Dec 15 00:39:29 UTC 2002

Native configuration is sparc-sun-solaris2.9

		=== g++ tests ===


Running target unix

		=== g++ Summary ===

# of expected passes		7330
# of expected failures		91
# of untested testcases		21
# of unsupported tests		4
/files/mitchell/gcc_auto_build/gcc/sparc-sun-solaris2.9/gcc/testsuite/../g++ version 3.2.2 20021214 (prerelease)

		=== g77 tests ===


Running target unix

		=== g77 Summary ===

# of expected passes		1452
# of unsupported tests		8
/files/mitchell/gcc_auto_build/gcc/sparc-sun-solaris2.9/gcc/testsuite/../g77 version 3.2.2 20021214 (prerelease)

		=== gcc tests ===


Running target unix
WARNING: gcc.dg/20021014-1.c compilation failed to produce executable

		=== gcc Summary ===

# of expected passes		18447
# of expected failures		66
# of unsupported tests		112
/files/mitchell/gcc_auto_build/gcc/sparc-sun-solaris2.9/gcc/xgcc version 3.2.2 20021214 (prerelease)

		=== objc tests ===


Running target unix

		=== objc Summary ===

# of expected passes		1035
# of expected failures		6
/files/mitchell/gcc_auto_build/gcc/sparc-sun-solaris2.9/gcc/xgcc version 3.2.2 20021214 (prerelease)

		=== libjava tests ===


Running target unix
FAIL: FileHandleGcTest execution from source compiled test
FAIL: FileHandleGcTest execution from bytecode->native test
FAIL: FileHandleGcTest -O execution from source compiled test
FAIL: FileHandleGcTest -O execution from bytecode->native test
FAIL: G19990301_01 compilation from bytecode
FAIL: Throw_2 execution from source compiled test
FAIL: Throw_2 execution from bytecode->native test
FAIL: Throw_2 -O execution from source compiled test
FAIL: Throw_2 -O execution from bytecode->native test

		=== libjava Summary ===

# of expected passes		2042
# of unexpected failures	9
# of expected failures		18
# of untested testcases		24
		=== libstdc++-v3 tests ===


Running target unix
XPASS: 22_locale/collate_members_wchar_t.cc execution test
XPASS: 22_locale/ctype_is_wchar_t.cc execution test
XPASS: 22_locale/money_get_members_wchar_t.cc execution test
XPASS: 22_locale/money_put_members_wchar_t.cc execution test
XPASS: 22_locale/moneypunct_members_wchar_t.cc execution test
XPASS: 22_locale/num_get_members_wchar_t.cc execution test
XPASS: 22_locale/num_put_members_wchar_t.cc execution test
XPASS: 22_locale/numpunct_members_wchar_t.cc execution test
XPASS: 22_locale/time_get_members_wchar_t.cc execution test
XPASS: 22_locale/time_put_members_wchar_t.cc execution test
FAIL: 27_io/istream_extractor_arith.cc execution test

		=== libstdc++-v3 Summary ===

# of expected passes		410
# of unexpected failures	1
# of unexpected successes	10
# of expected failures		16

Compiler version: 3.2.2 20021214 (prerelease) 
Platform: sparc-sun-solaris2.9
configure flags: --host=sparc-sun-solaris2.9 --prefix=/files/mitchell/gcc_auto_build/install/sparc-sun-solaris2.9


Index Nav: [Date Index] [Subject Index] [Author Index] [Thread Index]
Message Nav: [Date Prev] [Date Next] [Thread Prev] [Thread Next]