This is the mail archive of the gcc-testresults@gcc.gnu.org mailing list for the GCC project.


Index Nav: [Date Index] [Subject Index] [Author Index] [Thread Index]
Message Nav: [Date Prev] [Date Next] [Thread Prev] [Thread Next]
Other format: [Raw text]

Results for 3.2.2 20021211 (prerelease) testsuite on i686-pc-linux-gnu


LAST_UPDATED: 
Native configuration is i686-pc-linux-gnu

		=== gcc tests ===


Running target unix

		=== gcc Summary ===

# of expected passes		18592
# of expected failures		68
# of unsupported tests		44
/home/neil/src/gcc-3.2/build/gcc/xgcc version 3.2.2 20021211 (prerelease)

		=== g++ tests ===


Running target unix

		=== g++ Summary ===

# of expected passes		7353
# of expected failures		89
# of untested testcases		9
# of unsupported tests		3
/home/neil/src/gcc-3.2/build/gcc/testsuite/../g++ version 3.2.2 20021211 (prerelease)

		=== objc tests ===


Running target unix

		=== objc Summary ===

# of expected passes		1035
# of expected failures		6
/home/neil/src/gcc-3.2/build/gcc/xgcc version 3.2.2 20021211 (prerelease)

		=== libstdc++-v3 tests ===


Running target unix
XPASS: 22_locale/ctype_is_wchar_t.cc execution test
FAIL: 26_numerics/c99_classification_macros_c.cc (test for excess errors)
WARNING: program timed out.
FAIL: thread/pthread4.cc execution test

		=== libstdc++-v3 Summary ===

# of expected passes		409
# of unexpected failures	2
# of unexpected successes	1
# of expected failures		25

Compiler version: 3.2.2 20021211 (prerelease) 
Platform: i686-pc-linux-gnu
configure flags: --host=i686-pc-linux-gnu --enable-threads=posix --enable-shared --enable-languages=c,objc,c++


Index Nav: [Date Index] [Subject Index] [Author Index] [Thread Index]
Message Nav: [Date Prev] [Date Next] [Thread Prev] [Thread Next]