This is the mail archive of the
gcc-testresults@gcc.gnu.org
mailing list for the GCC project.
Results for 3.4-bi 20021202 (experimental) testsuite on i686-pc-linux-gnu
- From: Neil Booth <neil at daikokuya dot demon dot co dot uk>
- To: gcc-testresults at gcc dot gnu dot org
- Date: Thu, 12 Dec 2002 07:20:56 +0000
- Subject: Results for 3.4-bi 20021202 (experimental) testsuite on i686-pc-linux-gnu
LAST_UPDATED:
Native configuration is i686-pc-linux-gnu
=== gcc tests ===
Running target unix
FAIL: gcc.c-torture/execute/builtin-constant.c execution, -O1
FAIL: gcc.c-torture/execute/builtin-constant.c execution, -O2
FAIL: gcc.c-torture/execute/builtin-constant.c execution, -O3 -fomit-frame-pointer
FAIL: gcc.c-torture/execute/builtin-constant.c execution, -O3 -g
FAIL: gcc.c-torture/execute/builtin-constant.c execution, -Os
FAIL: gcc.dg/duff-2.c (test for excess errors)
=== gcc Summary ===
# of expected passes 20711
# of unexpected failures 6
# of expected failures 63
# of unsupported tests 67
/home/neil/src/gcc-3.4/build/gcc/xgcc version 3.4-bi 20021202 (experimental)
=== g++ tests ===
Running target unix
FAIL: g++.dg/warn/Wunused-2.C (test for warnings, line 5)
=== g++ Summary ===
# of expected passes 7857
# of unexpected failures 1
# of expected failures 90
# of untested testcases 9
# of unsupported tests 3
/home/neil/src/gcc-3.4/build/gcc/testsuite/../g++ version 3.4-bi 20021202 (experimental)
=== objc tests ===
Running target unix
=== objc Summary ===
# of expected passes 1153
/home/neil/src/gcc-3.4/build/gcc/xgcc version 3.4-bi 20021202 (experimental)
=== libstdc++-v3 tests ===
Running target unix
XPASS: 22_locale/ctype_is_wchar_t.cc execution test
FAIL: 26_numerics/c99_classification_macros_c.cc (test for excess errors)
WARNING: program timed out.
FAIL: thread/pthread4.cc execution test
=== libstdc++-v3 Summary ===
# of expected passes 416
# of unexpected failures 2
# of unexpected successes 1
# of expected failures 26
Compiler version: 3.4-bi 20021202 (experimental)
Platform: i686-pc-linux-gnu
configure flags: --host=i686-pc-linux-gnu --enable-languages=c,objc,c++