This is the mail archive of the gcc-testresults@gcc.gnu.org mailing list for the GCC project.


Index Nav: [Date Index] [Subject Index] [Author Index] [Thread Index]
Message Nav: [Date Prev] [Date Next] [Thread Prev] [Thread Next]
Other format: [Raw text]

Results for 3.2.2 20021208 (prerelease) testsuite on cris-axis-elf


Variations may appear at times due to local patches applied to GCC,
testsuite and DejaGNU.  Host compiler is pristine gcc-2.95.3, C only.

LAST_UPDATED: Mon Dec  9 04:08:35 GMT 2002

Target is cris-axis-elf
Host   is cris-axis-elf

		=== libstdc++-v3 tests ===


Running target cris-xsim
XPASS: 22_locale/collate_members_wchar_t.cc execution test
XPASS: 22_locale/ctype_is_wchar_t.cc execution test
XPASS: 22_locale/money_get_members_wchar_t.cc execution test
XPASS: 22_locale/money_put_members_wchar_t.cc execution test
XPASS: 22_locale/moneypunct_members_wchar_t.cc execution test
XPASS: 22_locale/num_get_members_wchar_t.cc execution test
XPASS: 22_locale/num_put_members_wchar_t.cc execution test
XPASS: 22_locale/numpunct_members_wchar_t.cc execution test
XPASS: 22_locale/time_get_members_wchar_t.cc execution test
XPASS: 22_locale/time_put_members_wchar_t.cc execution test
FAIL: 23_containers/vector_capacity.cc execution test
FAIL: 27_io/filebuf_members.cc (test for excess errors)
WARNING: 27_io/filebuf_members.cc compilation failed to produce executable
FAIL: 27_io/ios_base_storage.cc execution test

		=== libstdc++-v3 Summary ===

# of expected passes		395
# of unexpected failures	3
# of unexpected successes	10
# of expected failures		16
# of unsupported tests		6
Host   is i686-pc-linux-gnu

		=== g77 tests ===


Running target cris-xsim
FAIL: g77.f-torture/execute/20010430.f execution,  -O2
FAIL: g77.f-torture/execute/20010430.f execution,  -O3 -fomit-frame-pointer
FAIL: g77.f-torture/execute/20010430.f execution,  -O3 -fomit-frame-pointer -funroll-loops
FAIL: g77.f-torture/execute/20010430.f execution,  -O3 -fomit-frame-pointer -funroll-all-loops -finline-functions
FAIL: g77.f-torture/execute/20010430.f execution,  -O3 -g

		=== g77 Summary ===

# of expected passes		1376
# of unexpected failures	5
# of expected failures		32
# of untested testcases		8
# of unsupported tests		9
/mnt/miscb4/builds3/b31/cris-xsim/gcc/testsuite/../g77 version 3.2.2 20021208 (prerelease)

Host   is i686-pc-linux-gnu

		=== gcc tests ===


Running target cris-xsim
FAIL: gcc.dg/cpp/lexident.c (test for excess errors)
FAIL: gcc.dg/debug/debug-1.c scan-assembler xyzzy
FAIL: gcc.dg/debug/debug-1.c scan-assembler xyzzy
FAIL: gcc.dg/debug/debug-1.c scan-assembler xyzzy
FAIL: gcc.dg/debug/debug-1.c scan-assembler xyzzy
FAIL: gcc.dg/debug/debug-2.c scan-assembler xyzzy
FAIL: gcc.dg/debug/debug-2.c scan-assembler xyzzy
FAIL: gcc.dg/debug/debug-2.c scan-assembler xyzzy
FAIL: gcc.dg/debug/debug-2.c scan-assembler xyzzy
WARNING: gcc.dg/20010912-1.c compilation failed to produce executable
FAIL: gcc.dg/20020304-1.c (test for excess errors)
FAIL: gcc.dg/20020918-1.c  (test for errors, line 18)
FAIL: gcc.dg/20020918-1.c  (test for errors, line 26)
FAIL: gcc.dg/20020918-1.c  (test for errors, line 34)
FAIL: gcc.dg/20020918-1.c  (test for errors, line 43)
FAIL: gcc.dg/20020918-1.c  (test for errors, line 52)
FAIL: gcc.dg/20020918-1.c  (test for errors, line 61)
FAIL: gcc.dg/20020918-1.c  (test for errors, line 70)
FAIL: gcc.dg/20020918-1.c  (test for errors, line 79)
FAIL: gcc.dg/20020918-1.c  (test for errors, line 88)
FAIL: gcc.dg/20020918-1.c  (test for errors, line 97)
FAIL: gcc.dg/20020918-1.c  (test for errors, line 106)
FAIL: gcc.dg/20020918-1.c  (test for errors, line 115)
FAIL: gcc.dg/20020918-1.c  (test for errors, line 128)
FAIL: gcc.dg/20021014-1.c (test for excess errors)
WARNING: gcc.dg/20021014-1.c compilation failed to produce executable
FAIL: gcc.dg/bitfld-3.c execution test
FAIL: gcc.dg/typeof-2.c scan-assembler baz3.*baz3.*baz3.*baz3.*baz3.*baz3
FAIL: gcc.dg/wchar_t-1.c (test for excess errors)
FAIL: gcc.dg/weak-2.c scan-assembler weak[^ 	]*[ 	]ffoo1a
FAIL: gcc.dg/weak-2.c scan-assembler weak[^ 	]*[ 	]ffoo1b
FAIL: gcc.dg/weak-2.c scan-assembler weak[^ 	]*[ 	]ffoo1c
FAIL: gcc.dg/weak-2.c scan-assembler weak[^ 	]*[ 	]ffoo1e
FAIL: gcc.dg/weak-3.c scan-assembler weak[^ 	]*[ 	]ffoo1a
FAIL: gcc.dg/weak-3.c scan-assembler weak[^ 	]*[ 	]ffoo1b
FAIL: gcc.dg/weak-3.c scan-assembler weak[^ 	]*[ 	]ffoo1c
FAIL: gcc.dg/weak-3.c scan-assembler weak[^ 	]*[ 	]ffoo1e
FAIL: gcc.dg/weak-3.c scan-assembler weak[^ 	]*[ 	]ffoo1f
FAIL: gcc.dg/weak-3.c scan-assembler weak[^ 	]*[ 	]ffoo1g
FAIL: gcc.dg/weak-4.c scan-assembler weak[^ 	]*[ 	]vfoo1a
FAIL: gcc.dg/weak-4.c scan-assembler weak[^ 	]*[ 	]vfoo1b
FAIL: gcc.dg/weak-4.c scan-assembler weak[^ 	]*[ 	]vfoo1c
FAIL: gcc.dg/weak-4.c scan-assembler weak[^ 	]*[ 	]vfoo1d
FAIL: gcc.dg/weak-4.c scan-assembler weak[^ 	]*[ 	]vfoo1e
FAIL: gcc.dg/weak-4.c scan-assembler weak[^ 	]*[ 	]vfoo1f
FAIL: gcc.dg/weak-4.c scan-assembler weak[^ 	]*[ 	]vfoo1g
FAIL: gcc.dg/weak-4.c scan-assembler weak[^ 	]*[ 	]vfoo1h
FAIL: gcc.dg/weak-4.c scan-assembler weak[^ 	]*[ 	]vfoo1i
FAIL: gcc.dg/weak-4.c scan-assembler weak[^ 	]*[ 	]vfoo1j
FAIL: gcc.dg/weak-4.c scan-assembler weak[^ 	]*[ 	]vfoo1k
FAIL: gcc.dg/wint_t-1.c (test for excess errors)
UNRESOLVED: weak-1.c
UNRESOLVED: weak-2.c
UNRESOLVED: wkali-1.c
UNRESOLVED: wkali-2.c

		=== gcc Summary ===

# of expected passes		18306
# of unexpected failures	49
# of expected failures		66
# of unresolved testcases	4
# of unsupported tests		129
/mnt/miscb4/builds3/b31/cris-xsim/gcc/xgcc version 3.2.2 20021208 (prerelease)

Host   is i686-pc-linux-gnu

		=== g++ tests ===


Running target cris-xsim
FAIL: g++.dg/abi/mangle17.C (test for excess errors)
FAIL: g++.dg/abi/vbase10.C  (test for warnings, line 6)
FAIL: g++.dg/opt/vt1.C (test for excess errors)
ERROR: g++.dg/opt/vt1.C: error executing dg-final: couldn't open "vt1.s": no such file or directory
UNRESOLVED: g++.dg/opt/vt1.C: error executing dg-final: couldn't open "vt1.s": no such file or directory
FAIL: g++.dg/parse/parameter-declaration-1.C  (test for errors, line 6)
FAIL: g++.dg/parse/parameter-declaration-1.C (test for excess errors)

		=== g++ Summary ===

# of expected passes		7329
# of unexpected failures	5
# of expected failures		89
# of unresolved testcases	1
# of untested testcases		30
# of unsupported tests		6
/mnt/miscb4/builds3/b31/cris-xsim/gcc/testsuite/../g++ version 3.2.2 20021208 (prerelease)

Host   is i686-pc-linux-gnu

		=== objc tests ===


Running target cris-xsim

		=== objc Summary ===

# of expected passes		1035
# of expected failures		6
/mnt/miscb4/builds3/b31/cris-xsim/gcc/xgcc version 3.2.2 20021208 (prerelease)


Compiler version: 3.2.2 20021208 (prerelease)
Platform: cris-axis-elf
configure flags: --host=i686-pc-linux-gnu --enable-checking=yes --target=cris-elf --prefix=/home/hp/work/axis/build/gcc3testprefix


Index Nav: [Date Index] [Subject Index] [Author Index] [Thread Index]
Message Nav: [Date Prev] [Date Next] [Thread Prev] [Thread Next]