This is the mail archive of the gcc-testresults@gcc.gnu.org mailing list for the GCC project.


Index Nav: [Date Index] [Subject Index] [Author Index] [Thread Index]
Message Nav: [Date Prev] [Date Next] [Thread Prev] [Thread Next]
Other format: [Raw text]

Results for 3.2.2 20021208 (prerelease) testsuite on mmix-knuth-mmixware


Variations may appear at times due to local patches applied to GCC,
testsuite and DejaGNU.  Host compiler is pristine gcc-2.95.3, C only.

LAST_UPDATED: Mon Dec  9 04:08:35 GMT 2002

Target is mmix-knuth-mmixware
Host   is i686-pc-linux-gnu

		=== g77 tests ===


Running target mmixware-sim
FAIL: g77.f-torture/execute/19981119-0.f compilation,  -O0

		=== g77 Summary ===

# of expected passes		1293
# of unexpected failures	1
# of expected failures		78
# of untested testcases		49
# of unsupported tests		9
/mnt/miscb4/builds3/b31/mmixware-sim/gcc/testsuite/../g77 version 3.2.2 20021208 (prerelease)

Host   is i686-pc-linux-gnu

		=== gcc tests ===


Running target mmixware-sim
FAIL: gcc.c-torture/compile/20001226-1.c,  -Os
WARNING: gcc.dg/20021014-1.c compilation failed to produce executable
FAIL: gcc.dg/20021205-1.c (test for excess errors)
FAIL: gcc.dg/bitfld-3.c execution test
FAIL: gcc.dg/c90-intconst-1.c (test for excess errors)
WARNING: program timed out.
FAIL: gcc.dg/typeof-2.c scan-assembler-not baz2.*baz2.*baz2.*baz2.*baz2.*baz2

		=== gcc Summary ===

# of expected passes		17994
# of unexpected failures	5
# of expected failures		72
# of unsupported tests		129
/mnt/miscb4/builds3/b31/mmixware-sim/gcc/xgcc version 3.2.2 20021208 (prerelease)

Host   is i686-pc-linux-gnu

		=== g++ tests ===


Running target mmixware-sim
FAIL: g++.dg/abi/mangle17.C (test for excess errors)
FAIL: g++.dg/opt/vt1.C (test for excess errors)
FAIL: g++.dg/parse/parameter-declaration-1.C  (test for errors, line 6)
FAIL: g++.dg/parse/parameter-declaration-1.C (test for excess errors)
FAIL: g++.benjamin/bool01.C (test for excess errors)
FAIL: g++.benjamin/p12475.C (test for excess errors)
FAIL: g++.jason/rfg10.C (test for excess errors)

		=== g++ Summary ===

# of expected passes		7143
# of unexpected failures	7
# of expected failures		90
# of untested testcases		32
# of unsupported tests		6
/mnt/miscb4/builds3/b31/mmixware-sim/gcc/testsuite/../g++ version 3.2.2 20021208 (prerelease)

Host   is i686-pc-linux-gnu

		=== objc tests ===


Running target mmixware-sim

		=== objc Summary ===

# of expected passes		1035
# of expected failures		6
/mnt/miscb4/builds3/b31/mmixware-sim/gcc/xgcc version 3.2.2 20021208 (prerelease)

Host   is mmix-knuth-mmixware

		=== libstdc++-v3 tests ===


Running target mmixware-sim
XPASS: 22_locale/collate_members_wchar_t.cc execution test
XPASS: 22_locale/ctype_is_wchar_t.cc execution test
XPASS: 22_locale/money_get_members_wchar_t.cc execution test
XPASS: 22_locale/money_put_members_wchar_t.cc execution test
XPASS: 22_locale/moneypunct_members_wchar_t.cc execution test
XPASS: 22_locale/num_get_members_wchar_t.cc execution test
XPASS: 22_locale/num_put_members_wchar_t.cc execution test
XPASS: 22_locale/numpunct_members_wchar_t.cc execution test
XPASS: 22_locale/time_get_members_wchar_t.cc execution test
XPASS: 22_locale/time_put_members_wchar_t.cc execution test
WARNING: program timed out.
FAIL: 23_containers/bitset_shift.cc execution test
WARNING: program timed out.
FAIL: 23_containers/vector_capacity.cc execution test
FAIL: 26_numerics/c99_classification_macros_c.cc (test for excess errors)
FAIL: 27_io/filebuf_members.cc (test for excess errors)
WARNING: 27_io/filebuf_members.cc compilation failed to produce executable
FAIL: 27_io/filebuf_virtuals.cc execution test
FAIL: 27_io/ios_base_members_static.cc execution test

		=== libstdc++-v3 Summary ===

# of expected passes		392
# of unexpected failures	6
# of unexpected successes	10
# of expected failures		16
# of unsupported tests		6

Compiler version: 3.2.2 20021208 (prerelease)
Platform: mmix-knuth-mmixware
configure flags: --host=i686-pc-linux-gnu --enable-checking=yes --target=mmix


Index Nav: [Date Index] [Subject Index] [Author Index] [Thread Index]
Message Nav: [Date Prev] [Date Next] [Thread Prev] [Thread Next]