This is the mail archive of the gcc-testresults@gcc.gnu.org mailing list for the GCC project.


Index Nav: [Date Index] [Subject Index] [Author Index] [Thread Index]
Message Nav: [Date Prev] [Date Next] [Thread Prev] [Thread Next]
Other format: [Raw text]

Results for 3.2.2 20021207 (prerelease) testsuite on sparc-sun-solaris2.7 (RTL check)


LAST_UPDATED: 
Native configuration is sparc-sun-solaris2.7

		=== g++ tests ===


Running target unix/-m64
FAIL: g++.dg/parse/parameter-declaration-1.C  (test for errors, line 6)
FAIL: g++.dg/parse/parameter-declaration-1.C (test for excess errors)
FAIL: g++.dg/template/varmod1.C (test for excess errors)
FAIL: g++.dg/special/conpr-2.C execution test
FAIL: g++.dg/special/conpr-3.C execution test
FAIL: g++.dg/special/initp1.C execution test

		=== g++ Summary for unix/-m64 ===

# of expected passes		7239
# of unexpected failures	6
# of expected failures		89
# of untested testcases		21
# of unsupported tests		4

Running target unix/-fPIC
FAIL: g++.dg/parse/parameter-declaration-1.C  (test for errors, line 6)
FAIL: g++.dg/parse/parameter-declaration-1.C (test for excess errors)
FAIL: g++.dg/template/varmod1.C (test for excess errors)
FAIL: g++.dg/special/conpr-2.C execution test
FAIL: g++.dg/special/conpr-3.C execution test
FAIL: g++.dg/special/initp1.C execution test

		=== g++ Summary for unix/-fPIC ===

# of expected passes		7239
# of unexpected failures	6
# of expected failures		89
# of untested testcases		21
# of unsupported tests		4

Running target unix/-fpic
FAIL: g++.dg/parse/parameter-declaration-1.C  (test for errors, line 6)
FAIL: g++.dg/parse/parameter-declaration-1.C (test for excess errors)
FAIL: g++.dg/template/varmod1.C (test for excess errors)
FAIL: g++.dg/special/conpr-2.C execution test
FAIL: g++.dg/special/conpr-3.C execution test
FAIL: g++.dg/special/initp1.C execution test

		=== g++ Summary for unix/-fpic ===

# of expected passes		7239
# of unexpected failures	6
# of expected failures		89
# of untested testcases		21
# of unsupported tests		4

Running target unix
FAIL: g++.dg/parse/parameter-declaration-1.C  (test for errors, line 6)
FAIL: g++.dg/parse/parameter-declaration-1.C (test for excess errors)
FAIL: g++.dg/template/varmod1.C (test for excess errors)
FAIL: g++.dg/special/conpr-2.C execution test
FAIL: g++.dg/special/conpr-3.C execution test
FAIL: g++.dg/special/initp1.C execution test

		=== g++ Summary for unix ===

# of expected passes		7239
# of unexpected failures	6
# of expected failures		89
# of untested testcases		21
# of unsupported tests		4

		=== g++ Summary ===

# of expected passes		28956
# of unexpected failures	24
# of expected failures		356
# of untested testcases		84
# of unsupported tests		16
/teal/caip5/ghazi/gcc-testing/branch/build/gcc/testsuite/../g++ version 3.2.2 20021207 (prerelease)

		=== g77 tests ===


Running target unix/-m64

		=== g77 Summary for unix/-m64 ===

# of expected passes		1452
# of unsupported tests		8

Running target unix/-fPIC

		=== g77 Summary for unix/-fPIC ===

# of expected passes		1452
# of unsupported tests		8

Running target unix/-fpic

		=== g77 Summary for unix/-fpic ===

# of expected passes		1452
# of unsupported tests		8

Running target unix

		=== g77 Summary for unix ===

# of expected passes		1452
# of unsupported tests		8

		=== g77 Summary ===

# of expected passes		5808
# of unsupported tests		32
/teal/caip5/ghazi/gcc-testing/branch/build/gcc/testsuite/../g77 version 3.2.2 20021207 (prerelease)

		=== gcc tests ===


Running target unix/-m64
XPASS: gcc.c-torture/execute/20020227-1.c execution,  -O0 
XPASS: gcc.c-torture/execute/20020227-1.c execution,  -O1 
WARNING: gcc.dg/20021014-1.c compilation failed to produce executable
FAIL: gcc.dg/20021205-1.c (test for excess errors)
XPASS: gcc.dg/c99-intconst-1.c (test for excess errors)
FAIL: gcc.dg/sparc-ret.c (test for excess errors)
ERROR: gcc.dg/sparc-ret.c: error executing dg-final: couldn't open "sparc-ret.s": no such file or directory
UNRESOLVED: gcc.dg/sparc-ret.c: error executing dg-final: couldn't open "sparc-ret.s": no such file or directory

		=== gcc Summary for unix/-m64 ===

# of expected passes		18254
# of unexpected failures	2
# of unexpected successes	3
# of expected failures		69
# of unresolved testcases	1
# of unsupported tests		112

Running target unix/-fPIC
FAIL: gcc.dg/20020312-2.c (test for excess errors)
WARNING: gcc.dg/20020312-2.c compilation failed to produce executable
WARNING: gcc.dg/20021014-1.c compilation failed to produce executable

		=== gcc Summary for unix/-fPIC ===

# of expected passes		18262
# of unexpected failures	1
# of expected failures		66
# of unsupported tests		112

Running target unix/-fpic
FAIL: gcc.dg/20020312-2.c (test for excess errors)
WARNING: gcc.dg/20020312-2.c compilation failed to produce executable
WARNING: gcc.dg/20021014-1.c compilation failed to produce executable

		=== gcc Summary for unix/-fpic ===

# of expected passes		18262
# of unexpected failures	1
# of expected failures		66
# of unsupported tests		112

Running target unix
WARNING: gcc.dg/20021014-1.c compilation failed to produce executable

		=== gcc Summary for unix ===

# of expected passes		18264
# of expected failures		66
# of unsupported tests		112

		=== gcc Summary ===

# of expected passes		73042
# of unexpected failures	4
# of unexpected successes	3
# of expected failures		267
# of unresolved testcases	1
# of unsupported tests		448
/teal/caip5/ghazi/gcc-testing/branch/build/gcc/xgcc version 3.2.2 20021207 (prerelease)

		=== objc tests ===


Running target unix/-m64

		=== objc Summary for unix/-m64 ===

# of expected passes		1035
# of expected failures		6

Running target unix/-fPIC

		=== objc Summary for unix/-fPIC ===

# of expected passes		1035
# of expected failures		6

Running target unix/-fpic

		=== objc Summary for unix/-fpic ===

# of expected passes		1035
# of expected failures		6

Running target unix

		=== objc Summary for unix ===

# of expected passes		1035
# of expected failures		6

		=== objc Summary ===

# of expected passes		4140
# of expected failures		24
/teal/caip5/ghazi/gcc-testing/branch/build/gcc/xgcc version 3.2.2 20021207 (prerelease)

		=== libjava tests ===


Running target unix/-m64
FAIL: calls output
FAIL: FileHandleGcTest execution from source compiled test
FAIL: FileHandleGcTest execution from bytecode->native test
FAIL: FileHandleGcTest -O execution from source compiled test
FAIL: FileHandleGcTest -O execution from bytecode->native test
FAIL: InvokeReturn output from source compiled test
FAIL: InvokeReturn output from bytecode->native test
FAIL: InvokeReturn -O output from source compiled test
FAIL: InvokeReturn -O output from bytecode->native test

		=== libjava Summary for unix/-m64 ===

# of expected passes		2048
# of unexpected failures	9
# of expected failures		18
# of untested testcases		18

Running target unix/-fPIC
FAIL: FileHandleGcTest execution from source compiled test
FAIL: FileHandleGcTest execution from bytecode->native test
FAIL: FileHandleGcTest -O execution from source compiled test
FAIL: FileHandleGcTest -O execution from bytecode->native test
FAIL: Throw_2 execution from source compiled test
FAIL: Throw_2 execution from bytecode->native test
FAIL: Throw_2 -O execution from source compiled test
FAIL: Throw_2 -O execution from bytecode->native test

		=== libjava Summary for unix/-fPIC ===

# of expected passes		2045
# of unexpected failures	8
# of expected failures		18
# of untested testcases		22

Running target unix/-fpic
FAIL: FileHandleGcTest execution from source compiled test
FAIL: FileHandleGcTest execution from bytecode->native test
FAIL: FileHandleGcTest -O execution from source compiled test
FAIL: FileHandleGcTest -O execution from bytecode->native test
FAIL: Throw_2 execution from source compiled test
FAIL: Throw_2 execution from bytecode->native test
FAIL: Throw_2 -O execution from source compiled test
FAIL: Throw_2 -O execution from bytecode->native test

		=== libjava Summary for unix/-fpic ===

# of expected passes		2045
# of unexpected failures	8
# of expected failures		18
# of untested testcases		22

Running target unix
FAIL: FileHandleGcTest execution from source compiled test
FAIL: FileHandleGcTest execution from bytecode->native test
FAIL: FileHandleGcTest -O execution from source compiled test
FAIL: FileHandleGcTest -O execution from bytecode->native test
FAIL: Throw_2 execution from source compiled test
FAIL: Throw_2 execution from bytecode->native test
FAIL: Throw_2 -O execution from source compiled test
FAIL: Throw_2 -O execution from bytecode->native test

		=== libjava Summary for unix ===

# of expected passes		2045
# of unexpected failures	8
# of expected failures		18
# of untested testcases		22

		=== libjava Summary ===

# of expected passes		8183
# of unexpected failures	33
# of expected failures		72
# of untested testcases		84
		=== libstdc++-v3 tests ===


Running target unix/-m64
XPASS: 22_locale/collate_members_wchar_t.cc execution test
XPASS: 22_locale/ctype_is_wchar_t.cc execution test
XPASS: 22_locale/money_get_members_wchar_t.cc execution test
XPASS: 22_locale/money_put_members_wchar_t.cc execution test
XPASS: 22_locale/moneypunct_members_wchar_t.cc execution test
XPASS: 22_locale/num_get_members_wchar_t.cc execution test
XPASS: 22_locale/num_put_members_wchar_t.cc execution test
XPASS: 22_locale/numpunct_members_wchar_t.cc execution test
XPASS: 22_locale/time_get_members_wchar_t.cc execution test
XPASS: 22_locale/time_put_members_wchar_t.cc execution test
WARNING: program timed out.
FAIL: 27_io/ios_base_storage.cc execution test
FAIL: 27_io/istream_extractor_arith.cc execution test

		=== libstdc++-v3 Summary for unix/-m64 ===

# of expected passes		409
# of unexpected failures	2
# of unexpected successes	10
# of expected failures		16

Running target unix/-fPIC
XPASS: 22_locale/collate_members_wchar_t.cc execution test
XPASS: 22_locale/ctype_is_wchar_t.cc execution test
XPASS: 22_locale/money_get_members_wchar_t.cc execution test
XPASS: 22_locale/money_put_members_wchar_t.cc execution test
XPASS: 22_locale/moneypunct_members_wchar_t.cc execution test
XPASS: 22_locale/num_get_members_wchar_t.cc execution test
XPASS: 22_locale/num_put_members_wchar_t.cc execution test
XPASS: 22_locale/numpunct_members_wchar_t.cc execution test
XPASS: 22_locale/time_get_members_wchar_t.cc execution test
XPASS: 22_locale/time_put_members_wchar_t.cc execution test
FAIL: 27_io/istream_extractor_arith.cc execution test

		=== libstdc++-v3 Summary for unix/-fPIC ===

# of expected passes		410
# of unexpected failures	1
# of unexpected successes	10
# of expected failures		16

Running target unix/-fpic
XPASS: 22_locale/collate_members_wchar_t.cc execution test
XPASS: 22_locale/ctype_is_wchar_t.cc execution test
XPASS: 22_locale/money_get_members_wchar_t.cc execution test
XPASS: 22_locale/money_put_members_wchar_t.cc execution test
XPASS: 22_locale/moneypunct_members_wchar_t.cc execution test
XPASS: 22_locale/num_get_members_wchar_t.cc execution test
XPASS: 22_locale/num_put_members_wchar_t.cc execution test
XPASS: 22_locale/numpunct_members_wchar_t.cc execution test
XPASS: 22_locale/time_get_members_wchar_t.cc execution test
XPASS: 22_locale/time_put_members_wchar_t.cc execution test
FAIL: 27_io/istream_extractor_arith.cc execution test

		=== libstdc++-v3 Summary for unix/-fpic ===

# of expected passes		410
# of unexpected failures	1
# of unexpected successes	10
# of expected failures		16

Running target unix
XPASS: 22_locale/collate_members_wchar_t.cc execution test
XPASS: 22_locale/ctype_is_wchar_t.cc execution test
XPASS: 22_locale/money_get_members_wchar_t.cc execution test
XPASS: 22_locale/money_put_members_wchar_t.cc execution test
XPASS: 22_locale/moneypunct_members_wchar_t.cc execution test
XPASS: 22_locale/num_get_members_wchar_t.cc execution test
XPASS: 22_locale/num_put_members_wchar_t.cc execution test
XPASS: 22_locale/numpunct_members_wchar_t.cc execution test
XPASS: 22_locale/time_get_members_wchar_t.cc execution test
XPASS: 22_locale/time_put_members_wchar_t.cc execution test
FAIL: 27_io/istream_extractor_arith.cc execution test

		=== libstdc++-v3 Summary for unix ===

# of expected passes		410
# of unexpected failures	1
# of unexpected successes	10
# of expected failures		16

		=== libstdc++-v3 Summary ===

# of expected passes		1639
# of unexpected failures	5
# of unexpected successes	40
# of expected failures		64

Compiler version: 3.2.2 20021207 (prerelease) 
Platform: sparc-sun-solaris2.7
configure flags: --host=sparc-sun-solaris2.7 --verbose --enable-checking=misc,tree,rtl,gc


Index Nav: [Date Index] [Subject Index] [Author Index] [Thread Index]
Message Nav: [Date Prev] [Date Next] [Thread Prev] [Thread Next]