This is the mail archive of the gcc-testresults@gcc.gnu.org mailing list for the GCC project.


Index Nav: [Date Index] [Subject Index] [Author Index] [Thread Index]
Message Nav: [Date Prev] [Date Next] [Thread Prev] [Thread Next]
Other format: [Raw text]

Results for 3.4-bi 20021115 (experimental) testsuite on i686-pc-linux-gnu


LAST_UPDATED: Tue Dec  3 00:44:55 UTC 2002

Native configuration is i686-pc-linux-gnu

		=== g77 tests ===


Running target unix

		=== g77 Summary ===

# of expected passes		1654
/export/build/gnu/gcc-3.4-b-i-b/build-i686-linux/gcc/testsuite/../g77 version 3.4-bi 20021115 (experimental)

		=== gcc tests ===


Running target unix
FAIL: gcc.c-torture/execute/builtin-constant.c execution,  -O1 
FAIL: gcc.c-torture/execute/builtin-constant.c execution,  -O2 
FAIL: gcc.c-torture/execute/builtin-constant.c execution,  -O3 -fomit-frame-pointer 
FAIL: gcc.c-torture/execute/builtin-constant.c execution,  -O3 -g 
FAIL: gcc.c-torture/execute/builtin-constant.c execution,  -Os 

		=== gcc Summary ===

# of expected passes		20607
# of unexpected failures	5
# of expected failures		64
# of unsupported tests		67
/export/build/gnu/gcc-3.4-b-i-b/build-i686-linux/gcc/xgcc version 3.4-bi 20021115 (experimental)

		=== g++ tests ===


Running target unix
FAIL: g++.dg/warn/Wunused-2.C  (test for warnings, line 5)
FAIL: g++.dg/tls/init-2.C (test for excess errors)
XPASS: g++.other/init5.C  Execution test

		=== g++ Summary ===

# of expected passes		7850
# of unexpected failures	2
# of unexpected successes	1
# of expected failures		91
# of untested testcases		9
# of unsupported tests		3
/export/build/gnu/gcc-3.4-b-i-b/build-i686-linux/gcc/testsuite/../g++ version 3.4-bi 20021115 (experimental)

		=== objc tests ===


Running target unix

		=== objc Summary ===

# of expected passes		1153
/export/build/gnu/gcc-3.4-b-i-b/build-i686-linux/gcc/xgcc version 3.4-bi 20021115 (experimental)

		=== libjava tests ===


Running target unix
FAIL: pr7912 compilation from bytecode
FAIL: pr7912 -O compilation from bytecode
FAIL: initexc compilation from bytecode
FAIL: initexc -O compilation from bytecode
FAIL: /export/build/gnu/gcc-3.4-b-i-b/build-i686-linux/i686-pc-linux-gnu/libjava/testsuite/TestEarlyGC.exe output - /export/build/gnu/gcc-3.4-b-i-b/build-i686-linux/i686-pc-linux-gnu/libjava/testsuite/TestEarlyGC.exe

		=== libjava Summary ===

# of expected passes		2834
# of unexpected failures	5
# of expected failures		14
# of untested testcases		12
		=== libstdc++-v3 tests ===


Running target unix
FAIL: 22_locale/codecvt_members_char_char.cc execution test
FAIL: 22_locale/codecvt_members_wchar_t_char.cc execution test
FAIL: 22_locale/ctor_copy_dtor.cc execution test
FAIL: 22_locale/ctype_narrow_wchar_t.cc execution test
FAIL: 22_locale/ctype_to_char.cc execution test
FAIL: 22_locale/ctype_to_wchar_t.cc execution test
FAIL: 22_locale/facet.cc execution test
FAIL: 26_numerics/c99_classification_macros_c.cc (test for excess errors)
FAIL: 27_io/ostream_inserter_arith.cc execution test
FAIL: 27_io/ostream_inserter_char.cc execution test

		=== libstdc++-v3 Summary ===

# of expected passes		408
# of unexpected failures	10
# of expected failures		27

Compiler version: 3.4-bi 20021115 (experimental) 
Platform: i686-pc-linux-gnu
configure flags: --host=i686-pc-linux-gnu --enable-clocale=gnu --with-system-zlib --enable-shared --enable-threads=posix --enable-haifa --disable-checking --prefix=/usr/gcc-3.4-b-i-b --with-local-prefix=/usr/local


Index Nav: [Date Index] [Subject Index] [Author Index] [Thread Index]
Message Nav: [Date Prev] [Date Next] [Thread Prev] [Thread Next]