This is the mail archive of the gcc-testresults@gcc.gnu.org mailing list for the GCC project.


Index Nav: [Date Index] [Subject Index] [Author Index] [Thread Index]
Message Nav: [Date Prev] [Date Next] [Thread Prev] [Thread Next]
Other format: [Raw text]

Results for 3.3 20021203 (experimental) testsuite on i686-pc-linux-gnu


LAST_UPDATED: Tue Dec  3 09:00:52 UTC 2002

Native configuration is i686-pc-linux-gnu

		=== g77 tests ===


Running target unix

		=== g77 Summary ===

# of expected passes		1654
/home/gates/pinskia/src/gnu/gcc/src/objdir.linux/gcc/testsuite/../g77 version 3.3 20021203 (experimental)

		=== gcc tests ===


Running target unix
FAIL: gcc.c-torture/execute/builtin-constant.c execution,  -O1 
FAIL: gcc.c-torture/execute/builtin-constant.c execution,  -O2 
FAIL: gcc.c-torture/execute/builtin-constant.c execution,  -O3 -fomit-frame-pointer 
FAIL: gcc.c-torture/execute/builtin-constant.c execution,  -O3 -g 
FAIL: gcc.c-torture/execute/builtin-constant.c execution,  -Os 
FAIL: gcc.dg/duff-2.c (test for excess errors)

		=== gcc Summary ===

# of expected passes		21149
# of unexpected failures	6
# of expected failures		64
# of unsupported tests		65
/home/gates/pinskia/src/gnu/gcc/src/objdir.linux/gcc/xgcc version 3.3 20021203 (experimental)

		=== g++ tests ===


Running target unix
FAIL: g++.dg/warn/Wunused-2.C  (test for warnings, line 5)
FAIL: g++.dg/tls/init-2.C (test for excess errors)
XPASS: g++.other/init5.C  Execution test

		=== g++ Summary ===

# of expected passes		7872
# of unexpected failures	2
# of unexpected successes	1
# of expected failures		91
# of untested testcases		9
# of unsupported tests		3
/home/gates/pinskia/src/gnu/gcc/src/objdir.linux/gcc/testsuite/../g++ version 3.3 20021203 (experimental)

		=== objc tests ===


Running target unix

		=== objc Summary ===

# of expected passes		1153
/home/gates/pinskia/src/gnu/gcc/src/objdir.linux/gcc/xgcc version 3.3 20021203 (experimental)

		=== libjava tests ===


Running target unix
FAIL: PR1343 compilation from bytecode
FAIL: PR1343 -O compilation from bytecode
FAIL: initexc compilation from bytecode
FAIL: initexc -O compilation from bytecode
FAIL: /home/gates/pinskia/src/gnu/gcc/src/objdir.linux/i686-pc-linux-gnu/libjava/testsuite/TestEarlyGC.exe output - /home/gates/pinskia/src/gnu/gcc/src/objdir.linux/i686-pc-linux-gnu/libjava/testsuite/TestEarlyGC.exe
FAIL: Mauve build

		=== libjava Summary ===

# of expected passes		2853
# of unexpected failures	6
# of expected failures		14
# of untested testcases		12
		=== libstdc++-v3 tests ===


Running target unix
XPASS: 22_locale/ctype_is_wchar_t.cc execution test
FAIL: 26_numerics/c99_classification_macros_c.cc (test for excess errors)

		=== libstdc++-v3 Summary ===

# of expected passes		417
# of unexpected failures	1
# of unexpected successes	1
# of expected failures		26

Compiler version: 3.3 20021203 (experimental) 
Platform: i686-pc-linux-gnu
configure flags: --host=i686-pc-linux-gnu --target=i686-pc-linux-gnu --enable-__cxa_atexit --prefix=/home/gates/pinskia/linux --enable-threads=posix --enable-shared


Index Nav: [Date Index] [Subject Index] [Author Index] [Thread Index]
Message Nav: [Date Prev] [Date Next] [Thread Prev] [Thread Next]