This is the mail archive of the
gcc-testresults@gcc.gnu.org
mailing list for the GCC project.
Results for 3.3 20021201 (experimental) testsuite on sparc-sun-solaris2.8
- From: Brad Lucier <lucier at math dot purdue dot edu>
- To: gcc-testresults at gcc dot gnu dot org
- Date: Mon, 2 Dec 2002 06:16:49 -0500 (EST)
- Subject: Results for 3.3 20021201 (experimental) testsuite on sparc-sun-solaris2.8
LAST_UPDATED: Mon Dec 2 04:26:11 UTC 2002
Native configuration is sparc-sun-solaris2.8
=== g++ tests ===
Running target unix
FAIL: g++.dg/compat/break/bitfield7 y_tst.o compile
UNRESOLVED: g++.dg/compat/break/bitfield7 x_tst.o-y_tst.o link
UNRESOLVED: g++.dg/compat/break/bitfield7 x_tst.o-y_tst.o execute
FAIL: g++.dg/template/varmod1.C (test for excess errors)
FAIL: g++.dg/warn/Wunused-2.C (test for warnings, line 5)
FAIL: g++.dg/special/conpr-2.C execution test
FAIL: g++.dg/special/conpr-3.C execution test
FAIL: g++.dg/special/initp1.C execution test
=== g++ Summary ===
# of expected passes 7798
# of unexpected failures 6
# of expected failures 92
# of unresolved testcases 2
# of untested testcases 21
# of unsupported tests 15
/export/u3/lucier/programs/gcc/gcc-3.3/objdir/gcc/testsuite/../g++ version 3.3 20021201 (experimental)
=== g77 tests ===
Running target unix
=== g77 Summary ===
# of expected passes 1638
# of unsupported tests 8
/export/u3/lucier/programs/gcc/gcc-3.3/objdir/gcc/testsuite/../g77 version 3.3 20021201 (experimental)
=== gcc tests ===
Running target unix
FAIL: gcc.c-torture/execute/builtin-constant.c execution, -O1
FAIL: gcc.c-torture/execute/builtin-constant.c execution, -O2
FAIL: gcc.c-torture/execute/builtin-constant.c execution, -O3 -fomit-frame-pointer
FAIL: gcc.c-torture/execute/builtin-constant.c execution, -O3 -g
FAIL: gcc.c-torture/execute/builtin-constant.c execution, -Os
WARNING: gcc.dg/20021014-1.c compilation failed to produce executable
FAIL: gcc.dg/duff-2.c (test for excess errors)
=== gcc Summary ===
# of expected passes 20469
# of unexpected failures 6
# of expected failures 62
# of unsupported tests 141
/export/u3/lucier/programs/gcc/gcc-3.3/objdir/gcc/xgcc version 3.3 20021201 (experimental)
=== objc tests ===
Running target unix
=== objc Summary ===
# of expected passes 1153
/export/u3/lucier/programs/gcc/gcc-3.3/objdir/gcc/xgcc version 3.3 20021201 (experimental)
=== libjava tests ===
Running target unix
FAIL: PR1343 compilation from bytecode
FAIL: PR1343 -O compilation from bytecode
FAIL: noclass run
FAIL: FileHandleGcTest execution - source compiled test
FAIL: FileHandleGcTest execution - bytecode->native test
FAIL: FileHandleGcTest -O execution - source compiled test
FAIL: FileHandleGcTest -O execution - bytecode->native test
FAIL: TestProxy execution - source compiled test
FAIL: TestProxy execution - bytecode->native test
FAIL: TestProxy -O execution - source compiled test
FAIL: TestProxy -O execution - bytecode->native test
FAIL: Throw_2 execution - source compiled test
FAIL: Throw_2 execution - bytecode->native test
FAIL: Throw_2 -O execution - source compiled test
FAIL: Throw_2 -O execution - bytecode->native test
FAIL: initexc compilation from bytecode
FAIL: initexc -O compilation from bytecode
FAIL: /export/u3/lucier/programs/gcc/gcc-3.3/objdir/sparc-sun-solaris2.8/libjava/testsuite/TestEarlyGC.exe output - /export/u3/lucier/programs/gcc/gcc-3.3/objdir/sparc-sun-solaris2.8/libjava/testsuite/TestEarlyGC.exe
FAIL: /export/u3/lucier/programs/gcc/gcc-3.3/objdir/sparc-sun-solaris2.8/libjava/testsuite/TestLeak.exe execution - /export/u3/lucier/programs/gcc/gcc-3.3/objdir/sparc-sun-solaris2.8/libjava/testsuite/TestLeak.exe
FAIL: /export/u3/lucier/programs/gcc/gcc-3.3/objdir/sparc-sun-solaris2.8/libjava/testsuite/TestMultiple.exe output - /export/u3/lucier/programs/gcc/gcc-3.3/objdir/sparc-sun-solaris2.8/libjava/testsuite/TestMultiple.exe
FAIL: /export/u3/lucier/programs/gcc/gcc-3.3/objdir/sparc-sun-solaris2.8/libjava/testsuite/TestParent.exe output - /export/u3/lucier/programs/gcc/gcc-3.3/objdir/sparc-sun-solaris2.8/libjava/testsuite/TestParent.exe
=== libjava Summary ===
# of expected passes 2307
# of unexpected failures 21
# of expected failures 14
# of untested testcases 26
=== libstdc++-v3 tests ===
Running target unix
XPASS: 22_locale/collate_members_wchar_t.cc execution test
XPASS: 22_locale/ctype_is_wchar_t.cc execution test
XPASS: 22_locale/money_get_members_wchar_t.cc execution test
XPASS: 22_locale/money_put_members_wchar_t.cc execution test
XPASS: 22_locale/moneypunct_members_wchar_t.cc execution test
XPASS: 22_locale/num_get_members_wchar_t.cc execution test
XPASS: 22_locale/num_put_members_wchar_t.cc execution test
XPASS: 22_locale/numpunct_members_wchar_t.cc execution test
XPASS: 22_locale/time_get_members_wchar_t.cc execution test
XPASS: 22_locale/time_put_members_wchar_t.cc execution test
FAIL: 27_io/istream_extractor_arith.cc execution test
=== libstdc++-v3 Summary ===
# of expected passes 417
# of unexpected failures 1
# of unexpected successes 10
# of expected failures 17
Compiler version: 3.3 20021201 (experimental)
Platform: sparc-sun-solaris2.8
configure flags: --host=sparc-sun-solaris2.8 --prefix=/home/c/lucier/local/gcc-test
Counting all warnings,
there are 23 warnings in stage3 of this bootstrap.
Number of warnings per file:
6 gcc/unwind-dw2-fde.h
4 gcc/unwind-dw2.c
4 gcc/libgcc2.c
2 gcc/gcc.c
2 gcc/f/sta.c
1 gcc/loop.c
1 gcc/java/lang.c
1 gcc/java/jvspec.c
1 gcc/cp/cp-tree.h ../../gcc/cp/decl.h ../../gcc/cp/lex.h ../../gcc/cp/call.c ../../gcc/cp/decl.c ../../gcc/cp/decl/pkgs/gnu/share/bison.simple
1 /pkgs/gnu/share/bison.simple
Number of warning types:
6 unused parameter \`???'
2 string length \`???' is greater than the length \`???' ISO C89 compilers are required to support
2 missing braces around initializer
2 implicit declaration of function \`???'
2 dereferencing type-punned pointer will break strict-aliasing rules
2 comparison between signed and unsigned
2 \`???' might be used uninitialized in this function
2 (near initialization for \`???')
1 traditional C rejects string concatenation
1 function declaration isn't a prototype
1 comparison between signed and unsigned2.c ../../gcc/cp/parse.y ../../gcc/cp/pt.c ../../gcc/cp/repo.c ../../gcc/cp/spew.c ../../gcc/cp/tree.c ../../gcc/c-common.c