This is the mail archive of the
gcc-testresults@gcc.gnu.org
mailing list for the GCC project.
Results for 3.3 20021124 (experimental) testsuite on i686-pc-linux-gnu
- From: hjl at lucon dot org (H.J. Lu)
- To: gcc-testresults at gcc dot gnu dot org
- Date: Sun, 1 Dec 2002 18:56:10 -0800 (PST)
- Subject: Results for 3.3 20021124 (experimental) testsuite on i686-pc-linux-gnu
LAST_UPDATED: Mon Dec 2 01:08:02 UTC 2002
Native configuration is i686-pc-linux-gnu
=== g77 tests ===
Running target unix
=== g77 Summary ===
# of expected passes 1654
/export/build/gnu/gcc-pch/build-i686-linux/gcc/testsuite/../g77 version 3.3 20021124 (experimental)
=== gcc tests ===
Running target unix
FAIL: gcc.c-torture/execute/builtin-constant.c execution, -O1
FAIL: gcc.c-torture/execute/builtin-constant.c execution, -O2
FAIL: gcc.c-torture/execute/builtin-constant.c execution, -O3 -fomit-frame-pointer
FAIL: gcc.c-torture/execute/builtin-constant.c execution, -O3 -g
FAIL: gcc.c-torture/execute/builtin-constant.c execution, -Os
FAIL: gcc.dg/duff-2.c (test for excess errors)
FAIL: gcc.dg/pch/common-1.c (test for excess errors)
WARNING: common-1.s doesn't exist
ERROR: tcl error sourcing /export/gnu/src/gcc-pch/gcc/gcc/testsuite/gcc.dg/pch/pch.exp.
ERROR: error copying "/export/gnu/src/gcc-pch/gcc/gcc/testsuite/gcc.dg/pch/common-1.h" to "common-1.hp": file already exists
=== gcc Summary ===
# of expected passes 20680
# of unexpected failures 7
# of expected failures 64
# of untested testcases 1
# of unsupported tests 65
/export/build/gnu/gcc-pch/build-i686-linux/gcc/xgcc version 3.3 20021124 (experimental)
=== g++ tests ===
Running target unix
FAIL: g++.dg/warn/Wunused-2.C (test for warnings, line 5)
FAIL: g++.dg/tls/init-2.C (test for excess errors)
XPASS: g++.other/init5.C Execution test
=== g++ Summary ===
# of expected passes 7854
# of unexpected failures 2
# of unexpected successes 1
# of expected failures 91
# of untested testcases 9
# of unsupported tests 3
/export/build/gnu/gcc-pch/build-i686-linux/gcc/testsuite/../g++ version 3.3 20021124 (experimental)
=== objc tests ===
Running target unix
=== objc Summary ===
# of expected passes 1153
/export/build/gnu/gcc-pch/build-i686-linux/gcc/xgcc version 3.3 20021124 (experimental)
=== libjava tests ===
Running target unix
FAIL: initexc compilation from bytecode
FAIL: initexc -O compilation from bytecode
FAIL: /export/build/gnu/gcc-pch/build-i686-linux/i686-pc-linux-gnu/libjava/testsuite/TestEarlyGC.exe output - /export/build/gnu/gcc-pch/build-i686-linux/i686-pc-linux-gnu/libjava/testsuite/TestEarlyGC.exe
=== libjava Summary ===
# of expected passes 2854
# of unexpected failures 3
# of expected failures 14
# of untested testcases 12
=== libstdc++-v3 tests ===
Running target unix
FAIL: 22_locale/codecvt_members_char_char.cc execution test
FAIL: 22_locale/codecvt_members_wchar_t_char.cc execution test
FAIL: 22_locale/ctor_copy_dtor.cc execution test
FAIL: 22_locale/ctype_narrow_wchar_t.cc execution test
FAIL: 22_locale/ctype_to_char.cc execution test
FAIL: 22_locale/ctype_to_wchar_t.cc execution test
FAIL: 22_locale/facet.cc execution test
FAIL: 26_numerics/c99_classification_macros_c.cc (test for excess errors)
FAIL: 27_io/ostream_inserter_arith.cc execution test
FAIL: 27_io/ostream_inserter_char.cc execution test
=== libstdc++-v3 Summary ===
# of expected passes 408
# of unexpected failures 10
# of expected failures 27
Compiler version: 3.3 20021124 (experimental)
Platform: i686-pc-linux-gnu
configure flags: --host=i686-pc-linux-gnu --enable-__cxa_atexit --enable-clocale=gnu --with-system-zlib --enable-shared --enable-threads=posix --enable-haifa --disable-checking --prefix=/usr/gcc-3.3-pch --with-local-prefix=/usr/local