This is the mail archive of the gcc-testresults@gcc.gnu.org mailing list for the GCC project.


Index Nav: [Date Index] [Subject Index] [Author Index] [Thread Index]
Message Nav: [Date Prev] [Date Next] [Thread Prev] [Thread Next]
Other format: [Raw text]

Results for 3.2.1 testsuite on mips-sgi-irix6.5


gcc-3.2.1 C and ObjC were built on a 180 MHz R5000 running irix6.5
To successfully run the testsuite, I had to make two changes:
Since this is a VERY slow computer, I changed the timeout in
/usr/local/share/dejagnu/remote.exp
to 900 seconds (set timeout 900).
I configured with --enable-threads=posix, so every ObjC program has
to be linked with -lpthread.
That's why I changed gcc-3.2.1/testsuite/lib/objc.exp:

    lappend options "libs=-lobjc"

if { [istarget "mips-sgi-irix6.5"] } {
    lappend options "libs=-lpthread"
}

LAST_UPDATED: 
Native configuration is mips-sgi-irix6.5

		=== gcc tests ===


Running target unix
FAIL: gcc.c-torture/execute/20020307-2.c execution,  -O0 
FAIL: gcc.c-torture/execute/20020307-2.c execution,  -O1 
FAIL: gcc.c-torture/execute/20020307-2.c execution,  -O2 
FAIL: gcc.c-torture/execute/20020307-2.c execution,  -O3 -fomit-frame-pointer 
FAIL: gcc.c-torture/execute/20020307-2.c execution,  -O3 -fomit-frame-pointer -funroll-loops 
FAIL: gcc.c-torture/execute/20020307-2.c execution,  -O3 -fomit-frame-pointer -funroll-all-loops -finline-functions 
FAIL: gcc.c-torture/execute/20020307-2.c execution,  -O3 -g 
FAIL: gcc.c-torture/execute/20020307-2.c execution,  -Os 
WARNING: gcc.dg/20021014-1.c compilation failed to produce executable

		=== gcc Summary ===

# of expected passes		17983
# of unexpected failures	8
# of expected failures		101
# of unsupported tests		124
/cg/disks/kagran/people/ceh/Projects/gcc/irixgcc321/gcc/xgcc version 3.2.1

		=== objc tests ===


Running target unix

		=== objc Summary ===

# of expected passes		1035
# of expected failures		6
/cg/disks/kagran/people/ceh/Projects/gcc/irixgcc321/gcc/xgcc version 3.2.1


Compiler version: 3.2.1 
Platform: mips-sgi-irix6.5
configure flags: --host=mips-sgi-irix6.5 --prefix=/usr/local/gcc-3.2.1 --disable-multilib --enable-threads=posix


Index Nav: [Date Index] [Subject Index] [Author Index] [Thread Index]
Message Nav: [Date Prev] [Date Next] [Thread Prev] [Thread Next]