This is the mail archive of the
gcc-testresults@gcc.gnu.org
mailing list for the GCC project.
Results for 3.3 20021128 (experimental) testsuite on sparc64-unknown-linux-gnu
- From: "David S. Miller" <davem at nuts dot ninka dot net>
- To: gcc-testresults at gcc dot gnu dot org
- Date: Sun, 1 Dec 2002 03:40:00 -0800
- Subject: Results for 3.3 20021128 (experimental) testsuite on sparc64-unknown-linux-gnu
LAST_UPDATED: Thu Nov 28 09:43:18 UTC 2002
Native configuration is sparc64-unknown-linux-gnu
=== g++ tests ===
Running target unix
FAIL: g++.dg/parse/stack1.C (test for excess errors)
FAIL: g++.dg/warn/Wunused-2.C (test for warnings, line 5)
=== g++ Summary ===
# of expected passes 7783
# of unexpected failures 2
# of expected failures 93
# of untested testcases 23
# of unsupported tests 16
/disk1/davem/GCC/cvs/mainline/build-sparc64-linux/gcc/testsuite/../g++ version 3.3 20021128 (experimental)
=== g77 tests ===
Running target unix
=== g77 Summary ===
# of expected passes 1638
# of unsupported tests 8
/disk1/davem/GCC/cvs/mainline/build-sparc64-linux/gcc/testsuite/../g77 version 3.3 20021128 (experimental)
=== gcc tests ===
Running target unix
FAIL: gcc.c-torture/compile/simd-5.c, -O0
FAIL: gcc.c-torture/compile/simd-5.c, -O1
FAIL: gcc.c-torture/compile/simd-5.c, -O2
FAIL: gcc.c-torture/compile/simd-5.c, -O3 -fomit-frame-pointer
FAIL: gcc.c-torture/compile/simd-5.c, -O3 -g
FAIL: gcc.c-torture/compile/simd-5.c, -Os
XPASS: gcc.c-torture/execute/20020227-1.c execution, -O0
XPASS: gcc.c-torture/execute/20020227-1.c execution, -O1
FAIL: gcc.c-torture/execute/930921-1.c compilation, -O3 -fomit-frame-pointer -funroll-loops
UNRESOLVED: gcc.c-torture/execute/930921-1.c execution, -O3 -fomit-frame-pointer -funroll-loops
FAIL: gcc.c-torture/execute/930921-1.c compilation, -O3 -fomit-frame-pointer -funroll-all-loops -finline-functions
UNRESOLVED: gcc.c-torture/execute/930921-1.c execution, -O3 -fomit-frame-pointer -funroll-all-loops -finline-functions
FAIL: gcc.c-torture/execute/builtin-constant.c execution, -O1
FAIL: gcc.c-torture/execute/builtin-constant.c execution, -O2
FAIL: gcc.c-torture/execute/builtin-constant.c execution, -O3 -fomit-frame-pointer
FAIL: gcc.c-torture/execute/builtin-constant.c execution, -O3 -g
FAIL: gcc.c-torture/execute/builtin-constant.c execution, -Os
FAIL: gcc.dg/cpp/Wunused.c (test for excess errors)
FAIL: gcc.dg/cpp/trad/Wunused.c (test for excess errors)
FAIL: gcc.dg/duff-2.c (test for excess errors)
=== gcc Summary ===
# of expected passes 20457
# of unexpected failures 16
# of unexpected successes 2
# of expected failures 66
# of unresolved testcases 2
# of unsupported tests 138
/disk1/davem/GCC/cvs/mainline/build-sparc64-linux/gcc/xgcc version 3.3 20021128 (experimental)
=== objc tests ===
Running target unix
=== objc Summary ===
# of expected passes 1153
/disk1/davem/GCC/cvs/mainline/build-sparc64-linux/gcc/xgcc version 3.3 20021128 (experimental)
=== libjava tests ===
Running target unix
FAIL: PR1343 compilation from bytecode
FAIL: PR1343 -O compilation from bytecode
FAIL: TestProxy execution - source compiled test
FAIL: TestProxy execution - bytecode->native test
FAIL: TestProxy -O execution - source compiled test
FAIL: TestProxy -O execution - bytecode->native test
FAIL: Thread_Interrupt output - bytecode->native test
FAIL: initexc compilation from bytecode
FAIL: initexc -O compilation from bytecode
FAIL: /disk1/davem/GCC/cvs/mainline/build-sparc64-linux/sparc64-unknown-linux-gnu/libjava/testsuite/TestEarlyGC.exe output - /disk1/davem/GCC/cvs/mainline/build-sparc64-linux/sparc64-unknown-linux-gnu/libjava/testsuite/TestEarlyGC.exe
FAIL: /disk1/davem/GCC/cvs/mainline/build-sparc64-linux/sparc64-unknown-linux-gnu/libjava/testsuite/TestLeak.exe execution - /disk1/davem/GCC/cvs/mainline/build-sparc64-linux/sparc64-unknown-linux-gnu/libjava/testsuite/TestLeak.exe
FAIL: /disk1/davem/GCC/cvs/mainline/build-sparc64-linux/sparc64-unknown-linux-gnu/libjava/testsuite/TestMultiple.exe output - /disk1/davem/GCC/cvs/mainline/build-sparc64-linux/sparc64-unknown-linux-gnu/libjava/testsuite/TestMultiple.exe
FAIL: /disk1/davem/GCC/cvs/mainline/build-sparc64-linux/sparc64-unknown-linux-gnu/libjava/testsuite/TestParent.exe output - /disk1/davem/GCC/cvs/mainline/build-sparc64-linux/sparc64-unknown-linux-gnu/libjava/testsuite/TestParent.exe
=== libjava Summary ===
# of expected passes 2323
# of unexpected failures 13
# of expected failures 14
# of untested testcases 17
=== libstdc++-v3 tests ===
Running target unix
XPASS: 22_locale/collate_byname.cc execution test
XPASS: 22_locale/collate_members_char.cc execution test
XPASS: 22_locale/collate_members_wchar_t.cc execution test
XPASS: 22_locale/ctype_is_char.cc execution test
XPASS: 22_locale/ctype_is_wchar_t.cc execution test
XPASS: 22_locale/members.cc execution test
XPASS: 22_locale/messages_byname.cc execution test
XPASS: 22_locale/messages_members_char.cc execution test
XPASS: 22_locale/money_get_members_char.cc execution test
XPASS: 22_locale/money_get_members_wchar_t.cc execution test
XPASS: 22_locale/money_put_members_char.cc execution test
XPASS: 22_locale/money_put_members_wchar_t.cc execution test
XPASS: 22_locale/moneypunct_byname.cc execution test
XPASS: 22_locale/moneypunct_members_char.cc execution test
XPASS: 22_locale/moneypunct_members_wchar_t.cc execution test
XPASS: 22_locale/num_get_members_char.cc execution test
XPASS: 22_locale/num_get_members_wchar_t.cc execution test
XPASS: 22_locale/num_put_members_char.cc execution test
XPASS: 22_locale/num_put_members_wchar_t.cc execution test
XPASS: 22_locale/numpunct_byname.cc execution test
XPASS: 22_locale/numpunct_members_char.cc execution test
XPASS: 22_locale/numpunct_members_wchar_t.cc execution test
XPASS: 22_locale/time_get_members_char.cc execution test
XPASS: 22_locale/time_get_members_wchar_t.cc execution test
XPASS: 22_locale/time_put_members_char.cc execution test
XPASS: 22_locale/time_put_members_wchar_t.cc execution test
FAIL: 26_numerics/c99_classification_macros_c.cc (test for excess errors)
=== libstdc++-v3 Summary ===
# of expected passes 417
# of unexpected failures 1
# of unexpected successes 26
# of expected failures 1
Compiler version: 3.3 20021128 (experimental)
Platform: sparc64-unknown-linux-gnu
configure flags: --host=sparc64-unknown-linux-gnu --prefix=/foo/bar --enable-shared --enable-threads