This is the mail archive of the gcc-testresults@gcc.gnu.org mailing list for the GCC project.


Index Nav: [Date Index] [Subject Index] [Author Index] [Thread Index]
Message Nav: [Date Prev] [Date Next] [Thread Prev] [Thread Next]
Other format: [Raw text]

Results for 3.2.2 20021130 (prerelease) testsuite on sparc64-sun-solaris2.8


LAST_UPDATED: Sat Nov 30 23:19:11 UTC 2002

Native configuration is sparc64-sun-solaris2.8

		=== g++ tests ===


Running target unix
FAIL: g++.dg/special/conpr-2.C execution test
FAIL: g++.dg/special/conpr-3.C execution test
FAIL: g++.dg/special/initp1.C execution test

		=== g++ Summary ===

# of expected passes		7311
# of unexpected failures	3
# of expected failures		89
# of untested testcases		23
# of unsupported tests		4
/export/share1/gccbuild/gcc/testsuite/../g++ version 3.2.2 20021130 (prerelease)

		=== g77 tests ===


Running target unix

		=== g77 Summary ===

# of expected passes		1452
# of unsupported tests		8
/export/share1/gccbuild/gcc/testsuite/../g77 version 3.2.2 20021130 (prerelease)

		=== gcc tests ===


Running target unix
XPASS: gcc.c-torture/execute/20020227-1.c execution,  -O0 
XPASS: gcc.c-torture/execute/20020227-1.c execution,  -O1 
WARNING: gcc.dg/20021014-1.c compilation failed to produce executable
XPASS: gcc.dg/c99-intconst-1.c (test for excess errors)

		=== gcc Summary ===

# of expected passes		18413
# of unexpected successes	3
# of expected failures		69
# of unsupported tests		110
/export/share1/gccbuild/gcc/xgcc version 3.2.2 20021130 (prerelease)

		=== objc tests ===


Running target unix

		=== objc Summary ===

# of expected passes		1035
# of expected failures		6
/export/share1/gccbuild/gcc/xgcc version 3.2.2 20021130 (prerelease)

		=== libstdc++-v3 tests ===


Running target unix
XPASS: 22_locale/collate_members_wchar_t.cc execution test
XPASS: 22_locale/ctype_is_wchar_t.cc execution test
XPASS: 22_locale/money_get_members_wchar_t.cc execution test
XPASS: 22_locale/money_put_members_wchar_t.cc execution test
XPASS: 22_locale/moneypunct_members_wchar_t.cc execution test
XPASS: 22_locale/num_get_members_wchar_t.cc execution test
XPASS: 22_locale/num_put_members_wchar_t.cc execution test
XPASS: 22_locale/numpunct_members_wchar_t.cc execution test
XPASS: 22_locale/time_get_members_wchar_t.cc execution test
XPASS: 22_locale/time_put_members_wchar_t.cc execution test
FAIL: 27_io/istream_extractor_arith.cc execution test
WARNING: program timed out.
FAIL: thread/pthread4.cc execution test

		=== libstdc++-v3 Summary ===

# of expected passes		409
# of unexpected failures	2
# of unexpected successes	10
# of expected failures		16

Compiler version: 3.2.2 20021130 (prerelease) 
Platform: sparc64-sun-solaris2.8
configure flags: --host=sparc64-sun-solaris2.8 --enable-threads=posix --prefix=/opt/Pkg/SunOS/gcc322_64 --enable-languages=c,c++,f77,objc --disable-libgcj --with-gxx-include-dir=/opt/Pkg/SunOS/gcc322_64/include/g++ --with-system-zlib --enable-shared


Index Nav: [Date Index] [Subject Index] [Author Index] [Thread Index]
Message Nav: [Date Prev] [Date Next] [Thread Prev] [Thread Next]