This is the mail archive of the
gcc-testresults@gcc.gnu.org
mailing list for the GCC project.
Results for 3.2.1 testsuite on i686-pc-cygwin
- From: KelleyCook at comcast dot com
- To: gcc-testresults at gcc dot gnu dot org
- Date: Tue, 26 Nov 2002 09:34:42 -0500 (EST)
- Subject: Results for 3.2.1 testsuite on i686-pc-cygwin
LAST_UPDATED:
Native configuration is i686-pc-cygwin
=== g++ tests ===
Running target unix
FAIL: g++.dg/ext/instantiate3.C scan-assembler-not
FAIL: g++.dg/special/initp1.C execution test
XPASS: g++.ext/attrib5.C Execution test
XPASS: g++.jason/template18.C (test for excess errors)
XPASS: g++.jason/template18.C Execution test
FAIL: g++.law/profile1.C (test for excess errors)
=== g++ Summary ===
# of expected passes 7322
# of unexpected failures 3
# of unexpected successes 3
# of expected failures 89
# of untested testcases 15
# of unsupported tests 3
/tmp/obj/gcc/testsuite/../g++ version 3.2.1
=== g77 tests ===
Running target unix
=== g77 Summary ===
# of expected passes 1468
/tmp/obj/gcc/testsuite/../g77 version 3.2.1
=== gcc tests ===
Running target unix
XPASS: gcc.c-torture/execute/loop-2e.c execution, -Os
FAIL: gcc.dg/20021014-1.c (test for excess errors)
WARNING: gcc.dg/20021014-1.c compilation failed to produce executable
FAIL: gcc.dg/typeof-2.c (test for excess errors)
FAIL: gcc.dg/weak-9.c (test for excess errors)
=== gcc Summary ===
# of expected passes 18473
# of unexpected failures 3
# of unexpected successes 1
# of expected failures 71
# of unsupported tests 49
/tmp/obj/gcc/xgcc version 3.2.1
=== objc tests ===
Running target unix
=== objc Summary ===
# of expected passes 1035
# of expected failures 6
/tmp/obj/gcc/xgcc version 3.2.1
=== libstdc++-v3 tests ===
Running target unix
ERROR: tcl error sourcing /tmp/gcc-3.2.1/libstdc++-v3/testsuite/libstdc++-v3.dg/dg.exp.
ERROR: couldn't compile regular expression pattern: nested *?+
=== libstdc++-v3 Summary ===
Compiler version: 3.2.1
Platform: i686-pc-cygwin
configure flags: --host=i686-pc-cygwin --disable-nls