This is the mail archive of the gcc-testresults@gcc.gnu.org mailing list for the GCC project.


Index Nav: [Date Index] [Subject Index] [Author Index] [Thread Index]
Message Nav: [Date Prev] [Date Next] [Thread Prev] [Thread Next]
Other format: [Raw text]

Results for 3.2.1 testsuite on i686-pc-linux-gnu


Install of full release - including Ada.

/etc/issue:
Mandrake Linux release 9.0 (dolphin) for i586
Kernel 2.4.19-16mdk on an i686 / \l


Ada does not appear to be fully installed (though Ada builds without
errors).

This is what I get in ${bindir}:

addr2name.awk*  gcc*     gnatbind*               jcf-dump*
c++*            gccbug*  grepjar*                jv-convert*
c++filt*        gcj*     i686-pc-linux-gnu-c++*  jv-scan*
cpp*            gcjh*    i686-pc-linux-gnu-g++*  rmic*
g++*            gcov*    i686-pc-linux-gnu-gcc*  rmiregistry*
g77*            gij*     jar*


Errors during make install consist mainly of (ignored)
complaints that files in the ada "tools" target do not exist:

[john@cherry gcc-3.2.1]$ grep 'does not exist' make_install.log | nl
     1  install:  gnatbl does not exist
     2  install:  ../../../sources/gcc-3.2.1/gcc-3.2.1/gcc/ada/gnatchop does not exist
     3  install:  gnatchop does not exist
     4  install:  gnatcmd does not exist
     5  install:  gnatkr does not exist
     6  install:  gnatlink does not exist
     7  install:  gnatls does not exist
     8  install:  gnatmake does not exist
     9  install:  gnatmem does not exist
    10  install:  gnatprep does not exist
    11  install:  gnatpsta does not exist
    12  install:  gnatpsys does not exist
    13  install:  gnatxref does not exist
    14  install:  gnatfind does not exist
    15  install:  gnatdll does not exist


Other stuff:

gcc -v gives:

Reading specs from
/usr/local/gcc-3.2.1/lib/gcc-lib/i686-pc-linux-gnu/3.2.1/specs
Configured with: ../../sources/gcc-3.2.1/gcc-3.2.1/configure --prefix=/usr/local/gcc-3.2.1
Thread model: posix
gcc version 3.2.1

/etc/issue:

Mandrake Linux release 9.0 (dolphin) for i586
Kernel 2.4.19-16mdk on an i686 / \l



LAST_UPDATED:
Native configuration is i686-pc-linux-gnu

		=== g77 tests ===


Running target unix

		=== g77 Summary ===

# of expected passes		1468
/home/gcc/builds/gcc-3.2.1/gcc/testsuite/../g77 version 3.2.1

		=== gcc tests ===


Running target unix
FAIL: gcc.dg/special/gcsec-1.c (test for excess errors)
WARNING: gcc.dg/special/gcsec-1.c compilation failed to produce executable

		=== gcc Summary ===

# of expected passes		18538
# of unexpected failures	1
# of expected failures		68
# of unsupported tests		44
/home/gcc/builds/gcc-3.2.1/gcc/xgcc version 3.2.1

		=== g++ tests ===


Running target unix
FAIL: g++.law/weak.C (test for excess errors)

		=== g++ Summary ===

# of expected passes		7335
# of unexpected failures	1
# of expected failures		89
# of untested testcases		9
# of unsupported tests		3
/home/gcc/builds/gcc-3.2.1/gcc/testsuite/../g++ version 3.2.1

		=== objc tests ===


Running target unix

		=== objc Summary ===

# of expected passes		1035
# of expected failures		6
/home/gcc/builds/gcc-3.2.1/gcc/xgcc version 3.2.1

		=== libjava tests ===


Running target unix

		=== libjava Summary ===

# of expected passes		2061
# of expected failures		18
# of untested testcases		14
		=== libstdc++-v3 tests ===


Running target unix
XPASS: 22_locale/collate_byname.cc execution test
XPASS: 22_locale/collate_members_char.cc execution test
XPASS: 22_locale/collate_members_wchar_t.cc execution test
XPASS: 22_locale/ctype_is_char.cc execution test
XPASS: 22_locale/ctype_is_wchar_t.cc execution test
XPASS: 22_locale/members.cc execution test
XPASS: 22_locale/money_get_members_char.cc execution test
XPASS: 22_locale/money_get_members_wchar_t.cc execution test
XPASS: 22_locale/money_put_members_char.cc execution test
XPASS: 22_locale/money_put_members_wchar_t.cc execution test
XPASS: 22_locale/moneypunct_byname.cc execution test
XPASS: 22_locale/moneypunct_members_char.cc execution test
XPASS: 22_locale/moneypunct_members_wchar_t.cc execution test
XPASS: 22_locale/num_get_members_char.cc execution test
XPASS: 22_locale/num_get_members_wchar_t.cc execution test
XPASS: 22_locale/num_put_members_char.cc execution test
XPASS: 22_locale/num_put_members_wchar_t.cc execution test
XPASS: 22_locale/numpunct_byname.cc execution test
XPASS: 22_locale/numpunct_members_char.cc execution test
XPASS: 22_locale/numpunct_members_wchar_t.cc execution test
XPASS: 22_locale/time_get_members_char.cc execution test
XPASS: 22_locale/time_get_members_wchar_t.cc execution test
XPASS: 22_locale/time_put_members_char.cc execution test
XPASS: 22_locale/time_put_members_wchar_t.cc execution test
FAIL: 26_numerics/c99_classification_macros_c.cc (test for excess errors)

		=== libstdc++-v3 Summary ===

# of expected passes		410
# of unexpected failures	1
# of unexpected successes	24
# of expected failures		2

Compiler version: 3.2.1
Platform: i686-pc-linux-gnu
configure flags: --host=i686-pc-linux-gnu --prefix=/usr/local/gcc-3.2.1



Index Nav: [Date Index] [Subject Index] [Author Index] [Thread Index]
Message Nav: [Date Prev] [Date Next] [Thread Prev] [Thread Next]