This is the mail archive of the gcc-testresults@gcc.gnu.org mailing list for the GCC project.


Index Nav: [Date Index] [Subject Index] [Author Index] [Thread Index]
Message Nav: [Date Prev] [Date Next] [Thread Prev] [Thread Next]
Other format: [Raw text]

Results for 3.2.1 testsuite on sparc-sun-solaris2.6


Title: Results for 3.2.1 testsuite on sparc-sun-solaris2.6

LAST_UPDATED:
Native configuration is sparc-sun-solaris2.6

                === g++ tests ===


Running target unix
FAIL: g++.robertl/eb130.C (test for excess errors)
FAIL: g++.robertl/eb132.C (test for excess errors)
FAIL: g++.robertl/eb73.C (test for excess errors)

                === g++ Summary ===

# of expected passes            7314
# of unexpected failures        3
# of expected failures          89
# of untested testcases         21
# of unsupported tests          4
/opt/build_shop/build-gcc-3.2.1-sparc-sun-solaris2.6/gcc/testsuite/../g++ version 3.2.1

                === g77 tests ===


Running target unix

                === g77 Summary ===

# of expected passes            1452
# of unsupported tests          8
/opt/build_shop/build-gcc-3.2.1-sparc-sun-solaris2.6/gcc/testsuite/../g77 version 3.2.1

                === gcc tests ===


Running target unix
WARNING: gcc.dg/20021014-1.c compilation failed to produce executable

                === gcc Summary ===

# of expected passes            18386
# of expected failures          66
# of unsupported tests          110
/opt/build_shop/build-gcc-3.2.1-sparc-sun-solaris2.6/gcc/xgcc version 3.2.1

                === objc tests ===


Running target unix

                === objc Summary ===

# of expected passes            1035
# of expected failures          6
/opt/build_shop/build-gcc-3.2.1-sparc-sun-solaris2.6/gcc/xgcc version 3.2.1

                === libjava tests ===


Running target unix
FAIL: ArrayClass compilation from source
FAIL: ArrayClass -O compilation from source
FAIL: Case compilation from source
FAIL: Case -O compilation from source
FAIL: G19990210_1 compilation from source
FAIL: G19990210_1 -O compilation from source
FAIL: G19990210_2 compilation from source
FAIL: G19990210_2 -O compilation from source
FAIL: G19990210_3 compilation from source
FAIL: G19990210_3 -O compilation from source
FAIL: G19990217_01 compilation from source
FAIL: G19990217_01 -O compilation from source
FAIL: G19990217_02 compilation from source
FAIL: G19990217_02 -O compilation from source
FAIL: G19990225_01 compilation from source
FAIL: G19990225_01 -O compilation from source
FAIL: N19990310_01 compilation from source
FAIL: N19990310_01 -O compilation from source
FAIL: N19990317 compilation from source
FAIL: N19990317 -O compilation from source
FAIL: OperatorBenchmark compilation from source
FAIL: OperatorBenchmark -O compilation from source
FAIL: PR129_B compilation from source
FAIL: PR129_B -O compilation from source
FAIL: PR206 compilation from source
FAIL: PR206 -O compilation from source
FAIL: PR207 compilation from source
FAIL: PR207 -O compilation from source
FAIL: PR208 compilation from source
FAIL: PR208 -O compilation from source
FAIL: PR209 compilation from source
FAIL: PR209 -O compilation from source
FAIL: PR232 compilation from source
FAIL: PR232 -O compilation from source
FAIL: PR232B compilation from source
FAIL: PR232B -O compilation from source
FAIL: PR234 compilation from source
FAIL: PR234 -O compilation from source
FAIL: PR235 compilation from source
FAIL: PR235 -O compilation from source
FAIL: PR238 compilation from source
FAIL: PR238 -O compilation from source
FAIL: PR295 compilation from source
FAIL: PR295 -O compilation from source
FAIL: PR374 compilation from source
FAIL: PR374 -O compilation from source
FAIL: PR375 compilation from source
FAIL: PR375 -O compilation from source
FAIL: PR4766 compilation from source
FAIL: PR4766 -O compilation from source
FAIL: PR5641 compilation from source
FAIL: PR5641 -O compilation from source
FAIL: PR5848 compilation from source
FAIL: PR5848 -O compilation from source
FAIL: PR5902 compilation from source
FAIL: PR5902 -O compilation from source
FAIL: PR6026 compilation from source
FAIL: PR6026 -O compilation from source
FAIL: Semi compilation from source
FAIL: Semi -O compilation from source
FAIL: SuperConstr compilation from source
FAIL: SuperConstr -O compilation from source
FAIL: Twice compilation from source
FAIL: Twice -O compilation from source
FAIL: XercesBug compilation from source
FAIL: XercesBug -O compilation from source
FAIL: abstr compilation from source
FAIL: abstr -O compilation from source
FAIL: assignment compilation from source
FAIL: assignment -O compilation from source
FAIL: assignment_2 compilation from source
FAIL: assignment_2 -O compilation from source
FAIL: comment compilation from source
FAIL: comment -O compilation from source
FAIL: final_initialization_in_ctor compilation from source
FAIL: final_initialization_in_ctor -O compilation from source
FAIL: final_local_switch compilation from source
FAIL: final_local_switch -O compilation from source
FAIL: iface compilation from source
FAIL: iface -O compilation from source
FAIL: inner_data compilation from source
FAIL: inner_data -O compilation from source
FAIL: inner_inherit compilation from source
FAIL: inner_inherit -O compilation from source
FAIL: inner_priv compilation from source
FAIL: inner_priv -O compilation from source
FAIL: inner_pub compilation from source
FAIL: inner_pub -O compilation from source
FAIL: not_a_redef compilation from source
FAIL: not_a_redef -O compilation from source
FAIL: perc compilation from source
FAIL: perc -O compilation from source
FAIL: plusplus compilation from source
FAIL: plusplus -O compilation from source
FAIL: pr172 compilation from source
FAIL: pr172 -O compilation from source
FAIL: pr174 compilation from source
FAIL: pr174 -O compilation from source
FAIL: pr176 compilation from source
FAIL: pr176 -O compilation from source
FAIL: static_2 compilation from source
FAIL: static_2 -O compilation from source
FAIL: static_3 compilation from source
FAIL: static_3 -O compilation from source
FAIL: static_init2 compilation from source
FAIL: static_init2 -O compilation from source
FAIL: static_inner compilation from source
FAIL: static_inner -O compilation from source
FAIL: weirddecl compilation from source
FAIL: weirddecl -O compilation from source
FAIL: linking calls
FAIL: linking cxxtest
FAIL: linking field
FAIL: linking final_method
FAIL: linking findclass
FAIL: linking invoke
FAIL: linking martin
FAIL: linking noclass
FAIL: linking overload
FAIL: linking register
FAIL: linking simple_int
FAIL: linking throwit
FAIL: linking virtual
FAIL: ArrayStore compilation from source
FAIL: ArrayStore -O compilation from source
FAIL: ArrayStore2 compilation from source
FAIL: ArrayStore2 -O compilation from source
FAIL: Array_1 compilation from source
FAIL: Array_1 -O compilation from source
FAIL: Array_2 compilation from source
FAIL: Array_2 -O compilation from source
FAIL: Array_3 compilation from source
FAIL: Array_3 -O compilation from source
FAIL: Class_1 compilation from source
FAIL: Class_1 -O compilation from source
FAIL: Divide_1 compilation from source
FAIL: Divide_1 -O compilation from source
FAIL: FileHandleGcTest compilation from source
FAIL: FileHandleGcTest execution from bytecode->native test
FAIL: FileHandleGcTest -O compilation from source
FAIL: FileHandleGcTest -O execution from bytecode->native test
FAIL: Final compilation from source
FAIL: Final -O compilation from source
FAIL: Float_1 compilation from source
FAIL: Float_1 -O compilation from source
FAIL: G19990301_01 compilation from source
FAIL: G19990301_01 -O compilation from source
FAIL: G19990302_02 compilation from source
FAIL: G19990302_02 -O compilation from source
FAIL: G19990303_01 compilation from source
FAIL: G19990303_01 -O compilation from source
FAIL: G19990303_02 compilation from source
FAIL: G19990303_02 -O compilation from source
FAIL: G19990304_01 compilation from source
FAIL: G19990304_01 -O compilation from source
FAIL: G19990310_01 compilation from source
FAIL: G19990310_01 -O compilation from source
FAIL: II compilation from source
FAIL: II -O compilation from source
FAIL: InterfaceDispatch compilation from source
FAIL: InterfaceDispatch -O compilation from source
FAIL: InvokeReturn compilation from source
FAIL: InvokeReturn -O compilation from source
FAIL: Invoke_1 compilation from source
FAIL: Invoke_1 -O compilation from source
FAIL: Invoke_2 compilation from source
FAIL: Invoke_2 -O compilation from source
FAIL: KeepInline compilation from source
FAIL: KeepInline -O compilation from source
FAIL: Matrix4f compilation from source
FAIL: Matrix4f -O compilation from source
FAIL: N19990310_02 compilation from source
FAIL: N19990310_02 -O compilation from source
FAIL: N19990310_3 compilation from source
FAIL: N19990310_3 -O compilation from source
FAIL: N19990310_4 compilation from source
FAIL: N19990310_4 -O compilation from source
FAIL: N19990310_5 compilation from source
FAIL: N19990310_5 -O compilation from source
FAIL: PR141 compilation from source
FAIL: PR141 -O compilation from source
FAIL: PR160 compilation from source
FAIL: PR160 -O compilation from source
FAIL: PR162 compilation from source
FAIL: PR162 -O compilation from source
FAIL: PR218 compilation from source
FAIL: PR218 -O compilation from source
FAIL: PR242 compilation from source
FAIL: PR242 -O compilation from source
FAIL: PR260 compilation from source
FAIL: PR260 -O compilation from source
FAIL: PR3096 compilation from source
FAIL: PR3096 -O compilation from source
FAIL: PR3731 compilation from source
FAIL: PR3731 -O compilation from source
FAIL: PR5057 compilation from source
FAIL: PR5057 -O compilation from source
FAIL: PR5057_2 compilation from source
FAIL: PR5057_2 -O compilation from source
FAIL: PR55 compilation from source
FAIL: PR55 -O compilation from source
FAIL: PR56 compilation from source
FAIL: PR56 -O compilation from source
FAIL: Shazam compilation from source
FAIL: Shazam -O compilation from source
FAIL: StringBuffer_1 compilation from source
FAIL: StringBuffer_1 -O compilation from source
FAIL: SyncTest compilation from source
FAIL: SyncTest -O compilation from source
FAIL: Synch compilation from source
FAIL: Synch -O compilation from source
FAIL: TLtest compilation from source
FAIL: TLtest -O compilation from source
FAIL: Thread_Alive compilation from source
FAIL: Thread_Alive -O compilation from source
FAIL: Thread_Interrupt compilation from source
FAIL: Thread_Interrupt -O compilation from source
FAIL: Thread_Join compilation from source
FAIL: Thread_Join -O compilation from source
FAIL: Thread_Monitor compilation from source
FAIL: Thread_Monitor -O compilation from source
FAIL: Throw_1 compilation from source
FAIL: Throw_1 -O compilation from source
FAIL: Thread_Sleep compilation from source
FAIL: Thread_Sleep -O compilation from source
FAIL: Thread_Wait compilation from source
FAIL: Thread_Wait -O compilation from source
FAIL: Thread_Wait_2 compilation from source
FAIL: Thread_Wait_2 -O compilation from source
FAIL: Thread_Wait_Interrupt compilation from source
FAIL: Thread_Wait_Interrupt -O compilation from source
FAIL: Throw_2 compilation from source
FAIL: Throw_2 execution from bytecode->native test
FAIL: Throw_2 -O compilation from source
FAIL: Throw_2 -O execution from bytecode->native test
FAIL: anfi compilation from source
FAIL: anfi -O compilation from source
FAIL: tmi compilation from source
FAIL: tmi -O compilation from source
FAIL: anon compilation from source
FAIL: anon -O compilation from source
FAIL: anon2 compilation from source
FAIL: anon2 -O compilation from source
FAIL: anon3 compilation from source
FAIL: anon3 -O compilation from source
FAIL: anon4 compilation from source
FAIL: anon4 -O compilation from source
FAIL: anon_ctor_itf_arg compilation from source
FAIL: anon_ctor_itf_arg -O compilation from source
FAIL: anonarray compilation from source
FAIL: anonarray -O compilation from source
FAIL: anonarray2 compilation from source
FAIL: anonarray2 -O compilation from source
FAIL: anonarray3 compilation from source
FAIL: anonarray3 -O compilation from source
FAIL: direct_read compilation from source
FAIL: direct_read -O compilation from source
FAIL: direct_write compilation from source
FAIL: direct_write -O compilation from source
FAIL: err1 compilation from source
FAIL: err1 -O compilation from source
FAIL: err10 compilation from source
FAIL: err10 -O compilation from source
FAIL: err11 compilation from source
FAIL: err11 -O compilation from source
FAIL: err12 compilation from source
FAIL: err12 -O compilation from source
FAIL: err13 compilation from source
FAIL: err13 -O compilation from source
FAIL: err2 compilation from source
FAIL: err2 -O compilation from source
FAIL: err3 compilation from source
FAIL: err3 -O compilation from source
FAIL: err4 compilation from source
FAIL: err4 -O compilation from source
FAIL: err5 compilation from source
FAIL: err5 -O compilation from source
FAIL: err6 compilation from source
FAIL: err6 -O compilation from source
FAIL: err7 compilation from source
FAIL: err7 -O compilation from source
FAIL: err8 compilation from source
FAIL: err8 -O compilation from source
FAIL: err9 compilation from source
FAIL: err9 -O compilation from source
FAIL: final_inner compilation from source
FAIL: final_inner -O compilation from source
FAIL: final_int compilation from source
FAIL: final_int -O compilation from source
FAIL: final_static_and_friend compilation from source
FAIL: final_static_and_friend -O compilation from source
FAIL: indirect compilation from source
FAIL: indirect -O compilation from source
FAIL: indirect_read compilation from source
FAIL: indirect_read -O compilation from source
FAIL: indirect_write compilation from source
FAIL: indirect_write -O compilation from source
FAIL: inner1 compilation from source
FAIL: inner1 -O compilation from source
FAIL: inner2 compilation from source
FAIL: inner2 -O compilation from source
FAIL: inner3 compilation from source
FAIL: inner3 -O compilation from source
FAIL: inner4 compilation from source
FAIL: inner4 -O compilation from source
FAIL: tp compilation from source
FAIL: tp -O compilation from source
FAIL: inner_array compilation from source
FAIL: inner_array -O compilation from source
FAIL: inner_interface compilation from source
FAIL: inner_interface -O compilation from source
FAIL: instance compilation from source
FAIL: instance -O compilation from source
FAIL: instinit compilation from source
FAIL: instinit -O compilation from source
FAIL: instinit2 compilation from source
FAIL: instinit2 -O compilation from source
FAIL: invoke_from_inner compilation from source
FAIL: invoke_from_inner -O compilation from source
FAIL: invokethrow compilation from source
FAIL: invokethrow -O compilation from source
FAIL: klass compilation from source
FAIL: klass -O compilation from source
FAIL: multiple_finit compilation from source
FAIL: multiple_finit -O compilation from source
FAIL: negzero compilation from source
FAIL: negzero -O compilation from source
FAIL: nested_with_ctor compilation from source
FAIL: nested_with_ctor -O compilation from source
FAIL: pr109 compilation from source
FAIL: pr109 -O compilation from source
FAIL: pr133 compilation from source
FAIL: pr133 -O compilation from source
FAIL: pr179 compilation from source
FAIL: pr179 -O compilation from source
FAIL: pr184 compilation from source
FAIL: pr184 -O compilation from source
FAIL: pr83 compilation from source
FAIL: pr83 -O compilation from source
FAIL: private_direct_read compilation from source
FAIL: private_direct_read -O compilation from source
FAIL: search_outer compilation from source
FAIL: search_outer -O compilation from source
FAIL: stringconst compilation from source
FAIL: stringconst -O compilation from source
FAIL: stringconst2 compilation from source
FAIL: stringconst2 -O compilation from source
FAIL: stub compilation from source
FAIL: stub -O compilation from source
FAIL: test_long compilation from source
FAIL: test_long -O compilation from source
FAIL: update_outer compilation from source
FAIL: update_outer -O compilation from source

                === libjava Summary ===

# of expected passes            1243
# of unexpected failures        353
# of expected failures          27
# of untested testcases         470
                === libstdc++-v3 tests ===


Running target unix
FAIL: 22_locale/codecvt_members_char_char.cc (test for excess errors)
WARNING: 22_locale/codecvt_members_char_char.cc compilation failed to produce executable
XPASS: 22_locale/collate_members_wchar_t.cc execution test
XPASS: 22_locale/ctype_is_wchar_t.cc execution test
FAIL: 22_locale/facet.cc (test for excess errors)
WARNING: 22_locale/facet.cc compilation failed to produce executable
FAIL: 22_locale/global_templates.cc (test for excess errors)
WARNING: 22_locale/global_templates.cc compilation failed to produce executable
XPASS: 22_locale/money_get_members_wchar_t.cc execution test
XPASS: 22_locale/money_put_members_wchar_t.cc execution test
XPASS: 22_locale/moneypunct_members_wchar_t.cc execution test
XPASS: 22_locale/num_get_members_wchar_t.cc execution test
XPASS: 22_locale/num_put_members_wchar_t.cc execution test
XPASS: 22_locale/numpunct_members_wchar_t.cc execution test
FAIL: 22_locale/operators.cc (test for excess errors)
WARNING: 22_locale/operators.cc compilation failed to produce executable
FAIL: 22_locale/static_members.cc (test for excess errors)
WARNING: 22_locale/static_members.cc compilation failed to produce executable
XPASS: 22_locale/time_get_members_wchar_t.cc execution test
XPASS: 22_locale/time_put_members_wchar_t.cc execution test
FAIL: 27_io/istream_extractor_arith.cc execution test
FAIL: thread/pthread1.cc (test for excess errors)
WARNING: thread/pthread1.cc compilation failed to produce executable
FAIL: thread/pthread2.cc (test for excess errors)
WARNING: thread/pthread2.cc compilation failed to produce executable
FAIL: thread/pthread3.cc (test for excess errors)
WARNING: thread/pthread3.cc compilation failed to produce executable
FAIL: thread/pthread4.cc (test for excess errors)
WARNING: thread/pthread4.cc compilation failed to produce executable
FAIL: thread/pthread5.cc (test for excess errors)
WARNING: thread/pthread5.cc compilation failed to produce executable
FAIL: thread/pthread6.cc (test for excess errors)
WARNING: thread/pthread6.cc compilation failed to produce executable

                === libstdc++-v3 Summary ===

# of expected passes            388
# of unexpected failures        12
# of unexpected successes       10
# of expected failures          16

Compiler version: 3.2.1
Platform: sparc-sun-solaris2.6
configure flags: --host=sparc-sun-solaris2.6 --prefix=/export/shop/stow/gcc-3.2.1/sparc-sun-solaris2.6 --infodir=/export/shop/stow/gcc-3.2.1/info --mandir=/export/shop/stow/gcc-3.2.1/man --datadir=/export/shop/stow/gcc-3.2.1/share --enable-threads=posix --enable-long-long --enable-namespaces --enable-multilib --with-as=/export/shop/stow/binutils-2.13.1/sparc-sun-solaris2.6/bin/as --with-ld=/export/shop/stow/binutils-2.13.1/sparc-sun-solaris2.6/bin/ld --enable-nls --with-included-gettext


Index Nav: [Date Index] [Subject Index] [Author Index] [Thread Index]
Message Nav: [Date Prev] [Date Next] [Thread Prev] [Thread Next]