This is the mail archive of the gcc-testresults@gcc.gnu.org mailing list for the GCC project.


Index Nav: [Date Index] [Subject Index] [Author Index] [Thread Index]
Message Nav: [Date Prev] [Date Next] [Thread Prev] [Thread Next]
Other format: [Raw text]

Results for 3.2.1 testsuite on i686-pc-linux-gnu


Last updated from CVS:  2002 Nov 21  02:04  +0200 

System:   Linux kernel 2.4.19
          glibc-2.3.1
          binutils-2.13.90.0.10 20021010

LAST_UPDATED: Thu Nov 21 00:04:22 UTC 2002

Native configuration is i686-pc-linux-gnu

		=== g++ tests ===


Running target unix

		=== g++ Summary ===

# of expected passes		7336
# of expected failures		89
# of untested testcases		9
# of unsupported tests		3
/disk2/cvs/gcc32/build/build.lnx/gcc/testsuite/../g++ version 3.2.1

		=== g77 tests ===


Running target unix

		=== g77 Summary ===

# of expected passes		1468
/disk2/cvs/gcc32/build/build.lnx/gcc/testsuite/../g77 version 3.2.1

		=== gcc tests ===


Running target unix
FAIL: gcc.dg/format/c99-scanf-1.c %hhu sign (test for warnings, line 144)
FAIL: gcc.dg/format/c99-scanf-1.c %hhu sign (test for warnings, line 144)

		=== gcc Summary ===

# of expected passes		18538
# of unexpected failures	2
# of expected failures		68
# of unsupported tests		44
/disk2/cvs/gcc32/build/build.lnx/gcc/xgcc version 3.2.1

		=== objc tests ===


Running target unix

		=== objc Summary ===

# of expected passes		1035
# of expected failures		6
/disk2/cvs/gcc32/build/build.lnx/gcc/xgcc version 3.2.1

		=== libstdc++-v3 tests ===


Running target unix
XPASS: 22_locale/collate_byname.cc execution test
XPASS: 22_locale/collate_members_char.cc execution test
XPASS: 22_locale/collate_members_wchar_t.cc execution test
XPASS: 22_locale/ctype_is_char.cc execution test
XPASS: 22_locale/members.cc execution test
XPASS: 22_locale/messages_byname.cc execution test
XPASS: 22_locale/messages_members_char.cc execution test
XPASS: 22_locale/money_get_members_char.cc execution test
XPASS: 22_locale/money_get_members_wchar_t.cc execution test
XPASS: 22_locale/money_put_members_char.cc execution test
XPASS: 22_locale/money_put_members_wchar_t.cc execution test
XPASS: 22_locale/moneypunct_byname.cc execution test
XPASS: 22_locale/moneypunct_members_char.cc execution test
XPASS: 22_locale/moneypunct_members_wchar_t.cc execution test
XPASS: 22_locale/num_get_members_char.cc execution test
XPASS: 22_locale/num_get_members_wchar_t.cc execution test
XPASS: 22_locale/num_put_members_char.cc execution test
XPASS: 22_locale/num_put_members_wchar_t.cc execution test
XPASS: 22_locale/numpunct_byname.cc execution test
XPASS: 22_locale/numpunct_members_char.cc execution test
XPASS: 22_locale/numpunct_members_wchar_t.cc execution test
XPASS: 22_locale/time_get_members_char.cc execution test
XPASS: 22_locale/time_get_members_wchar_t.cc execution test
XPASS: 22_locale/time_put_members_char.cc execution test
XPASS: 22_locale/time_put_members_wchar_t.cc execution test
FAIL: 26_numerics/c99_classification_macros_c.cc (test for excess errors)

		=== libstdc++-v3 Summary ===

# of expected passes		410
# of unexpected failures	1
# of unexpected successes	25
# of expected failures		1

Compiler version: 3.2.1 
Platform: i686-pc-linux-gnu
configure flags: --host=i686-pc-linux-gnu --prefix=/disk2/gcc32 --enable-shared --verbose --enable-languages=c,c++,f77,objc --enable-threads=posix

Counting all warnings,
there are 51 warnings in stage3 of this bootstrap.

Number of warnings per file:
     23	gcc/combine.c
     10	gcc/regclass.c
      4	gcc/gcc.c
      2	gcc/fold-const.c
      2	gcc/crtstuff.c
      1	gcc/sched-deps.c
      1	gcc/reload.c
      1	gcc/profile.c
      1	gcc/objc/lang-specs.h
      1	gcc/function.c
      1	gcc/emit-rtl.c
      1	gcc/cp/lang-specs.h
      1	gcc/cp/init.c
      1	gcc/cp/class.c
      1	gcc/config/i386/i386.c

Number of warning types:
     35	comparison between signed and unsigned
      6	string length `???' is greater than the length `???' ISO C89 compilers are required to support
      4	signed and unsigned type in conditional expression
      2	unused variable `???'
      2	`???' defined but not used
      1	unused parameter `???'
      1	pointer targets in passing arg ??? of `???' differ in signedness


Index Nav: [Date Index] [Subject Index] [Author Index] [Thread Index]
Message Nav: [Date Prev] [Date Next] [Thread Prev] [Thread Next]