This is the mail archive of the
gcc-testresults@gcc.gnu.org
mailing list for the GCC project.
Results for 3.2.1 20021116 (prerelease) testsuite on sparc-sun-solaris2.7 (RTL check)
- From: "Kaveh R. Ghazi" <ghazi at caip dot rutgers dot edu>
- To: gcc-testresults at gcc dot gnu dot org
- Date: Sat, 16 Nov 2002 18:35:45 -0500 (EST)
- Subject: Results for 3.2.1 20021116 (prerelease) testsuite on sparc-sun-solaris2.7 (RTL check)
LAST_UPDATED:
Native configuration is sparc-sun-solaris2.7
=== g++ tests ===
Running target unix
FAIL: g++.dg/special/conpr-2.C execution test
FAIL: g++.dg/special/conpr-3.C execution test
FAIL: g++.dg/special/initp1.C execution test
=== g++ Summary ===
# of expected passes 7233
# of unexpected failures 3
# of expected failures 89
# of untested testcases 21
# of unsupported tests 4
/teal/caip5/ghazi/gcc-testing/branch/build/gcc/testsuite/../g++ version 3.2.1 20021116 (prerelease)
=== g77 tests ===
Running target unix
=== g77 Summary ===
# of expected passes 1452
# of unsupported tests 8
/teal/caip5/ghazi/gcc-testing/branch/build/gcc/testsuite/../g77 version 3.2.1 20021116 (prerelease)
=== gcc tests ===
Running target unix
WARNING: gcc.dg/20021014-1.c compilation failed to produce executable
=== gcc Summary ===
# of expected passes 18214
# of expected failures 66
# of unsupported tests 111
/teal/caip5/ghazi/gcc-testing/branch/build/gcc/xgcc version 3.2.1 20021116 (prerelease)
=== objc tests ===
Running target unix
=== objc Summary ===
# of expected passes 1035
# of expected failures 6
/teal/caip5/ghazi/gcc-testing/branch/build/gcc/xgcc version 3.2.1 20021116 (prerelease)
=== libjava tests ===
Running target unix
FAIL: FileHandleGcTest execution from source compiled test
FAIL: FileHandleGcTest execution from bytecode->native test
FAIL: FileHandleGcTest -O execution from source compiled test
FAIL: FileHandleGcTest -O execution from bytecode->native test
FAIL: Throw_2 execution from source compiled test
FAIL: Throw_2 execution from bytecode->native test
FAIL: Throw_2 -O execution from source compiled test
FAIL: Throw_2 -O execution from bytecode->native test
=== libjava Summary ===
# of expected passes 2045
# of unexpected failures 8
# of expected failures 18
# of untested testcases 22
=== libstdc++-v3 tests ===
Running target unix
XPASS: 22_locale/collate_members_wchar_t.cc execution test
XPASS: 22_locale/ctype_is_wchar_t.cc execution test
XPASS: 22_locale/money_get_members_wchar_t.cc execution test
XPASS: 22_locale/money_put_members_wchar_t.cc execution test
XPASS: 22_locale/moneypunct_members_wchar_t.cc execution test
XPASS: 22_locale/num_get_members_wchar_t.cc execution test
XPASS: 22_locale/num_put_members_wchar_t.cc execution test
XPASS: 22_locale/numpunct_members_wchar_t.cc execution test
XPASS: 22_locale/time_get_members_wchar_t.cc execution test
XPASS: 22_locale/time_put_members_wchar_t.cc execution test
FAIL: 27_io/istream_extractor_arith.cc execution test
=== libstdc++-v3 Summary ===
# of expected passes 410
# of unexpected failures 1
# of unexpected successes 10
# of expected failures 16
Compiler version: 3.2.1 20021116 (prerelease)
Platform: sparc-sun-solaris2.7
configure flags: --host=sparc-sun-solaris2.7 --verbose --enable-checking=misc,tree,rtl,gc