This is the mail archive of the gcc-testresults@gcc.gnu.org mailing list for the GCC project.


Index Nav: [Date Index] [Subject Index] [Author Index] [Thread Index]
Message Nav: [Date Prev] [Date Next] [Thread Prev] [Thread Next]
Other format: [Raw text]

Results for 3.3 20021029 (experimental) testsuite on ia64-suse-linux-gnu


LAST_UPDATED: Tue Oct 29 09:01:00 UTC 2002

Native configuration is ia64-suse-linux-gnu

		=== g++ tests ===


Running target unix
FAIL: g++.dg/warn/Wunused-2.C  (test for warnings, line 5)
FAIL: g++.dg/tls/diag-1.C (test for excess errors)
FAIL: g++.dg/tls/diag-2.C (test for excess errors)
FAIL: g++.dg/tls/init-1.C (test for excess errors)
FAIL: g++.dg/tls/init-2.C (test for excess errors)
FAIL: g++.pt/repo3.C (test for excess errors)

		=== g++ Summary ===

# of expected passes		7545
# of unexpected failures	6
# of expected failures		92
# of untested testcases		23
# of unsupported tests		11
/tmp/cvs/gcc-20021029/Build/gcc/testsuite/../g++ version 3.3 20021029 (experimental)

		=== g77 tests ===


Running target unix

		=== g77 Summary ===

# of expected passes		1638
# of unsupported tests		8
/tmp/cvs/gcc-20021029/Build/gcc/testsuite/../g77 version 3.3 20021029 (experimental)

		=== gcc tests ===


Running target unix
XPASS: gcc.c-torture/compile/981223-1.c,  -O2  
XPASS: gcc.c-torture/compile/981223-1.c,  -O3 -fomit-frame-pointer  
XPASS: gcc.c-torture/compile/981223-1.c,  -O3 -g  
XPASS: gcc.c-torture/compile/981223-1.c,  -Os  
FAIL: gcc.dg/noncompile/incomplete-1.c (test for excess errors)

		=== gcc Summary ===

# of expected passes		19969
# of unexpected failures	1
# of unexpected successes	4
# of expected failures		78
# of unsupported tests		136
/tmp/cvs/gcc-20021029/Build/gcc/xgcc version 3.3 20021029 (experimental)

		=== objc tests ===


Running target unix

		=== objc Summary ===

# of expected passes		1153
/tmp/cvs/gcc-20021029/Build/gcc/xgcc version 3.3 20021029 (experimental)

		=== libjava tests ===


Running target unix
FAIL: PR1343 compilation from bytecode
FAIL: PR1343 -O compilation from bytecode
FAIL: PR5913 -O compilation from source
FAIL: PR5913 -O compilation from bytecode
FAIL: InterfaceDispatch -O compilation from bytecode
FAIL: instance -O compilation from source
FAIL: instance -O compilation from bytecode
FAIL: pr6388 output - source compiled test
FAIL: pr6388 output - gij test
FAIL: pr6388 output - bytecode->native test
FAIL: pr6388 -O output - source compiled test
FAIL: pr6388 output - gij test
FAIL: pr6388 -O output - bytecode->native test

		=== libjava Summary ===

# of expected passes		2750
# of unexpected failures	13
# of expected failures		14
# of untested testcases		14
		=== libstdc++-v3 tests ===


Running target unix
XPASS: 22_locale/collate_byname.cc execution test
XPASS: 22_locale/collate_members_char.cc execution test
XPASS: 22_locale/collate_members_wchar_t.cc execution test
XPASS: 22_locale/ctype_is_char.cc execution test
XPASS: 22_locale/ctype_is_wchar_t.cc execution test
XPASS: 22_locale/members.cc execution test
XPASS: 22_locale/messages_byname.cc execution test
XPASS: 22_locale/messages_members_char.cc execution test
XPASS: 22_locale/money_get_members_char.cc execution test
XPASS: 22_locale/money_get_members_wchar_t.cc execution test
XPASS: 22_locale/money_put_members_char.cc execution test
XPASS: 22_locale/money_put_members_wchar_t.cc execution test
XPASS: 22_locale/moneypunct_byname.cc execution test
XPASS: 22_locale/moneypunct_members_char.cc execution test
XPASS: 22_locale/moneypunct_members_wchar_t.cc execution test
XPASS: 22_locale/num_get_members_char.cc execution test
XPASS: 22_locale/num_get_members_wchar_t.cc execution test
XPASS: 22_locale/num_put_members_char.cc execution test
XPASS: 22_locale/num_put_members_wchar_t.cc execution test
XPASS: 22_locale/numpunct_byname.cc execution test
XPASS: 22_locale/numpunct_members_char.cc execution test
XPASS: 22_locale/numpunct_members_wchar_t.cc execution test
XPASS: 22_locale/time_get_members_char.cc execution test
XPASS: 22_locale/time_get_members_wchar_t.cc execution test
XPASS: 22_locale/time_put_members_char.cc execution test
XPASS: 22_locale/time_put_members_wchar_t.cc execution test
FAIL: 26_numerics/c99_classification_macros_c.cc (test for excess errors)

		=== libstdc++-v3 Summary ===

# of expected passes		417
# of unexpected failures	1
# of unexpected successes	26
# of expected failures		1

Compiler version: 3.3 20021029 (experimental) 
Platform: ia64-suse-linux-gnu
configure flags: --host=ia64-suse-linux --enable-shared --enable-threads --with-system-zlib


Index Nav: [Date Index] [Subject Index] [Author Index] [Thread Index]
Message Nav: [Date Prev] [Date Next] [Thread Prev] [Thread Next]