This is the mail archive of the gcc-testresults@gcc.gnu.org mailing list for the GCC project.


Index Nav: [Date Index] [Subject Index] [Author Index] [Thread Index]
Message Nav: [Date Prev] [Date Next] [Thread Prev] [Thread Next]
Other format: [Raw text]

Results for 3.2 testsuite on i686-pc-linux-gnu


LAST_UPDATED: Native configuration is i686-pc-linux-gnu
=== g++ tests ===
Running target unix
=== g++ Summary ===
# of expected passes 7270 # of expected failures 88 # of untested testcases 9 # of unsupported tests 3 /usr/src/gnu/gcc_build/gcc/testsuite/../g++ version 3.2
=== g77 tests ===
Running target unix
=== g77 Summary ===
# of expected passes 1468 /usr/src/gnu/gcc_build/gcc/testsuite/../g77 version 3.2
=== gcc tests ===
Running target unix FAIL: gcc.c-torture/execute/20020307-2.c execution, -O1 FAIL: gcc.c-torture/execute/20020307-2.c execution, -O2 FAIL: gcc.c-torture/execute/20020307-2.c execution, -O3 -fomit-frame-pointer FAIL: gcc.c-torture/execute/20020307-2.c execution, -O3 -fomit-frame-pointer -funroll-loops FAIL: gcc.c-torture/execute/20020307-2.c execution, -O3 -fomit-frame-pointer -funroll-all-loops -finline-functions FAIL: gcc.c-torture/execute/20020307-2.c execution, -O3 -g
=== gcc Summary ===
# of expected passes 18837 # of unexpected failures 6 # of expected failures 68 # of unsupported tests 44 /usr/src/gnu/gcc_build/gcc/xgcc version 3.2
=== objc tests ===
Running target unix
=== objc Summary ===
# of expected passes 1035 # of expected failures 6 /usr/src/gnu/gcc_build/gcc/xgcc version 3.2
=== libjava tests ===
Running target unix FAIL: ArrayClass compilation from source FAIL: ArrayClass byte compilation FAIL: ArrayClass -O compilation from source FAIL: ArrayClass byte compilation FAIL: Case compilation from source FAIL: Case byte compilation FAIL: Case -O compilation from source FAIL: Case byte compilation FAIL: G19990210_1 compilation from source FAIL: G19990210_1 byte compilation FAIL: G19990210_1 -O compilation from source FAIL: G19990210_1 byte compilation FAIL: G19990210_2 compilation from source FAIL: G19990210_2 byte compilation FAIL: G19990210_2 -O compilation from source FAIL: G19990210_2 byte compilation FAIL: G19990210_3 compilation from source FAIL: G19990210_3 byte compilation FAIL: G19990210_3 -O compilation from source FAIL: G19990210_3 byte compilation FAIL: G19990217_01 compilation from source FAIL: G19990217_01 byte compilation FAIL: G19990217_01 -O compilation from source FAIL: G19990217_01 byte compilation FAIL: G19990217_02 compilation from source FAIL: G19990217_02 byte compilation FAIL: G19990217_02 -O compilation from source FAIL: G19990217_02 byte compilation FAIL: G19990225_01 compilation from source FAIL: G19990225_01 byte compilation FAIL: G19990225_01 -O compilation from source FAIL: G19990225_01 byte compilation FAIL: N19990310_01 compilation from source FAIL: N19990310_01 byte compilation FAIL: N19990310_01 -O compilation from source FAIL: N19990310_01 byte compilation FAIL: N19990317 compilation from source FAIL: N19990317 byte compilation FAIL: N19990317 -O compilation from source FAIL: N19990317 byte compilation FAIL: OperatorBenchmark compilation from source FAIL: OperatorBenchmark byte compilation FAIL: OperatorBenchmark -O compilation from source FAIL: OperatorBenchmark byte compilation FAIL: PR129_B compilation from source FAIL: PR129_B byte compilation FAIL: PR129_B -O compilation from source FAIL: PR129_B byte compilation FAIL: PR206 compilation from source FAIL: PR206 byte compilation FAIL: PR206 -O compilation from source FAIL: PR206 byte compilation FAIL: PR207 compilation from source FAIL: PR207 byte compilation FAIL: PR207 -O compilation from source FAIL: PR207 byte compilation FAIL: PR208 compilation from source FAIL: PR208 byte compilation FAIL: PR208 -O compilation from source FAIL: PR208 byte compilation FAIL: PR209 compilation from source FAIL: PR209 byte compilation FAIL: PR209 -O compilation from source FAIL: PR209 byte compilation FAIL: PR232 compilation from source FAIL: PR232 byte compilation FAIL: PR232 -O compilation from source FAIL: PR232 byte compilation FAIL: PR232B compilation from source FAIL: PR232B byte compilation FAIL: PR232B -O compilation from source FAIL: PR232B byte compilation FAIL: PR234 compilation from source FAIL: PR234 byte compilation FAIL: PR234 -O compilation from source FAIL: PR234 byte compilation FAIL: PR235 compilation from source FAIL: PR235 byte compilation FAIL: PR235 -O compilation from source FAIL: PR235 byte compilation FAIL: PR238 compilation from source FAIL: PR238 byte compilation FAIL: PR238 -O compilation from source FAIL: PR238 byte compilation FAIL: PR295 compilation from source FAIL: PR295 byte compilation FAIL: PR295 -O compilation from source FAIL: PR295 byte compilation FAIL: PR374 compilation from source FAIL: PR374 byte compilation FAIL: PR374 -O compilation from source FAIL: PR374 byte compilation FAIL: PR375 compilation from source FAIL: PR375 byte compilation FAIL: PR375 -O compilation from source FAIL: PR375 byte compilation FAIL: PR4766 compilation from source FAIL: PR4766 byte compilation FAIL: PR4766 -O compilation from source FAIL: PR4766 byte compilation FAIL: PR5641 compilation from source FAIL: PR5641 byte compilation FAIL: PR5641 -O compilation from source FAIL: PR5641 byte compilation FAIL: PR5848 compilation from source FAIL: PR5848 byte compilation FAIL: PR5848 -O compilation from source FAIL: PR5848 byte compilation FAIL: PR5902 compilation from source FAIL: PR5902 byte compilation FAIL: PR5902 -O compilation from source FAIL: PR5902 byte compilation FAIL: PR6026 compilation from source FAIL: PR6026 byte compilation FAIL: PR6026 -O compilation from source FAIL: PR6026 byte compilation FAIL: Semi compilation from source FAIL: Semi byte compilation FAIL: Semi -O compilation from source FAIL: Semi byte compilation FAIL: Statics compilation from source FAIL: Statics byte compilation FAIL: Statics -O compilation from source FAIL: Statics byte compilation FAIL: SuperConstr compilation from source FAIL: SuperConstr byte compilation FAIL: SuperConstr -O compilation from source FAIL: SuperConstr byte compilation FAIL: Twice compilation from source FAIL: Twice byte compilation FAIL: Twice -O compilation from source FAIL: Twice byte compilation FAIL: Where byte compilation FAIL: Where byte compilation FAIL: XercesBug compilation from source FAIL: XercesBug byte compilation FAIL: XercesBug -O compilation from source FAIL: XercesBug byte compilation FAIL: abstr compilation from source FAIL: abstr byte compilation FAIL: abstr -O compilation from source FAIL: abstr byte compilation FAIL: assignment compilation from source FAIL: assignment byte compilation FAIL: assignment -O compilation from source FAIL: assignment byte compilation FAIL: assignment_2 compilation from source FAIL: assignment_2 byte compilation FAIL: assignment_2 -O compilation from source FAIL: assignment_2 byte compilation FAIL: comment compilation from source FAIL: comment byte compilation FAIL: comment -O compilation from source FAIL: comment byte compilation FAIL: final_initialization_in_ctor compilation from source FAIL: final_initialization_in_ctor byte compilation FAIL: final_initialization_in_ctor -O compilation from source FAIL: final_initialization_in_ctor byte compilation FAIL: final_local_switch compilation from source FAIL: final_local_switch byte compilation FAIL: final_local_switch -O compilation from source FAIL: final_local_switch byte compilation FAIL: iface compilation from source FAIL: iface byte compilation FAIL: iface -O compilation from source FAIL: iface byte compilation FAIL: inner_1 byte compilation FAIL: inner_1 byte compilation FAIL: inner_data compilation from source FAIL: inner_data byte compilation FAIL: inner_data -O compilation from source FAIL: inner_data byte compilation FAIL: inner_inherit compilation from source FAIL: inner_inherit byte compilation FAIL: inner_inherit -O compilation from source FAIL: inner_inherit byte compilation FAIL: inner_priv compilation from source FAIL: inner_priv byte compilation FAIL: inner_priv -O compilation from source FAIL: inner_priv byte compilation FAIL: inner_pub compilation from source FAIL: inner_pub byte compilation FAIL: inner_pub -O compilation from source FAIL: inner_pub byte compilation FAIL: not_a_redef compilation from source FAIL: not_a_redef byte compilation FAIL: not_a_redef -O compilation from source FAIL: not_a_redef byte compilation FAIL: perc compilation from source FAIL: perc byte compilation FAIL: perc -O compilation from source FAIL: perc byte compilation FAIL: plusplus compilation from source FAIL: plusplus byte compilation FAIL: plusplus -O compilation from source FAIL: plusplus byte compilation FAIL: pr172 compilation from source FAIL: pr172 byte compilation FAIL: pr172 -O compilation from source FAIL: pr172 byte compilation FAIL: pr174 compilation from source FAIL: pr174 byte compilation FAIL: pr174 -O compilation from source FAIL: pr174 byte compilation FAIL: pr176 compilation from source FAIL: pr176 byte compilation FAIL: pr176 -O compilation from source FAIL: pr176 byte compilation FAIL: static_2 compilation from source FAIL: static_2 byte compilation FAIL: static_2 -O compilation from source FAIL: static_2 byte compilation FAIL: static_3 compilation from source FAIL: static_3 byte compilation FAIL: static_3 -O compilation from source FAIL: static_3 byte compilation FAIL: static_init2 compilation from source FAIL: static_init2 byte compilation FAIL: static_init2 -O compilation from source FAIL: static_init2 byte compilation FAIL: static_inner compilation from source FAIL: static_inner byte compilation FAIL: static_inner -O compilation from source FAIL: static_inner byte compilation FAIL: weirddecl compilation from source FAIL: weirddecl byte compilation FAIL: weirddecl -O compilation from source FAIL: weirddecl byte compilation FAIL: bytecompile /usr/src/gnu/gcc-3.2/libjava/testsuite/libjava.jni/calls.java FAIL: bytecompile /usr/src/gnu/gcc-3.2/libjava/testsuite/libjava.jni/cxxtest.java FAIL: bytecompile /usr/src/gnu/gcc-3.2/libjava/testsuite/libjava.jni/field.java FAIL: bytecompile /usr/src/gnu/gcc-3.2/libjava/testsuite/libjava.jni/final_method.java FAIL: bytecompile /usr/src/gnu/gcc-3.2/libjava/testsuite/libjava.jni/findclass.java FAIL: bytecompile /usr/src/gnu/gcc-3.2/libjava/testsuite/libjava.jni/invoke.java FAIL: bytecompile /usr/src/gnu/gcc-3.2/libjava/testsuite/libjava.jni/martin.java FAIL: bytecompile /usr/src/gnu/gcc-3.2/libjava/testsuite/libjava.jni/noclass.java FAIL: bytecompile /usr/src/gnu/gcc-3.2/libjava/testsuite/libjava.jni/overload.java FAIL: bytecompile /usr/src/gnu/gcc-3.2/libjava/testsuite/libjava.jni/register.java FAIL: bytecompile /usr/src/gnu/gcc-3.2/libjava/testsuite/libjava.jni/simple_int.java FAIL: bytecompile /usr/src/gnu/gcc-3.2/libjava/testsuite/libjava.jni/throwit.java FAIL: bytecompile /usr/src/gnu/gcc-3.2/libjava/testsuite/libjava.jni/virtual.java FAIL: ArrayStore compilation from source FAIL: ArrayStore byte compilation FAIL: ArrayStore -O compilation from source FAIL: ArrayStore byte compilation FAIL: ArrayStore2 compilation from source FAIL: ArrayStore2 byte compilation FAIL: ArrayStore2 -O compilation from source FAIL: ArrayStore2 byte compilation FAIL: Array_1 compilation from source FAIL: Array_1 byte compilation FAIL: Array_1 -O compilation from source FAIL: Array_1 byte compilation FAIL: Array_2 compilation from source FAIL: Array_2 byte compilation FAIL: Array_2 -O compilation from source FAIL: Array_2 byte compilation FAIL: Array_3 compilation from source FAIL: Array_3 byte compilation FAIL: Array_3 -O compilation from source FAIL: Array_3 byte compilation FAIL: Class_1 compilation from source FAIL: Class_1 byte compilation FAIL: Class_1 -O compilation from source FAIL: Class_1 byte compilation FAIL: Divide_1 compilation from source FAIL: Divide_1 byte compilation FAIL: Divide_1 -O compilation from source FAIL: Divide_1 byte compilation FAIL: FileHandleGcTest compilation from source FAIL: FileHandleGcTest byte compilation FAIL: FileHandleGcTest -O compilation from source FAIL: FileHandleGcTest byte compilation FAIL: Final compilation from source FAIL: Final byte compilation FAIL: Final -O compilation from source FAIL: Final byte compilation FAIL: Float_1 compilation from source FAIL: Float_1 byte compilation FAIL: Float_1 -O compilation from source FAIL: Float_1 byte compilation FAIL: G19990301_01 compilation from source FAIL: G19990301_01 byte compilation FAIL: G19990301_01 -O compilation from source FAIL: G19990301_01 byte compilation FAIL: G19990302_02 compilation from source FAIL: G19990302_02 byte compilation FAIL: G19990302_02 -O compilation from source FAIL: G19990302_02 byte compilation FAIL: G19990303_01 compilation from source FAIL: G19990303_01 byte compilation FAIL: G19990303_01 -O compilation from source FAIL: G19990303_01 byte compilation FAIL: G19990303_02 compilation from source FAIL: G19990303_02 byte compilation FAIL: G19990303_02 -O compilation from source FAIL: G19990303_02 byte compilation FAIL: G19990304_01 compilation from source FAIL: G19990304_01 byte compilation FAIL: G19990304_01 -O compilation from source FAIL: G19990304_01 byte compilation FAIL: G19990310_01 compilation from source FAIL: G19990310_01 byte compilation FAIL: G19990310_01 -O compilation from source FAIL: G19990310_01 byte compilation FAIL: II compilation from source FAIL: II byte compilation FAIL: II -O compilation from source FAIL: II byte compilation FAIL: InterfaceDispatch compilation from source FAIL: InterfaceDispatch byte compilation FAIL: InterfaceDispatch -O compilation from source FAIL: InterfaceDispatch byte compilation FAIL: InvokeReturn compilation from source FAIL: InvokeReturn byte compilation FAIL: InvokeReturn -O compilation from source FAIL: InvokeReturn byte compilation FAIL: Invoke_1 compilation from source FAIL: Invoke_1 byte compilation FAIL: Invoke_1 -O compilation from source FAIL: Invoke_1 byte compilation FAIL: Invoke_2 compilation from source FAIL: Invoke_2 byte compilation FAIL: Invoke_2 -O compilation from source FAIL: Invoke_2 byte compilation FAIL: KeepInline compilation from source FAIL: KeepInline byte compilation FAIL: KeepInline -O compilation from source FAIL: KeepInline byte compilation FAIL: Matrix4f compilation from source FAIL: Matrix4f byte compilation FAIL: Matrix4f -O compilation from source FAIL: Matrix4f byte compilation FAIL: N19990310_02 compilation from source FAIL: N19990310_02 byte compilation FAIL: N19990310_02 -O compilation from source FAIL: N19990310_02 byte compilation FAIL: N19990310_3 compilation from source FAIL: N19990310_3 byte compilation FAIL: N19990310_3 -O compilation from source FAIL: N19990310_3 byte compilation FAIL: N19990310_4 compilation from source FAIL: N19990310_4 byte compilation FAIL: N19990310_4 -O compilation from source FAIL: N19990310_4 byte compilation FAIL: N19990310_5 compilation from source FAIL: N19990310_5 byte compilation FAIL: N19990310_5 -O compilation from source FAIL: N19990310_5 byte compilation FAIL: PR141 compilation from source FAIL: PR141 byte compilation FAIL: PR141 -O compilation from source FAIL: PR141 byte compilation FAIL: PR160 compilation from source FAIL: PR160 byte compilation FAIL: PR160 -O compilation from source FAIL: PR160 byte compilation FAIL: PR162 compilation from source FAIL: PR162 byte compilation FAIL: PR162 -O compilation from source FAIL: PR162 byte compilation FAIL: PR218 compilation from source FAIL: PR218 byte compilation FAIL: PR218 -O compilation from source FAIL: PR218 byte compilation FAIL: PR242 compilation from source FAIL: PR242 byte compilation FAIL: PR242 -O compilation from source FAIL: PR242 byte compilation FAIL: PR260 compilation from source FAIL: PR260 byte compilation FAIL: PR260 -O compilation from source FAIL: PR260 byte compilation FAIL: PR3096 compilation from source FAIL: PR3096 byte compilation FAIL: PR3096 -O compilation from source FAIL: PR3096 byte compilation FAIL: PR3731 compilation from source FAIL: PR3731 byte compilation FAIL: PR3731 -O compilation from source FAIL: PR3731 byte compilation FAIL: PR5057 compilation from source FAIL: PR5057 byte compilation FAIL: PR5057 -O compilation from source FAIL: PR5057 byte compilation FAIL: PR5057_2 compilation from source FAIL: PR5057_2 byte compilation FAIL: PR5057_2 -O compilation from source FAIL: PR5057_2 byte compilation FAIL: PR55 compilation from source FAIL: PR55 byte compilation FAIL: PR55 -O compilation from source FAIL: PR55 byte compilation FAIL: PR56 compilation from source FAIL: PR56 byte compilation FAIL: PR56 -O compilation from source FAIL: PR56 byte compilation FAIL: Primes compilation from source FAIL: Primes byte compilation FAIL: Primes -O compilation from source FAIL: Primes byte compilation FAIL: Shazam compilation from source FAIL: Shazam byte compilation FAIL: Shazam -O compilation from source FAIL: Shazam byte compilation FAIL: StringBuffer_1 compilation from source FAIL: StringBuffer_1 byte compilation FAIL: StringBuffer_1 -O compilation from source FAIL: StringBuffer_1 byte compilation FAIL: SyncTest compilation from source FAIL: SyncTest byte compilation FAIL: SyncTest -O compilation from source FAIL: SyncTest byte compilation FAIL: Synch compilation from source FAIL: Synch byte compilation FAIL: Synch -O compilation from source FAIL: Synch byte compilation FAIL: TLtest compilation from source FAIL: TLtest byte compilation FAIL: TLtest -O compilation from source FAIL: TLtest byte compilation FAIL: Thread_Alive compilation from source FAIL: Thread_Alive byte compilation FAIL: Thread_Alive -O compilation from source FAIL: Thread_Alive byte compilation FAIL: Thread_Interrupt compilation from source FAIL: Thread_Interrupt byte compilation FAIL: Thread_Interrupt -O compilation from source FAIL: Thread_Interrupt byte compilation FAIL: Thread_Join compilation from source FAIL: Thread_Join byte compilation FAIL: Thread_Join -O compilation from source FAIL: Thread_Join byte compilation FAIL: Thread_Monitor compilation from source FAIL: Thread_Monitor byte compilation FAIL: Thread_Monitor -O compilation from source FAIL: Thread_Monitor byte compilation FAIL: Thread_Sleep compilation from source FAIL: Thread_Sleep byte compilation FAIL: Thread_Sleep -O compilation from source FAIL: Thread_Sleep byte compilation FAIL: Thread_Wait compilation from source FAIL: Thread_Wait byte compilation FAIL: Thread_Wait -O compilation from source FAIL: Thread_Wait byte compilation FAIL: Thread_Wait_2 compilation from source FAIL: Thread_Wait_2 byte compilation FAIL: Thread_Wait_2 -O compilation from source FAIL: Thread_Wait_2 byte compilation FAIL: Thread_Wait_Interrupt compilation from source FAIL: Thread_Wait_Interrupt byte compilation FAIL: Thread_Wait_Interrupt -O compilation from source FAIL: Thread_Wait_Interrupt byte compilation FAIL: Throw_1 compilation from source FAIL: Throw_1 byte compilation FAIL: Throw_1 -O compilation from source FAIL: Throw_1 byte compilation FAIL: Throw_2 compilation from source FAIL: Throw_2 byte compilation FAIL: Throw_2 -O compilation from source FAIL: Throw_2 byte compilation FAIL: anfi compilation from source FAIL: anfi byte compilation FAIL: anfi -O compilation from source FAIL: anfi byte compilation FAIL: anon compilation from source FAIL: anon byte compilation FAIL: anon -O compilation from source FAIL: anon byte compilation FAIL: anon2 compilation from source FAIL: anon2 byte compilation FAIL: anon2 -O compilation from source FAIL: anon2 byte compilation FAIL: anon3 compilation from source FAIL: anon3 byte compilation FAIL: anon3 -O compilation from source FAIL: anon3 byte compilation FAIL: anon4 compilation from source FAIL: anon4 byte compilation FAIL: anon4 -O compilation from source FAIL: anon4 byte compilation FAIL: anon_ctor_itf_arg compilation from source FAIL: anon_ctor_itf_arg byte compilation FAIL: anon_ctor_itf_arg -O compilation from source FAIL: anon_ctor_itf_arg byte compilation FAIL: anonarray compilation from source FAIL: anonarray byte compilation FAIL: anonarray -O compilation from source FAIL: anonarray byte compilation FAIL: anonarray2 compilation from source FAIL: anonarray2 byte compilation FAIL: anonarray2 -O compilation from source FAIL: anonarray2 byte compilation FAIL: anonarray3 compilation from source FAIL: anonarray3 byte compilation FAIL: anonarray3 -O compilation from source FAIL: anonarray3 byte compilation FAIL: direct_read compilation from source FAIL: direct_read byte compilation FAIL: direct_read -O compilation from source FAIL: direct_read byte compilation FAIL: direct_write compilation from source FAIL: direct_write byte compilation FAIL: direct_write -O compilation from source FAIL: direct_write byte compilation FAIL: err1 compilation from source FAIL: err1 byte compilation FAIL: err1 -O compilation from source FAIL: err1 byte compilation FAIL: err10 compilation from source FAIL: err10 byte compilation FAIL: err10 -O compilation from source FAIL: err10 byte compilation FAIL: err11 compilation from source FAIL: err11 byte compilation FAIL: err11 -O compilation from source FAIL: err11 byte compilation FAIL: err12 compilation from source FAIL: err12 byte compilation FAIL: err12 -O compilation from source FAIL: err12 byte compilation FAIL: err13 compilation from source FAIL: err13 byte compilation FAIL: err13 -O compilation from source FAIL: err13 byte compilation FAIL: err2 compilation from source FAIL: err2 byte compilation FAIL: err2 -O compilation from source FAIL: err2 byte compilation FAIL: err3 compilation from source FAIL: err3 byte compilation FAIL: err3 -O compilation from source FAIL: err3 byte compilation FAIL: err4 compilation from source FAIL: err4 byte compilation FAIL: err4 -O compilation from source FAIL: err4 byte compilation FAIL: err5 compilation from source FAIL: err5 byte compilation FAIL: err5 -O compilation from source FAIL: err5 byte compilation FAIL: err6 compilation from source FAIL: err6 byte compilation FAIL: err6 -O compilation from source FAIL: err6 byte compilation FAIL: err7 compilation from source FAIL: err7 byte compilation FAIL: err7 -O compilation from source FAIL: err7 byte compilation FAIL: err8 compilation from source FAIL: err8 byte compilation FAIL: err8 -O compilation from source FAIL: err8 byte compilation FAIL: err9 compilation from source FAIL: err9 byte compilation FAIL: err9 -O compilation from source FAIL: err9 byte compilation FAIL: final_inner compilation from source FAIL: final_inner byte compilation FAIL: final_inner -O compilation from source FAIL: final_inner byte compilation FAIL: final_int compilation from source FAIL: final_int byte compilation FAIL: final_int -O compilation from source FAIL: final_int byte compilation FAIL: final_static_and_friend compilation from source FAIL: final_static_and_friend byte compilation FAIL: final_static_and_friend -O compilation from source FAIL: final_static_and_friend byte compilation FAIL: indirect compilation from source FAIL: indirect byte compilation FAIL: indirect -O compilation from source FAIL: indirect byte compilation FAIL: indirect_read compilation from source FAIL: indirect_read byte compilation FAIL: indirect_read -O compilation from source FAIL: indirect_read byte compilation FAIL: indirect_write compilation from source FAIL: indirect_write byte compilation FAIL: indirect_write -O compilation from source FAIL: indirect_write byte compilation FAIL: inner1 compilation from source FAIL: inner1 byte compilation FAIL: inner1 -O compilation from source FAIL: inner1 byte compilation FAIL: inner2 compilation from source FAIL: inner2 byte compilation FAIL: inner2 -O compilation from source FAIL: inner2 byte compilation FAIL: inner3 compilation from source FAIL: inner3 byte compilation FAIL: inner3 -O compilation from source FAIL: inner3 byte compilation FAIL: inner4 compilation from source FAIL: inner4 byte compilation FAIL: inner4 -O compilation from source FAIL: inner4 byte compilation FAIL: inner_array compilation from source FAIL: inner_array byte compilation FAIL: inner_array -O compilation from source FAIL: inner_array byte compilation FAIL: inner_interface compilation from source FAIL: inner_interface byte compilation FAIL: inner_interface -O compilation from source FAIL: inner_interface byte compilation FAIL: instance compilation from source FAIL: instance byte compilation FAIL: instance -O compilation from source FAIL: instance byte compilation FAIL: instinit compilation from source FAIL: instinit byte compilation FAIL: instinit -O compilation from source FAIL: instinit byte compilation FAIL: instinit2 compilation from source FAIL: instinit2 byte compilation FAIL: instinit2 -O compilation from source FAIL: instinit2 byte compilation FAIL: invoke_from_inner compilation from source FAIL: invoke_from_inner byte compilation FAIL: invoke_from_inner -O compilation from source FAIL: invoke_from_inner byte compilation FAIL: invokethrow compilation from source FAIL: invokethrow byte compilation FAIL: invokethrow -O compilation from source FAIL: invokethrow byte compilation FAIL: klass compilation from source FAIL: klass byte compilation FAIL: klass -O compilation from source FAIL: klass byte compilation FAIL: multiple_finit compilation from source FAIL: multiple_finit byte compilation FAIL: multiple_finit -O compilation from source FAIL: multiple_finit byte compilation FAIL: negzero compilation from source FAIL: negzero byte compilation FAIL: negzero -O compilation from source FAIL: negzero byte compilation FAIL: nested_with_ctor compilation from source FAIL: nested_with_ctor byte compilation FAIL: nested_with_ctor -O compilation from source FAIL: nested_with_ctor byte compilation FAIL: pr109 compilation from source FAIL: pr109 byte compilation FAIL: pr109 -O compilation from source FAIL: pr109 byte compilation FAIL: pr133 compilation from source FAIL: pr133 byte compilation FAIL: pr133 -O compilation from source FAIL: pr133 byte compilation FAIL: pr179 compilation from source FAIL: pr179 byte compilation FAIL: pr179 -O compilation from source FAIL: pr179 byte compilation FAIL: pr184 compilation from source FAIL: pr184 byte compilation FAIL: pr184 -O compilation from source FAIL: pr184 byte compilation FAIL: pr83 compilation from source FAIL: pr83 byte compilation FAIL: pr83 -O compilation from source FAIL: pr83 byte compilation FAIL: private_direct_read compilation from source FAIL: private_direct_read byte compilation FAIL: private_direct_read -O compilation from source FAIL: private_direct_read byte compilation FAIL: search_outer compilation from source FAIL: search_outer byte compilation FAIL: search_outer -O compilation from source FAIL: search_outer byte compilation FAIL: stringconst compilation from source FAIL: stringconst byte compilation FAIL: stringconst -O compilation from source FAIL: stringconst byte compilation FAIL: stringconst2 compilation from source FAIL: stringconst2 byte compilation FAIL: stringconst2 -O compilation from source FAIL: stringconst2 byte compilation FAIL: stub compilation from source FAIL: stub byte compilation FAIL: stub -O compilation from source FAIL: stub byte compilation FAIL: test_long compilation from source FAIL: test_long byte compilation FAIL: test_long -O compilation from source FAIL: test_long byte compilation FAIL: tmi compilation from source FAIL: tmi byte compilation FAIL: tmi -O compilation from source FAIL: tmi byte compilation FAIL: tp compilation from source FAIL: tp byte compilation FAIL: tp -O compilation from source FAIL: tp byte compilation FAIL: update_outer compilation from source FAIL: update_outer byte compilation FAIL: update_outer -O compilation from source FAIL: update_outer byte compilation
=== libjava Summary ===
# of expected passes 80 # of unexpected failures 697 # of expected failures 8 # of untested testcases 1270 === libstdc++-v3 tests ===
Running target unix XPASS: 22_locale/collate_members_wchar_t.cc execution test XPASS: 22_locale/ctype_is_wchar_t.cc execution test XPASS: 22_locale/money_get_members_wchar_t.cc execution test XPASS: 22_locale/money_put_members_wchar_t.cc execution test XPASS: 22_locale/moneypunct_members_wchar_t.cc execution test XPASS: 22_locale/num_get_members_wchar_t.cc execution test XPASS: 22_locale/num_put_members_wchar_t.cc execution test XPASS: 22_locale/numpunct_members_wchar_t.cc execution test XPASS: 22_locale/time_get_members_wchar_t.cc execution test XPASS: 22_locale/time_put_members_wchar_t.cc execution test FAIL: 26_numerics/c99_classification_macros_c.cc (test for excess errors)
=== libstdc++-v3 Summary ===
# of expected passes 408 # of unexpected failures 1 # of unexpected successes 10 # of expected failures 16
Compiler version: 3.2 Platform: i686-pc-linux-gnu configure flags: --host=i686-pc-linux-gnu --prefix=/usr/local/gcc3 --enable-threads

Index Nav: [Date Index] [Subject Index] [Author Index] [Thread Index]
Message Nav: [Date Prev] [Date Next] [Thread Prev] [Thread Next]