This is the mail archive of the
gcc-testresults@gcc.gnu.org
mailing list for the GCC project.
Results for 3.2 testsuite on i686-pc-linux-gnu
- From: root at otenet dot gr
- To: gcc-testresults at gcc dot gnu dot org
- Date: Wed, 23 Oct 2002 23:40:56 +0300
- Subject: Results for 3.2 testsuite on i686-pc-linux-gnu
Excellent work! Version 3.2 seems very stable. I only
got a few failures during testing. I hope this
report is useful. LAST_UPDATED:
Native configuration is i686-pc-linux-gnu
=== g++ tests ===
Running target unix
=== g++ Summary ===
# of expected passes 7270
# of expected failures 88
# of untested testcases 9
# of unsupported tests 3
/usr/src/gcc-3.2/objdir/gcc/testsuite/../g++ version 3.2
=== g77 tests ===
Running target unix
=== g77 Summary ===
# of expected passes 1468
/usr/src/gcc-3.2/objdir/gcc/testsuite/../g77 version 3.2
=== gcc tests ===
Running target unix
FAIL: gcc.c-torture/execute/20020307-2.c execution, -O1
FAIL: gcc.c-torture/execute/20020307-2.c execution, -O2
FAIL: gcc.c-torture/execute/20020307-2.c execution, -O3 -fomit-frame-pointer
FAIL: gcc.c-torture/execute/20020307-2.c execution, -O3 -fomit-frame-pointer -funroll-loops
FAIL: gcc.c-torture/execute/20020307-2.c execution, -O3 -fomit-frame-pointer -funroll-all-loops -finline-functions
FAIL: gcc.c-torture/execute/20020307-2.c execution, -O3 -g
FAIL: gcc.dg/sequence-pt-1.c sequence point warning (test for warnings, line 66)
FAIL: gcc.dg/sequence-pt-1.c (test for excess errors)
=== gcc Summary ===
# of expected passes 18835
# of unexpected failures 8
# of expected failures 65
# of unsupported tests 44
/usr/src/gcc-3.2/objdir/gcc/xgcc version 3.2
=== objc tests ===
Running target unix
=== objc Summary ===
# of expected passes 1035
# of expected failures 6
/usr/src/gcc-3.2/objdir/gcc/xgcc version 3.2
=== libjava tests ===
Running target unix
=== libjava Summary ===
# of expected passes 2075
# of expected failures 18
# of untested testcases 14
=== libstdc++-v3 tests ===
Running target unix
XPASS: 22_locale/ctype_is_wchar_t.cc execution test
XPASS: 22_locale/time_put_members_char.cc execution test
XPASS: 22_locale/time_put_members_wchar_t.cc execution test
FAIL: 26_numerics/c99_classification_macros_c.cc (test for excess errors)
=== libstdc++-v3 Summary ===
# of expected passes 408
# of unexpected failures 1
# of unexpected successes 3
# of expected failures 23
Compiler version: 3.2
Platform: i686-pc-linux-gnu
configure flags: --host=i686-pc-linux-gnu