This is the mail archive of the
gcc-testresults@gcc.gnu.org
mailing list for the GCC project.
Results for 3.3 20021018 (experimental) testsuite on sparc-sun-solaris2.7
- From: "Kaveh R. Ghazi" <ghazi at caip dot rutgers dot edu>
- To: gcc-testresults at gcc dot gnu dot org
- Date: Sat, 19 Oct 2002 21:18:53 -0400 (EDT)
- Subject: Results for 3.3 20021018 (experimental) testsuite on sparc-sun-solaris2.7
LAST_UPDATED:
Native configuration is sparc-sun-solaris2.7
=== g++ tests ===
Running target unix
FAIL: g++.dg/compat/break/bitfield7 y_tst.o compile
UNRESOLVED: g++.dg/compat/break/bitfield7 x_tst.o-y_tst.o link
UNRESOLVED: g++.dg/compat/break/bitfield7 x_tst.o-y_tst.o execute
ERROR: g++.dg/abi/rtti1.C: error executing dg-final: couldn't execute "c++filt": no such file or directory
UNRESOLVED: g++.dg/abi/rtti1.C: error executing dg-final: couldn't execute "c++filt": no such file or directory
FAIL: g++.dg/abi/vbase8-10.C execution test
FAIL: g++.dg/abi/vbase8-22.C execution test
FAIL: g++.dg/inherit/override1.C (test for excess errors)
ERROR: g++.dg/opt/vtgc1.C: error executing dg-final: couldn't execute "c++filt": no such file or directory
UNRESOLVED: g++.dg/opt/vtgc1.C: error executing dg-final: couldn't execute "c++filt": no such file or directory
FAIL: g++.dg/warn/Wunused-2.C (test for warnings, line 5)
FAIL: g++.dg/special/conpr-2.C execution test
FAIL: g++.dg/special/conpr-3.C execution test
FAIL: g++.dg/special/initp1.C execution test
FAIL: g++.abi/vbase8-9.C Execution test
=== g++ Summary ===
# of expected passes 7708
# of unexpected failures 9
# of expected failures 92
# of unresolved testcases 4
# of untested testcases 21
# of unsupported tests 8
/teal/caip5/ghazi/gcc-testing/build/gcc/testsuite/../g++ version 3.3 20021018 (experimental)
=== g77 tests ===
Running target unix
FAIL: g77.dg/7388.f execution test
FAIL: g77.dg/7388.f execution test
=== g77 Summary ===
# of expected passes 1636
# of unexpected failures 2
# of unsupported tests 8
/teal/caip5/ghazi/gcc-testing/build/gcc/testsuite/../g77 version 3.3 20021018 (experimental)
=== gcc tests ===
Running target unix
WARNING: program timed out.
FAIL: gcc.c-torture/compile/20001226-1.c, -O3 -g
FAIL: gcc.dg/20021014-1.c (test for excess errors)
WARNING: gcc.dg/20021014-1.c compilation failed to produce executable
FAIL: gcc.dg/noncompile/incomplete-1.c (test for excess errors)
=== gcc Summary ===
# of expected passes 20515
# of unexpected failures 3
# of expected failures 62
# of unsupported tests 140
/teal/caip5/ghazi/gcc-testing/build/gcc/xgcc version 3.3 20021018 (experimental)
=== objc tests ===
Running target unix
=== objc Summary ===
# of expected passes 1153
/teal/caip5/ghazi/gcc-testing/build/gcc/xgcc version 3.3 20021018 (experimental)
=== libjava tests ===
Running target unix
FAIL: PR1343 compilation from bytecode
FAIL: PR1343 -O compilation from bytecode
FAIL: linking cxxtest
FAIL: noclass run
FAIL: FileHandleGcTest execution - source compiled test
FAIL: FileHandleGcTest execution - bytecode->native test
FAIL: FileHandleGcTest -O execution - source compiled test
FAIL: FileHandleGcTest -O execution - bytecode->native test
FAIL: TestProxy execution - source compiled test
FAIL: TestProxy execution - bytecode->native test
FAIL: TestProxy -O execution - source compiled test
FAIL: TestProxy -O execution - bytecode->native test
FAIL: Throw_2 execution - source compiled test
FAIL: Throw_2 execution - bytecode->native test
FAIL: Throw_2 -O execution - source compiled test
FAIL: Throw_2 -O execution - bytecode->native test
=== libjava Summary ===
# of expected passes 2240
# of unexpected failures 16
# of expected failures 15
# of untested testcases 21
=== libstdc++-v3 tests ===
Running target unix
XPASS: 22_locale/collate_members_wchar_t.cc execution test
XPASS: 22_locale/ctype_is_wchar_t.cc execution test
XPASS: 22_locale/money_get_members_wchar_t.cc execution test
XPASS: 22_locale/money_put_members_wchar_t.cc execution test
XPASS: 22_locale/moneypunct_members_wchar_t.cc execution test
XPASS: 22_locale/num_get_members_wchar_t.cc execution test
XPASS: 22_locale/num_put_members_wchar_t.cc execution test
XPASS: 22_locale/numpunct_members_wchar_t.cc execution test
XPASS: 22_locale/time_get_members_wchar_t.cc execution test
XPASS: 22_locale/time_put_members_wchar_t.cc execution test
FAIL: 27_io/istream_extractor_arith.cc execution test
=== libstdc++-v3 Summary ===
# of expected passes 417
# of unexpected failures 1
# of unexpected successes 10
# of expected failures 17
Compiler version: 3.3 20021018 (experimental)
Platform: sparc-sun-solaris2.7
configure flags: --host=sparc-sun-solaris2.7 --verbose