This is the mail archive of the gcc-testresults@gcc.gnu.org mailing list for the GCC project.


Index Nav: [Date Index] [Subject Index] [Author Index] [Thread Index]
Message Nav: [Date Prev] [Date Next] [Thread Prev] [Thread Next]
Other format: [Raw text]

Results for 3.2.1 20021016 (prerelease) testsuite on i686-pc-linux-gnu


This is a Red Hat 7.2 system with all RHN updates applied, except to the
kernel (due to annoying ClearCase binary kernel module).

Relevant tool versions:

binutils-2.11.90.0.8-12
glibc-2.2.4-30
kernel-2.4.7-10

LAST_UPDATED: Wed Oct 16 17:06:19 UTC 2002

Native configuration is i686-pc-linux-gnu

		=== g77 tests ===


Running target unix

		=== g77 Summary ===

# of expected passes		1468
/var/tmp/gcc-scratch/gcc/testsuite/../g77 version 3.2.1 20021016 (prerelease)

		=== gcc tests ===


Running target unix
FAIL: gcc.c-torture/compile/20020927-1.c,  -O3 -fomit-frame-pointer  
FAIL: gcc.c-torture/compile/20020927-1.c,  -O3 -fomit-frame-pointer -funroll-loops  
FAIL: gcc.c-torture/compile/20020927-1.c,  -O3 -fomit-frame-pointer -funroll-all-loops -finline-functions  
FAIL: gcc.c-torture/compile/20020927-1.c,  -O3 -g  
FAIL: gcc.c-torture/execute/20020307-2.c execution,  -O1 
FAIL: gcc.c-torture/execute/20020307-2.c execution,  -O2 
FAIL: gcc.c-torture/execute/20020307-2.c execution,  -O3 -fomit-frame-pointer 
FAIL: gcc.c-torture/execute/20020307-2.c execution,  -O3 -fomit-frame-pointer -funroll-loops 
FAIL: gcc.c-torture/execute/20020307-2.c execution,  -O3 -fomit-frame-pointer -funroll-all-loops -finline-functions 
FAIL: gcc.c-torture/execute/20020307-2.c execution,  -O3 -g 

		=== gcc Summary ===

# of expected passes		18743
# of unexpected failures	10
# of expected failures		68
# of unsupported tests		44
/var/tmp/gcc-scratch/gcc/xgcc version 3.2.1 20021016 (prerelease)

		=== g++ tests ===


Running target unix

		=== g++ Summary ===

# of expected passes		7296
# of expected failures		88
# of untested testcases		9
# of unsupported tests		3
/var/tmp/gcc-scratch/gcc/testsuite/../g++ version 3.2.1 20021016 (prerelease)

		=== objc tests ===


Running target unix

		=== objc Summary ===

# of expected passes		1035
# of expected failures		6
/var/tmp/gcc-scratch/gcc/xgcc version 3.2.1 20021016 (prerelease)

		=== libjava tests ===


Running target unix
FAIL: Thread_Interrupt output from source compiled test
FAIL: Thread_Interrupt output from bytecode->native test
FAIL: Thread_Interrupt -O output from bytecode->native test

		=== libjava Summary ===

# of expected passes		2072
# of unexpected failures	3
# of expected failures		18
# of untested testcases		14
		=== libstdc++-v3 tests ===


Running target unix
XPASS: 22_locale/ctype_is_char.cc execution test
XPASS: 22_locale/ctype_is_wchar_t.cc execution test
XPASS: 22_locale/members.cc execution test
XPASS: 22_locale/messages_byname.cc execution test
XPASS: 22_locale/messages_members_char.cc execution test
XPASS: 22_locale/money_get_members_char.cc execution test
XPASS: 22_locale/money_get_members_wchar_t.cc execution test
XPASS: 22_locale/money_put_members_char.cc execution test
XPASS: 22_locale/money_put_members_wchar_t.cc execution test
XPASS: 22_locale/moneypunct_byname.cc execution test
XPASS: 22_locale/moneypunct_members_char.cc execution test
XPASS: 22_locale/moneypunct_members_wchar_t.cc execution test
XPASS: 22_locale/num_get_members_char.cc execution test
XPASS: 22_locale/num_get_members_wchar_t.cc execution test
XPASS: 22_locale/num_put_members_char.cc execution test
XPASS: 22_locale/num_put_members_wchar_t.cc execution test
XPASS: 22_locale/numpunct_byname.cc execution test
XPASS: 22_locale/numpunct_members_char.cc execution test
XPASS: 22_locale/numpunct_members_wchar_t.cc execution test
XPASS: 22_locale/time_get_members_char.cc execution test
XPASS: 22_locale/time_get_members_wchar_t.cc execution test
XPASS: 22_locale/time_put_members_char.cc execution test
XPASS: 22_locale/time_put_members_wchar_t.cc execution test
FAIL: 26_numerics/c99_classification_macros_c.cc (test for excess errors)

		=== libstdc++-v3 Summary ===

# of expected passes		408
# of unexpected failures	1
# of unexpected successes	23
# of expected failures		3

Compiler version: 3.2.1 20021016 (prerelease) 
Platform: i686-pc-linux-gnu
configure flags: --host=i686-pc-linux-gnu --prefix=/usr/localdisk/gcc-3.2.1-pre


Index Nav: [Date Index] [Subject Index] [Author Index] [Thread Index]
Message Nav: [Date Prev] [Date Next] [Thread Prev] [Thread Next]