This is the mail archive of the
gcc-testresults@gcc.gnu.org
mailing list for the GCC project.
Results for 3.3 20021015 (experimental) testsuite on i686-pc-linux-gnu
- From: Andreas Jaeger <aj at moeb>
- To: gcc-testresults at gcc dot gnu dot org
- Date: Wed, 16 Oct 2002 11:46:31 +0200
- Subject: Results for 3.3 20021015 (experimental) testsuite on i686-pc-linux-gnu
Bootstrap and regtesting on i686-linux-gnu.
CVS sources: mainline
LAST_UPDATED: Wed Oct 16 05:13:13 UTC 2002
Native configuration is i686-pc-linux-gnu
=== g++ tests ===
Running target unix
FAIL: g++.dg/warn/Wunused-2.C (test for warnings, line 5)
FAIL: g++.dg/tls/init-2.C (test for excess errors)
XPASS: g++.other/init5.C Execution test
=== g++ Summary ===
# of expected passes 7635
# of unexpected failures 2
# of unexpected successes 1
# of expected failures 91
# of untested testcases 9
# of unsupported tests 3
/builds/gcc/gcc-3.3-devel/gcc/testsuite/../g++ version 3.3 20021015 (experimental)
=== g77 tests ===
Running target unix
FAIL: g77.dg/7388.f execution test
FAIL: g77.dg/7388.f execution test
FAIL: g77.dg/7388.f execution test
FAIL: g77.dg/7388.f execution test
FAIL: g77.dg/7388.f execution test
=== g77 Summary ===
# of expected passes 1649
# of unexpected failures 5
/builds/gcc/gcc-3.3-devel/gcc/testsuite/../g77 version 3.3 20021015 (experimental)
=== gcc tests ===
Running target unix
WARNING: program timed out.
FAIL: gcc.c-torture/compile/20001226-1.c, -O2
WARNING: program timed out.
FAIL: gcc.c-torture/compile/20001226-1.c, -O3 -fomit-frame-pointer
WARNING: program timed out.
FAIL: gcc.c-torture/compile/20001226-1.c, -O3 -g
WARNING: program timed out.
FAIL: gcc.c-torture/compile/20001226-1.c, -Os
FAIL: gcc.dg/i386-ssetype-1.c scan-assembler iorpd.*[bs]p
FAIL: gcc.dg/i386-ssetype-2.c scan-assembler iorpd
FAIL: gcc.dg/i386-ssetype-3.c scan-assembler orps.[b*s]p
FAIL: gcc.dg/i386-ssetype-5.c scan-assembler movdqa
FAIL: gcc.dg/noncompile/incomplete-1.c (test for excess errors)
=== gcc Summary ===
# of expected passes 20744
# of unexpected failures 9
# of expected failures 60
# of unsupported tests 64
/builds/gcc/gcc-3.3-devel/gcc/xgcc version 3.3 20021015 (experimental)
=== objc tests ===
Running target unix
=== objc Summary ===
# of expected passes 1153
/builds/gcc/gcc-3.3-devel/gcc/xgcc version 3.3 20021015 (experimental)
=== treelang tests ===
Running target unix
=== treelang Summary ===
# of expected passes 1
=== libjava tests ===
Running target unix
FAIL: PR1343 compilation from bytecode
FAIL: PR1343 -O compilation from bytecode
=== libjava Summary ===
# of expected passes 2767
# of unexpected failures 2
# of expected failures 14
# of untested testcases 8
=== libstdc++-v3 tests ===
Running target unix
XPASS: 22_locale/collate_byname.cc execution test
XPASS: 22_locale/collate_members_char.cc execution test
XPASS: 22_locale/collate_members_wchar_t.cc execution test
XPASS: 22_locale/ctype_is_char.cc execution test
XPASS: 22_locale/ctype_is_wchar_t.cc execution test
XPASS: 22_locale/members.cc execution test
XPASS: 22_locale/money_get_members_char.cc execution test
XPASS: 22_locale/money_get_members_wchar_t.cc execution test
XPASS: 22_locale/money_put_members_char.cc execution test
XPASS: 22_locale/money_put_members_wchar_t.cc execution test
XPASS: 22_locale/moneypunct_byname.cc execution test
XPASS: 22_locale/moneypunct_members_char.cc execution test
XPASS: 22_locale/moneypunct_members_wchar_t.cc execution test
XPASS: 22_locale/num_get_members_char.cc execution test
XPASS: 22_locale/num_get_members_wchar_t.cc execution test
XPASS: 22_locale/num_put_members_char.cc execution test
XPASS: 22_locale/num_put_members_wchar_t.cc execution test
XPASS: 22_locale/numpunct_byname.cc execution test
XPASS: 22_locale/numpunct_members_char.cc execution test
XPASS: 22_locale/numpunct_members_wchar_t.cc execution test
XPASS: 22_locale/time_get_members_char.cc execution test
XPASS: 22_locale/time_get_members_wchar_t.cc execution test
XPASS: 22_locale/time_put_members_char.cc execution test
XPASS: 22_locale/time_put_members_wchar_t.cc execution test
FAIL: 26_numerics/c99_classification_macros_c.cc (test for excess errors)
=== libstdc++-v3 Summary ===
# of expected passes 417
# of unexpected failures 1
# of unexpected successes 24
# of expected failures 3
Compiler version: 3.3 20021015 (experimental)
Platform: i686-pc-linux-gnu
configure flags: --host=i686-pc-linux-gnu --prefix=/opt/gcc/3.3-devel --disable-nls --enable-threads=posix --enable-clocale=gnu --enable-__cxa_atexit --enable-shared --enable-languages=c,c++,f77,java,objc,ada,treelang --enable-checking=misc,tree,rtl,gc,rtlflag --with-system-zlib