This is the mail archive of the gcc-testresults@gcc.gnu.org mailing list for the GCC project.


Index Nav: [Date Index] [Subject Index] [Author Index] [Thread Index]
Message Nav: [Date Prev] [Date Next] [Thread Prev] [Thread Next]
Other format: [Raw text]

Results for 3.3 20021014 (experimental) testsuite on i686-pc-linux-gnu


Debian GNU/Linux testing/unstable
Linux 2.4.18
binutils Version: 2.13.90.0.4-1
glibc Version: 2.2.5-15

Test results for libjava include the results of the Mauve testsuite
(see http://sources.redhat.com/mauve/)

LAST_UPDATED: Mon Oct 14 16:20:26 UTC 2002

Native configuration is i686-pc-linux-gnu

		=== g++ tests ===


Running target unix
FAIL: g++.dg/warn/Wunused-2.C  (test for warnings, line 5)
FAIL: g++.dg/tls/init-2.C (test for excess errors)

		=== g++ Summary ===

# of expected passes		7617
# of unexpected failures	2
# of expected failures		92
# of untested testcases		9
# of unsupported tests		3
/opt/src/gcc-obj/gcc/testsuite/../g++ version 3.3 20021014 (experimental)

		=== gcc tests ===


Running target unix
FAIL: gcc.dg/noncompile/incomplete-1.c (test for excess errors)

		=== gcc Summary ===

# of expected passes		20703
# of unexpected failures	1
# of expected failures		60
# of unsupported tests		64
/opt/src/gcc-obj/gcc/xgcc version 3.3 20021014 (experimental)

		=== libjava tests ===


Running target unix
FAIL: PR1343 compilation from bytecode
FAIL: PR1343 -O compilation from bytecode
FAIL: gnu.testlet.java.beans.Introspector.jdk11: getBeanInfo (number 8)
FAIL: gnu.testlet.java.beans.Introspector.jdk11: getBeanInfo (number 11)
FAIL: gnu.testlet.java.beans.Introspector.jdk11: getBeanInfo (number 20)
FAIL: gnu.testlet.java.beans.Introspector.jdk11: getBeanInfo (number 23)
FAIL: gnu.testlet.java.beans.Introspector.jdk11: getBeanInfo (number 26)
FAIL: gnu.testlet.java.io.BufferedInputStream.SimpleRead: skip() threw StringIndexOutOfBoundsException (number 1)
FAIL: Link for gnu.testlet.java.io.DataOutputStream.WriteRead
FAIL: gnu.testlet.java.io.ObjectStreamClass.Test: getSerialVersionUID (number 2)
FAIL: gnu.testlet.java.io.ObjectStreamClass.Test: getSerialVersionUID (number 6)
FAIL: gnu.testlet.java.io.RandomAccessFile.jdk11: skipBytes() stopped before EOF (number 1)
FAIL: gnu.testlet.java.io.RandomAccessFile.jdk11: skipBytes() skipped past EOF (number 1)
FAIL: gnu.testlet.java.lang.Double.DoubleTest: Error: test_shortbyteValue failed - 5 (number 1)
FAIL: gnu.testlet.java.lang.Float.FloatTest: Error: test_shortbyteValue failed - 5 (number 1)
FAIL: Compile gnu/testlet/java/lang/Thread/interrupt.o for gnu.testlet.java.lang.Thread.interrupt
FAIL: gnu.testlet.java.net.DatagramSocket.DatagramSocketTest2: Expected IOException (number 1)
FAIL: gnu.testlet.java.net.DatagramSocket.DatagramSocketTest2: uncaught exception at "invalid_send_data" number 4: java.lang.IllegalArgumentException: Invalid length: -1
FAIL: gnu.testlet.java.net.Socket.SocketTest: Error : test_Basics failed - 7 exception should not have been thrown here (number 1)
FAIL: gnu.testlet.java.net.URL.URLTest:  Error in test_openConnection  - 3  exception should not be thrown here (number 1)
FAIL: gnu.testlet.java.net.URL.URLTest:  Error in test_openStream  - 2  exception should not be thrown here (number 1)
FAIL: gnu.testlet.java.security.MessageDigest.Instance: uncaught exception at "MauveDigest" number 1: java.lang.ClassCastException: gnu.testlet.java.security.MessageDigest.MauveDigest cannot be cast to java.security.MessageDigest
FAIL: gnu.testlet.java.security.Security.property: uncaught exception at  number 1: java.lang.NullPointerException
FAIL: gnu.testlet.java.security.Security.provider: uncaught exception at  number 4: java.lang.ArrayIndexOutOfBoundsException: -1
FAIL: gnu.testlet.java.security.Signature.Instance: MAUVESignature instance caught java.security.NoSuchAlgorithmException: MAUVESignature (number 1)
FAIL: gnu.testlet.java.security.Signature.Instance: MauveAlias instance caught java.security.NoSuchAlgorithmException: MauveAlias (number 1)
FAIL: gnu.testlet.java.security.Signature.Instance: MAUVEALIAS instance caught java.security.NoSuchAlgorithmException: MAUVEALIAS (number 1)
FAIL: gnu.testlet.java.security.Signature.Instance: uncaught exception at "MAUVESIGNATURE Mauve-Test-Provider-Signature" number 1: java.lang.NullPointerException
FAIL: Compile gnu/testlet/java/text/DateFormatSymbols/Test.o for gnu.testlet.java.text.DateFormatSymbols.Test
FAIL: gnu.testlet.java.util.ResourceBundle.getBundle: with locale of France (number 5)
FAIL: gnu.testlet.java.util.ResourceBundle.getBundle: book sample (number 2)
FAIL: gnu.testlet.java.util.ResourceBundle.getBundle: book sample (number 5)
FAIL: gnu.testlet.java.util.zip.ZipInputStream.close: uncaught exception at "reading zip file" number 1: java.lang.IllegalStateException: Closed.

		=== libjava Summary ===

# of expected passes		9547
# of unexpected failures	33
# of expected failures		74
# of untested testcases		8
		=== libstdc++-v3 tests ===


Running target unix
FAIL: 22_locale/codecvt_members_char_char.cc execution test
FAIL: 22_locale/codecvt_members_wchar_t_char.cc execution test
FAIL: 22_locale/ctor_copy_dtor.cc execution test
FAIL: 22_locale/ctype_to_char.cc execution test
FAIL: 22_locale/ctype_to_wchar_t.cc execution test
FAIL: 22_locale/facet.cc execution test
FAIL: 22_locale/static_members.cc execution test
FAIL: 26_numerics/c99_classification_macros_c.cc (test for excess errors)
FAIL: 27_io/ostream_inserter_arith.cc execution test

		=== libstdc++-v3 Summary ===

# of expected passes		409
# of unexpected failures	9
# of expected failures		27

Compiler version: 3.3 20021014 (experimental) 
Platform: i686-pc-linux-gnu
configure flags: --host=i686-pc-linux-gnu --enable-languages=c++,java --enable-threads=posix --enable-shared --enable-clocale=gnu --prefix=/usr/local/gcc33


Index Nav: [Date Index] [Subject Index] [Author Index] [Thread Index]
Message Nav: [Date Prev] [Date Next] [Thread Prev] [Thread Next]