This is the mail archive of the
gcc-testresults@gcc.gnu.org
mailing list for the GCC project.
Results for 3.3 20021009 (experimental) testsuite on i686-pc-cygwin
- From: "U-D90V2D0J\chj" <christian at j-son dot org>
- To: gcc-testresults at gcc dot gnu dot org
- Date: Thu, 10 Oct 2002 16:43:11 +0200
- Subject: Results for 3.3 20021009 (experimental) testsuite on i686-pc-cygwin
This was on a Windows XP SP1/cygwin P4 system with these packages:
binutils 2.13.90 (Thu Oct 10 04:24:21 2002 cvs trunk)
cygwin 1.3.12-4
dejagnu 1.4.3 (cygwin ver. 20010117-1 with 1.4.3 on top)
gcc 3.3 (Wed Oct 9 22:22:55 2002 cvs trunk)
LAST_UPDATED: Thu Oct 10 06:49:49 2002
Native configuration is i686-pc-cygwin
=== g++ tests ===
Running target unix
FAIL: g++.dg/ext/instantiate3.C scan-assembler-not
FAIL: g++.dg/opt/vt1.C scan-assembler-not section[^
FAIL: g++.dg/opt/vtgc1.C scan-assembler-dem .vtable_inherit[ ]*vtable for Multivv3.*0
FAIL: g++.dg/opt/vtgc1.C scan-assembler-dem .vtable_inherit[ ]*VTT for Multivv3.*0
FAIL: g++.dg/opt/vtgc1.C scan-assembler-dem .vtable_inherit[ ]*vtable for Multiss2.*vtable for Base2
FAIL: g++.dg/opt/vtgc1.C scan-assembler-dem .vtable_inherit[ ]*vtable for Multivs1.*vtable for Base2
FAIL: g++.dg/opt/vtgc1.C scan-assembler-dem .vtable_inherit[ ]*VTT for Multivs1.*vtable for Base2
FAIL: g++.dg/opt/vtgc1.C scan-assembler-dem .vtable_inherit[ ]*vtable for Multisv0.*vtable for Side0
FAIL: g++.dg/opt/vtgc1.C scan-assembler-dem .vtable_inherit[ ]*VTT for Multisv0.*vtable for Side0
FAIL: g++.dg/opt/vtgc1.C scan-assembler-dem .vtable_inherit[ ]*vtable for Side0.*0
FAIL: g++.dg/opt/vtgc1.C scan-assembler-dem .vtable_inherit[ ]*vtable for VbasedA.*0
FAIL: g++.dg/opt/vtgc1.C scan-assembler-dem .vtable_inherit[ ]*VTT for VbasedA.*0
FAIL: g++.dg/opt/vtgc1.C scan-assembler-dem .vtable_inherit[ ]*vtable for Base2.*vtable for Base1
FAIL: g++.dg/opt/vtgc1.C scan-assembler-dem .vtable_inherit[ ]*vtable for Base1.*vtable for Base0
FAIL: g++.dg/opt/vtgc1.C scan-assembler-dem .vtable_inherit[ ]*vtable for Base0.*0
WARNING: program timed out.
FAIL: g++.dg/parse/stack1.C (test for excess errors)
FAIL: g++.dg/warn/Wunused-2.C (test for warnings, line 5)
FAIL: g++.dg/special/initp1.C execution test
FAIL: g++.eh/badalloc1.C Execution test
XPASS: g++.ext/attrib5.C Execution test
XPASS: g++.jason/template18.C Execution test
FAIL: g++.law/profile1.C (test for excess errors)
FAIL: g++.pt/instantiate4.C (test for excess errors)
FAIL: g++.pt/instantiate6.C (test for excess errors)
FAIL: g++.pt/repo1.C (test for excess errors)
FAIL: g++.pt/repo2.C (test for excess errors)
FAIL: g++.pt/repo4.C (test for excess errors)
=== g++ Summary ===
# of expected passes 7548
# of unexpected failures 25
# of unexpected successes 2
# of expected failures 93
# of untested testcases 15
# of unsupported tests 3
/usr/local/src/gcc-binutils/trunk/objdir/gcc/testsuite/../g++ version 3.3 20021009 (experimental)
=== g77 tests ===
Running target unix
FAIL: g77.dg/7388.f execution test
FAIL: g77.dg/7388.f execution test
FAIL: g77.dg/7388.f execution test
FAIL: g77.dg/7388.f execution test
FAIL: g77.dg/7388.f execution test
FAIL: g77.f-torture/execute/20001201.f execution, -O0
FAIL: g77.f-torture/execute/20001201.f execution, -O1
FAIL: g77.f-torture/execute/20001201.f execution, -O2
FAIL: g77.f-torture/execute/20001201.f execution, -O3 -fomit-frame-pointer
FAIL: g77.f-torture/execute/20001201.f execution, -O3 -g
FAIL: g77.f-torture/execute/20001201.f execution, -Os
FAIL: g77.f-torture/execute/6367.f execution, -O0
FAIL: g77.f-torture/execute/6367.f execution, -O1
FAIL: g77.f-torture/execute/6367.f execution, -O2
FAIL: g77.f-torture/execute/6367.f execution, -O3 -fomit-frame-pointer
FAIL: g77.f-torture/execute/6367.f execution, -O3 -fomit-frame-pointer -funroll-loops
FAIL: g77.f-torture/execute/6367.f execution, -O3 -fomit-frame-pointer -funroll-all-loops -finline-functions
FAIL: g77.f-torture/execute/6367.f execution, -O3 -g
FAIL: g77.f-torture/execute/6367.f execution, -Os
FAIL: g77.f-torture/execute/io0.f execution, -O0
FAIL: g77.f-torture/execute/io0.f execution, -O1
FAIL: g77.f-torture/execute/io0.f execution, -O2
FAIL: g77.f-torture/execute/io0.f execution, -O3 -fomit-frame-pointer
FAIL: g77.f-torture/execute/io0.f execution, -O3 -g
FAIL: g77.f-torture/execute/io0.f execution, -Os
FAIL: g77.f-torture/execute/io1.f execution, -O0
FAIL: g77.f-torture/execute/io1.f execution, -O1
FAIL: g77.f-torture/execute/io1.f execution, -O2
FAIL: g77.f-torture/execute/io1.f execution, -O3 -fomit-frame-pointer
FAIL: g77.f-torture/execute/io1.f execution, -O3 -g
FAIL: g77.f-torture/execute/io1.f execution, -Os
=== g77 Summary ===
# of expected passes 1623
# of unexpected failures 31
/usr/local/src/gcc-binutils/trunk/objdir/gcc/testsuite/../g77 version 3.3 20021009 (experimental)
=== gcc tests ===
Running target unix
FAIL: gcc.dg/nest.c (test for excess errors)
WARNING: gcc.dg/nest.c compilation failed to produce executable
FAIL: gcc.dg/noncompile/incomplete-1.c (test for excess errors)
=== gcc Summary ===
# of expected passes 20984
# of unexpected failures 2
# of expected failures 63
# of unsupported tests 70
/usr/local/src/gcc-binutils/trunk/objdir/gcc/xgcc version 3.3 20021009 (experimental)
=== objc tests ===
Running target unix
=== objc Summary ===
# of expected passes 1153
/usr/local/src/gcc-binutils/trunk/objdir/gcc/xgcc version 3.3 20021009 (experimental)
=== libstdc++-v3 tests ===
Running target unix
XPASS: 22_locale/collate_members_wchar_t.cc execution test
FAIL: 22_locale/ctor_copy_dtor.cc execution test
XPASS: 22_locale/ctype_is_wchar_t.cc execution test
XPASS: 22_locale/money_get_members_wchar_t.cc execution test
XPASS: 22_locale/money_put_members_wchar_t.cc execution test
XPASS: 22_locale/moneypunct_members_wchar_t.cc execution test
XPASS: 22_locale/num_get_members_wchar_t.cc execution test
XPASS: 22_locale/num_put_members_wchar_t.cc execution test
XPASS: 22_locale/numpunct_members_wchar_t.cc execution test
FAIL: 22_locale/static_members.cc execution test
XPASS: 22_locale/time_get_members_wchar_t.cc execution test
XPASS: 22_locale/time_put_members_wchar_t.cc execution test
FAIL: 26_numerics/c99_classification_macros_c.cc (test for excess errors)
FAIL: 27_io/filebuf_members.cc execution test
FAIL: 27_io/ios_base_storage.cc execution test
FAIL: 27_io/istream_extractor_arith.cc execution test
=== libstdc++-v3 Summary ===
# of expected passes 412
# of unexpected failures 6
# of unexpected successes 10
# of expected failures 17
Compiler version: 3.3 20021009 (experimental)
Platform: i686-pc-cygwin
configure flags: --host=i686-pc-cygwin --prefix=/usr/local/gcc-binutils --disable-shared --enable-threads=posix
BOOT_CFLAGS=-O2 -march=pentium4 -mfpmath=sse -pipe
Counting all warnings,
there are 135 warnings in stage0 of this bootstrap.
Number of warnings per file:
59 cc1plus
27 include/i686-pc-cygwin/bits/gthr-default.h
10 libiberty/regex.c
6 include/i686-pc-cygwin/bits/c++locale.h
6 fastjar/jartool.c
4 libiberty/getopt.c
3 libf2c/libI77/rsne.c
3 libf2c/libI77/inquire.c
2 libtool
2 libobjc/linking.m
2 libiberty/strsignal.c
2 libiberty/sigsetmask.c
2 libf2c/libI77/open.c
2 include/xregex2.h
1 runtime-info.h
1 libobjc/encoding.c
1 libobjc/Protocol.m
1 libobjc/Object.m
1 configure
Number of warning types:
59 -ffunction-sections may affect debugging on some targets
27 ignoring
8 signed and unsigned type in conditional expression
6 unused parameter \`???'
6 unused
4 pointer targets in passing arg ??? of \`???' differ in signedness
4 dereferencing type-punned pointer will break strict-aliasing rules
4 comparison between signed and unsigned
4 \`???' might be used uninitialized in this function
2 undefined symbols not allowed in i686-pc-cygwin shared libraries
2 traditional C rejects ISO C style function definitions
2 string length \`???' is greater than the length \`???' ISO C89 compilers are required to support
2 \`???' defined but not used
2 ISO C90 does not support \`static' or type qualifiers in parameter array declarators
1 wchar_t support disabled.
1 unused variable \`???'
1 implicit declaration of function \`???'
Counting all warnings,
there are 30 warnings in stage3 of this bootstrap.
Number of warnings per file:
8 gcc/gcc.c
5 /usr/share/bison/bison.simple
2 insn-conditions.c
2 gcc/java/lex.c
2 gcc/f/sta.c
2 gcc/cp/lang-specs.h
2 gcc/calls.c
1 gcc/varasm.c
1 gcc/unwind-pe.h
1 gcc/sdbout.c
1 gcc/java/jvspec.c
1 gcc/java/jcf-parse.c
1 gcc/function.c
1 gcc/emit-rtl.c
Number of warning types:
7 string length \`???' is greater than the length \`???' ISO C89 compilers are required to support
4 traditional C rejects string concatenation
3 label \`???' defined but not used
2 traditional C rejects ISO C style function definitions
2 signed and unsigned type in conditional expression
2 dereferencing type-punned pointer will break strict-aliasing rules
2 comparison between signed and unsigned
2 assignment of read-only location
2 \`???' might be used uninitialized in this function
1 unused variable \`???'
1 passing arg ??? of \`???' from incompatible pointer type
1 assignment discards qualifiers from pointer target type
1 \`???' defined but not used