This is the mail archive of the
gcc-testresults@gcc.gnu.org
mailing list for the GCC project.
Results for 3.2.1 20021008 (prerelease) testsuite on sparc-unknown-linux-gnu
- From: Christian Jönsson <christian at j-son dot org>
- To: gcc-testresults at gcc dot gnu dot org
- Date: Wed, 09 Oct 2002 22:06:59 +0200
- Subject: Results for 3.2.1 20021008 (prerelease) testsuite on sparc-unknown-linux-gnu
This was on a Debian 3.0 (Woody) dual SuperSparc-II sun4m system with these
packages:
binutils 2.12.90.0.1-4 (20020307)
dejagnu 1.4.2-1.1
expect 5.32.2-4
gcc 2:2.95.4-14 (Debian prerelease)
gcc-2.95 1:2.95.4-7 (Debian prerelease)
gnat 3.14p-3
kernel-image 2.4.19_2 (from http://osinvestor.com/sparc)
tcl8.3 8.3.3-7
LAST_UPDATED: Wed Oct 9 06:55:33 UTC 2002
Native configuration is sparc-unknown-linux-gnu
=== g++ tests ===
Running target unix
=== g++ Summary ===
# of expected passes 7258
# of expected failures 88
# of untested testcases 22
# of unsupported tests 5
/share2/gcc-rel/objdir/gcc/testsuite/../g++ version 3.2.1 20021008 (prerelease)
=== g77 tests ===
Running target unix
=== g77 Summary ===
# of expected passes 1452
# of unsupported tests 8
/share2/gcc-rel/objdir/gcc/testsuite/../g77 version 3.2.1 20021008 (prerelease)
=== gcc tests ===
Running target unix
WARNING: program timed out.
FAIL: gcc.c-torture/compile/20001226-1.c, -O2
WARNING: program timed out.
FAIL: gcc.c-torture/compile/20001226-1.c, -O3 -fomit-frame-pointer
WARNING: program timed out.
FAIL: gcc.c-torture/compile/20001226-1.c, -O3 -g
WARNING: program timed out.
FAIL: gcc.c-torture/compile/20001226-1.c, -Os
=== gcc Summary ===
# of expected passes 18563
# of unexpected failures 4
# of expected failures 66
# of unsupported tests 110
/share2/gcc-rel/objdir/gcc/xgcc version 3.2.1 20021008 (prerelease)
=== objc tests ===
Running target unix
=== objc Summary ===
# of expected passes 1035
# of expected failures 6
/share2/gcc-rel/objdir/gcc/xgcc version 3.2.1 20021008 (prerelease)
=== libjava tests ===
Running target unix
FAIL: Array_3 execution from source compiled test
FAIL: Array_3 execution from bytecode->native test
FAIL: Array_3 -O execution from source compiled test
FAIL: Array_3 -O execution from bytecode->native test
FAIL: Invoke_1 execution from source compiled test
FAIL: Invoke_1 execution from bytecode->native test
FAIL: Invoke_1 -O execution from source compiled test
FAIL: Invoke_1 -O execution from bytecode->native test
FAIL: PR218 execution from source compiled test
FAIL: PR218 execution from bytecode->native test
FAIL: PR218 -O execution from source compiled test
FAIL: PR218 -O execution from bytecode->native test
WARNING: program timed out.
FAIL: SyncTest execution from source compiled test
WARNING: program timed out.
FAIL: SyncTest execution from bytecode->native test
WARNING: program timed out.
FAIL: SyncTest -O execution from source compiled test
WARNING: program timed out.
FAIL: SyncTest -O execution from bytecode->native test
FAIL: Throw_2 execution from source compiled test
FAIL: Throw_2 execution from bytecode->native test
FAIL: Throw_2 -O execution from source compiled test
FAIL: Throw_2 -O execution from bytecode->native test
=== libjava Summary ===
# of expected passes 2035
# of unexpected failures 20
# of expected failures 18
# of untested testcases 34
=== libstdc++-v3 tests ===
Running target unix
XPASS: 22_locale/ctype_is_wchar_t.cc execution test
FAIL: 26_numerics/c99_classification_macros_c.cc (test for excess errors)
WARNING: program timed out.
FAIL: thread/pthread1.cc execution test
WARNING: program timed out.
FAIL: thread/pthread5.cc execution test
WARNING: program timed out.
FAIL: thread/pthread6.cc execution test
=== libstdc++-v3 Summary ===
# of expected passes 405
# of unexpected failures 4
# of unexpected successes 1
# of expected failures 25
Compiler version: 3.2.1 20021008 (prerelease)
Platform: sparc-unknown-linux-gnu
configure flags: --host=sparc-linux --prefix=/usr/local/gcc-binutils --enable-shared --enable-threads=posix
Counting all warnings,
there are 212 warnings in stage0 of this bootstrap.
Number of warnings per file:
96 libiberty/md5.c
76 libiberty/regex.c
5 libjava/java/lang/natClassLoader.cc
4 libjava/java/lang/strtod.c
4 libjava/java/lang/dtoa.c
4 cc1
3 libjava/java/lang/e_exp.c
3 gcc/unwind-pe.h
2 include/xregex2.h
2 include/gc.h
1 libsupc++/eh_terminate.cc
1 libjava/prims.cc
1 libjava/posix-threads.cc
1 libjava/java/lang/e_rem_pio2.c
1 libjava/java/lang/e_log.c
1 libjava/java/lang/e_asin.c
1 libjava/gnu/gcj/runtime/natSharedLibLoader.cc
1 libjava/gnu/gcj/io/shs.cc
1 libjava/boehm.cc
1 libf2c/libI77/open.c
1 gcc/boehm-gc/mark_rts.c
1 cxa_demangle.c
1 config.h
Number of warning types:
64 traditional C rejects string concatenation
32 function-like macro \`FI' must be used with arguments in traditional C
32 function-like macro \`FH' must be used with arguments in traditional C
32 function-like macro \`FG' must be used with arguments in traditional C
13 \`???' might be used uninitialized in this function
8 signed and unsigned type in conditional expression
6 unused
4 unused parameter \`???'
3 this is the location of the previous definition
2 ignoring command line option '-fno-implicit-templates'
2 control
2 \`GC_LINUX_THREADS' redefined
2 \`
2 ISO C89 does not support \`static' or type qualifiers in parameter array declarators
2 (it is valid for C++ but not the selected language)
1 unused
1 function returns address of local variable
1 division: function singularity
1 \`noreturn'
1 \`_XOPEN_SOURCE' redefined
1 \`???' defined but not used
Counting all warnings,
there are 50 warnings in stage3 of this bootstrap.
Number of warnings per file:
23 gcc/combine.c
10 gcc/regclass.c
3 gcc/gcc.c
2 gcc/fold-const.c
2 gcc/crtstuff.c
1 gcc/sched-deps.c
1 gcc/reload.c
1 gcc/profile.c
1 gcc/objc/lang-specs.h
1 gcc/java/jvspec.c
1 gcc/function.c
1 gcc/emit-rtl.c
1 gcc/cp/lang-specs.h
1 gcc/cp/init.c
1 gcc/cp/class.c
Number of warning types:
34 comparison between signed and unsigned
6 string length \`???' is greater than the length \`???' ISO C89 compilers are required to support
4 signed and unsigned type in conditional expression
2 unused variable \`???'
2 \`???' defined but not used
1 unused parameter \`???'
1 pointer targets in passing arg ??? of \`???' differ in signedness