This is the mail archive of the
gcc-testresults@gcc.gnu.org
mailing list for the GCC project.
Results for 3.3 20021001 (experimental) testsuite on i686-pc-cygwin
- From: "U-D90V2D0J\chj" <christian at j-son dot org>
- To: gcc-testresults at gcc dot gnu dot org
- Date: Wed, 2 Oct 2002 10:32:10 +0200
- Subject: Results for 3.3 20021001 (experimental) testsuite on i686-pc-cygwin
This was on a Windows XP SP1/cygwin P4 system with these packages:
binutils 2.12.90 20020706 (cygwin ver. 20020706-2)
cygwin 1.3.12-4
dejagnu 1.4.2.x (cygwin ver. 20010117-1 + cvs 20020428 on top)
gcc 2.95.3-5
LAST_UPDATED: Tue Oct 1 21:23:06 2002
Native configuration is i686-pc-cygwin
=== g++ tests ===
Running target unix
FAIL: g++.dg/ext/instantiate3.C scan-assembler-not
FAIL: g++.dg/opt/vt1.C scan-assembler-not section[^
FAIL: g++.dg/opt/vtgc1.C scan-assembler-dem .vtable_inherit[ ]*vtable for Multivv3.*0
FAIL: g++.dg/opt/vtgc1.C scan-assembler-dem .vtable_inherit[ ]*VTT for Multivv3.*0
FAIL: g++.dg/opt/vtgc1.C scan-assembler-dem .vtable_inherit[ ]*vtable for Multiss2.*vtable for Base2
FAIL: g++.dg/opt/vtgc1.C scan-assembler-dem .vtable_inherit[ ]*vtable for Multivs1.*vtable for Base2
FAIL: g++.dg/opt/vtgc1.C scan-assembler-dem .vtable_inherit[ ]*VTT for Multivs1.*vtable for Base2
FAIL: g++.dg/opt/vtgc1.C scan-assembler-dem .vtable_inherit[ ]*vtable for Multisv0.*vtable for Side0
FAIL: g++.dg/opt/vtgc1.C scan-assembler-dem .vtable_inherit[ ]*VTT for Multisv0.*vtable for Side0
FAIL: g++.dg/opt/vtgc1.C scan-assembler-dem .vtable_inherit[ ]*vtable for Side0.*0
FAIL: g++.dg/opt/vtgc1.C scan-assembler-dem .vtable_inherit[ ]*vtable for VbasedA.*0
FAIL: g++.dg/opt/vtgc1.C scan-assembler-dem .vtable_inherit[ ]*VTT for VbasedA.*0
FAIL: g++.dg/opt/vtgc1.C scan-assembler-dem .vtable_inherit[ ]*vtable for Base2.*vtable for Base1
FAIL: g++.dg/opt/vtgc1.C scan-assembler-dem .vtable_inherit[ ]*vtable for Base1.*vtable for Base0
FAIL: g++.dg/opt/vtgc1.C scan-assembler-dem .vtable_inherit[ ]*vtable for Base0.*0
FAIL: g++.dg/parse/stack1.C (test for excess errors)
FAIL: g++.dg/warn/Wunused-2.C (test for warnings, line 5)
FAIL: g++.dg/special/initp1.C execution test
FAIL: g++.eh/badalloc1.C Execution test
XPASS: g++.ext/attrib5.C Execution test
XPASS: g++.jason/template18.C Execution test
FAIL: g++.law/profile1.C (test for excess errors)
=== g++ Summary ===
# of expected passes 7525
# of unexpected failures 20
# of unexpected successes 2
# of expected failures 93
# of untested testcases 15
# of unsupported tests 3
/usr/local/src/gcc-binutils/trunk/objdir/gcc/testsuite/../g++ version 3.3 20021001 (experimental)
=== g77 tests ===
Running target unix
FAIL: g77.dg/7388.f execution test
FAIL: g77.dg/7388.f execution test
FAIL: g77.dg/7388.f execution test
FAIL: g77.dg/7388.f execution test
FAIL: g77.dg/7388.f execution test
=== g77 Summary ===
# of expected passes 1649
# of unexpected failures 5
/usr/local/src/gcc-binutils/trunk/objdir/gcc/testsuite/../g77 version 3.3 20021001 (experimental)
=== gcc tests ===
Running target unix
FAIL: gcc.dg/nest.c (test for excess errors)
WARNING: gcc.dg/nest.c compilation failed to produce executable
FAIL: gcc.dg/noncompile/incomplete-1.c (test for excess errors)
=== gcc Summary ===
# of expected passes 20975
# of unexpected failures 2
# of expected failures 63
# of unsupported tests 70
/usr/local/src/gcc-binutils/trunk/objdir/gcc/xgcc version 3.3 20021001 (experimental)
=== objc tests ===
Running target unix
=== objc Summary ===
# of expected passes 1153
/usr/local/src/gcc-binutils/trunk/objdir/gcc/xgcc version 3.3 20021001 (experimental)
=== libjava tests ===
Running target unix
FAIL: ArrayClass compilation from source
FAIL: ArrayClass -O compilation from source
FAIL: Case compilation from source
FAIL: Case -O compilation from source
FAIL: G19990210_1 compilation from source
FAIL: G19990210_1 -O compilation from source
FAIL: G19990210_2 compilation from source
FAIL: G19990210_2 -O compilation from source
FAIL: G19990210_3 compilation from source
FAIL: G19990210_3 -O compilation from source
FAIL: G19990217_01 compilation from source
FAIL: G19990217_01 -O compilation from source
FAIL: G19990217_02 compilation from source
FAIL: G19990217_02 -O compilation from source
FAIL: G19990225_01 compilation from source
FAIL: G19990225_01 -O compilation from source
FAIL: N19990310_01 compilation from source
FAIL: N19990310_01 -O compilation from source
FAIL: N19990317 compilation from source
FAIL: N19990317 -O compilation from source
FAIL: OperatorBenchmark compilation from source
FAIL: OperatorBenchmark -O compilation from source
FAIL: PR129_B compilation from source
FAIL: PR129_B -O compilation from source
FAIL: PR1343 compilation from source
FAIL: PR1343 compilation from bytecode
FAIL: PR1343 -O compilation from source
FAIL: PR1343 -O compilation from bytecode
FAIL: PR206 compilation from source
FAIL: PR206 -O compilation from source
FAIL: PR207 compilation from source
FAIL: PR207 -O compilation from source
FAIL: PR208 compilation from source
FAIL: PR208 -O compilation from source
FAIL: PR209 compilation from source
FAIL: PR209 -O compilation from source
FAIL: PR232 compilation from source
FAIL: PR232 -O compilation from source
FAIL: PR232B compilation from source
FAIL: PR232B -O compilation from source
FAIL: PR234 compilation from source
FAIL: PR234 -O compilation from source
FAIL: PR235 compilation from source
FAIL: PR235 -O compilation from source
FAIL: PR238 compilation from source
FAIL: PR238 -O compilation from source
FAIL: PR295 compilation from source
FAIL: PR295 -O compilation from source
FAIL: PR374 compilation from source
FAIL: PR374 -O compilation from source
FAIL: PR375 compilation from source
FAIL: PR375 -O compilation from source
FAIL: PR4766 compilation from source
FAIL: PR4766 -O compilation from source
FAIL: PR5641 compilation from source
FAIL: PR5641 -O compilation from source
FAIL: PR5848 compilation from source
FAIL: PR5848 -O compilation from source
FAIL: PR5902 compilation from source
FAIL: PR5902 -O compilation from source
FAIL: PR5913 compilation from source
FAIL: PR5913 -O compilation from source
FAIL: PR6026 compilation from source
FAIL: PR6026 -O compilation from source
FAIL: Semi compilation from source
FAIL: Semi -O compilation from source
FAIL: SuperConstr compilation from source
FAIL: SuperConstr -O compilation from source
FAIL: T20020529 compilation from source
FAIL: T20020529 -O compilation from source
FAIL: T20020604 compilation from source
FAIL: T20020604 -O compilation from source
FAIL: Twice compilation from source
FAIL: Twice -O compilation from source
FAIL: XercesBug compilation from source
FAIL: XercesBug -O compilation from source
FAIL: abstr compilation from source
FAIL: abstr -O compilation from source
FAIL: assignment compilation from source
FAIL: assignment -O compilation from source
FAIL: assignment_2 compilation from source
FAIL: assignment_2 -O compilation from source
FAIL: comment compilation from source
FAIL: comment -O compilation from source
FAIL: final_initialization_in_ctor compilation from source
FAIL: final_initialization_in_ctor -O compilation from source
FAIL: final_local_switch compilation from source
FAIL: final_local_switch -O compilation from source
FAIL: iface compilation from source
FAIL: iface -O compilation from source
FAIL: inner_data compilation from source
FAIL: inner_data -O compilation from source
FAIL: inner_inherit compilation from source
FAIL: inner_inherit -O compilation from source
FAIL: inner_priv compilation from source
FAIL: inner_priv -O compilation from source
FAIL: inner_pub compilation from source
FAIL: inner_pub -O compilation from source
FAIL: narrow_case compilation from source
FAIL: narrow_case -O compilation from source
FAIL: not_a_redef compilation from source
FAIL: not_a_redef -O compilation from source
FAIL: perc compilation from source
FAIL: perc -O compilation from source
FAIL: plusplus compilation from source
FAIL: plusplus -O compilation from source
FAIL: pr172 compilation from source
FAIL: pr172 -O compilation from source
FAIL: pr174 compilation from source
FAIL: pr174 -O compilation from source
FAIL: pr176 compilation from source
FAIL: pr176 -O compilation from source
FAIL: static_2 compilation from source
FAIL: static_2 -O compilation from source
FAIL: static_3 compilation from source
FAIL: static_3 -O compilation from source
FAIL: static_init2 compilation from source
FAIL: static_init2 -O compilation from source
FAIL: static_inner compilation from source
FAIL: static_inner -O compilation from source
FAIL: weirddecl compilation from source
FAIL: weirddecl -O compilation from source
FAIL: zeroexp compilation from source
FAIL: zeroexp -O compilation from source
FAIL: linking calls
FAIL: linking cxxtest
FAIL: linking field
FAIL: linking final_method
FAIL: linking findclass
FAIL: linking invoke
FAIL: linking martin
FAIL: linking noclass
FAIL: linking overload
FAIL: linking register
FAIL: linking simple_int
FAIL: linking throwit
FAIL: linking virtual
FAIL: ArrayStore compilation from source
FAIL: ArrayStore execution - gij test
FAIL: ArrayStore -O compilation from source
FAIL: ArrayStore execution - gij test
FAIL: ArrayStore2 compilation from source
FAIL: ArrayStore2 execution - gij test
FAIL: ArrayStore2 -O compilation from source
FAIL: ArrayStore2 execution - gij test
FAIL: Array_1 compilation from source
FAIL: Array_1 -O compilation from source
FAIL: Array_2 compilation from source
FAIL: Array_2 -O compilation from source
FAIL: Array_3 compilation from source
WARNING: program timed out.
FAIL: Array_3 execution - gij test
WARNING: program timed out.
FAIL: Array_3 execution - bytecode->native test
FAIL: Array_3 -O compilation from source
WARNING: program timed out.
FAIL: Array_3 execution - gij test
WARNING: program timed out.
FAIL: Array_3 -O execution - bytecode->native test
FAIL: Class_1 compilation from source
FAIL: Class_1 -O compilation from source
FAIL: Divide_1 compilation from source
FAIL: Divide_1 execution - gij test
WARNING: program timed out.
FAIL: Divide_1 execution - bytecode->native test
FAIL: Divide_1 -O compilation from source
FAIL: Divide_1 execution - gij test
WARNING: program timed out.
FAIL: Divide_1 -O execution - bytecode->native test
FAIL: FileHandleGcTest compilation from source
WARNING: program timed out.
FAIL: FileHandleGcTest execution - gij test
FAIL: FileHandleGcTest -O compilation from source
WARNING: program timed out.
FAIL: FileHandleGcTest execution - gij test
WARNING: program timed out.
FAIL: FileHandleGcTest -O execution - bytecode->native test
FAIL: Final compilation from source
FAIL: Final execution - gij test
FAIL: Final -O compilation from source
FAIL: Final execution - gij test
FAIL: Float_1 compilation from source
FAIL: Float_1 -O compilation from source
FAIL: G19990301_01 compilation from source
FAIL: G19990301_01 -O compilation from source
FAIL: G19990302_02 compilation from source
FAIL: G19990302_02 execution - gij test
FAIL: G19990302_02 -O compilation from source
FAIL: G19990302_02 execution - gij test
FAIL: G19990303_01 compilation from source
FAIL: G19990303_01 execution - gij test
FAIL: G19990303_01 -O compilation from source
FAIL: G19990303_01 execution - gij test
FAIL: G19990303_02 compilation from source
WARNING: program timed out.
FAIL: G19990303_02 execution - gij test
FAIL: G19990303_02 -O compilation from source
WARNING: program timed out.
FAIL: G19990303_02 execution - gij test
FAIL: G19990304_01 compilation from source
FAIL: G19990304_01 execution - gij test
FAIL: G19990304_01 -O compilation from source
FAIL: G19990304_01 execution - gij test
FAIL: G19990310_01 compilation from source
FAIL: G19990310_01 -O compilation from source
FAIL: II compilation from source
FAIL: II -O compilation from source
FAIL: InterfaceDispatch compilation from source
FAIL: InterfaceDispatch execution - gij test
FAIL: InterfaceDispatch -O compilation from source
FAIL: InterfaceDispatch execution - gij test
FAIL: InvokeReturn compilation from source
FAIL: InvokeReturn -O compilation from source
FAIL: Invoke_1 compilation from source
FAIL: Invoke_1 execution - gij test
FAIL: Invoke_1 -O compilation from source
FAIL: Invoke_1 execution - gij test
FAIL: Invoke_2 compilation from source
FAIL: Invoke_2 -O compilation from source
FAIL: KeepInline compilation from source
FAIL: KeepInline -O compilation from source
FAIL: Matrix4f compilation from source
FAIL: Matrix4f -O compilation from source
FAIL: N19990310_02 compilation from source
FAIL: N19990310_02 -O compilation from source
FAIL: N19990310_3 compilation from source
FAIL: N19990310_3 -O compilation from source
FAIL: N19990310_4 compilation from source
FAIL: N19990310_4 -O compilation from source
FAIL: N19990310_5 compilation from source
FAIL: N19990310_5 -O compilation from source
FAIL: PR141 compilation from source
WARNING: program timed out.
FAIL: PR141 execution - gij test
FAIL: PR141 -O compilation from source
WARNING: program timed out.
FAIL: PR141 execution - gij test
FAIL: PR160 compilation from source
FAIL: PR160 -O compilation from source
FAIL: PR162 compilation from source
FAIL: PR162 -O compilation from source
FAIL: PR218 compilation from source
WARNING: program timed out.
FAIL: PR218 execution - gij test
FAIL: PR218 -O compilation from source
WARNING: program timed out.
FAIL: PR218 execution - gij test
FAIL: PR242 compilation from source
FAIL: PR242 -O compilation from source
FAIL: PR260 compilation from source
FAIL: PR260 -O compilation from source
FAIL: PR3096 compilation from source
FAIL: PR3096 -O compilation from source
FAIL: PR3731 compilation from source
FAIL: PR3731 -O compilation from source
FAIL: PR5057 compilation from source
FAIL: PR5057 -O compilation from source
FAIL: PR5057_2 compilation from source
FAIL: PR5057_2 -O compilation from source
FAIL: PR55 compilation from source
FAIL: PR55 -O compilation from source
FAIL: PR56 compilation from source
FAIL: PR56 -O compilation from source
FAIL: PR6085 compilation from source
FAIL: PR6085 -O compilation from source
FAIL: PR6204 compilation from source
FAIL: PR6204 -O compilation from source
FAIL: PR6729 compilation from source
FAIL: PR6729 -O compilation from source
FAIL: PR6820 compilation from source
FAIL: PR6820 -O compilation from source
FAIL: Primes compilation from source
WARNING: program timed out.
FAIL: Primes execution - gij test
FAIL: Primes -O compilation from source
WARNING: program timed out.
FAIL: Primes execution - gij test
FAIL: Shazam compilation from source
FAIL: Shazam -O compilation from source
FAIL: StringBuffer_1 compilation from source
FAIL: StringBuffer_1 execution - gij test
FAIL: StringBuffer_1 -O compilation from source
FAIL: StringBuffer_1 execution - gij test
FAIL: SyncGlobal compilation from source
FAIL: SyncGlobal -O compilation from source
FAIL: SyncTest compilation from source
FAIL: SyncTest execution - gij test
FAIL: SyncTest execution - bytecode->native test
FAIL: SyncTest -O compilation from source
FAIL: SyncTest execution - gij test
FAIL: SyncTest -O execution - bytecode->native test
FAIL: Synch compilation from source
FAIL: Synch -O compilation from source
FAIL: TLtest compilation from source
FAIL: TLtest -O compilation from source
FAIL: TestProxy compilation from source
WARNING: program timed out.
FAIL: TestProxy execution - gij test
WARNING: program timed out.
FAIL: TestProxy execution - bytecode->native test
FAIL: TestProxy -O compilation from source
WARNING: program timed out.
FAIL: TestProxy execution - gij test
WARNING: program timed out.
FAIL: TestProxy -O execution - bytecode->native test
FAIL: Thread_Alive compilation from source
FAIL: Thread_Alive execution - gij test
FAIL: Thread_Alive -O compilation from source
FAIL: Thread_Alive execution - gij test
FAIL: Thread_Interrupt compilation from source
FAIL: Thread_Interrupt execution - gij test
FAIL: Thread_Interrupt -O compilation from source
FAIL: Thread_Interrupt execution - gij test
FAIL: Thread_Join compilation from source
FAIL: Thread_Join -O compilation from source
FAIL: Thread_Monitor compilation from source
FAIL: Thread_Monitor -O compilation from source
FAIL: Thread_Sleep compilation from source
FAIL: Thread_Sleep -O compilation from source
FAIL: Thread_Wait compilation from source
FAIL: Thread_Wait -O compilation from source
FAIL: Thread_Wait_2 compilation from source
WARNING: program timed out.
FAIL: Thread_Wait_2 execution - gij test
FAIL: Thread_Wait_2 -O compilation from source
WARNING: program timed out.
FAIL: Thread_Wait_2 execution - gij test
FAIL: Thread_Wait_Interrupt compilation from source
WARNING: program timed out.
FAIL: Thread_Wait_Interrupt execution - gij test
FAIL: Thread_Wait_Interrupt -O compilation from source
WARNING: program timed out.
FAIL: Thread_Wait_Interrupt execution - gij test
FAIL: Thread_Wait_Interrupt -O output - bytecode->native test
FAIL: Throw_1 compilation from source
FAIL: Throw_1 -O compilation from source
FAIL: Throw_2 compilation from source
WARNING: program timed out.
FAIL: Throw_2 execution - gij test
WARNING: program timed out.
FAIL: Throw_2 execution - bytecode->native test
FAIL: Throw_2 -O compilation from source
WARNING: program timed out.
FAIL: Throw_2 execution - gij test
WARNING: program timed out.
FAIL: Throw_2 -O execution - bytecode->native test
FAIL: anfi compilation from source
FAIL: anfi -O compilation from source
FAIL: anon compilation from source
FAIL: anon -O compilation from source
FAIL: anon2 compilation from source
FAIL: anon2 -O compilation from source
FAIL: anon3 compilation from source
FAIL: anon3 -O compilation from source
FAIL: anon4 compilation from source
FAIL: anon4 -O compilation from source
FAIL: anon_ctor_itf_arg compilation from source
FAIL: anon_ctor_itf_arg -O compilation from source
FAIL: anonarray compilation from source
FAIL: anonarray -O compilation from source
FAIL: anonarray2 compilation from source
FAIL: anonarray2 -O compilation from source
FAIL: anonarray3 compilation from source
FAIL: anonarray3 -O compilation from source
FAIL: direct_read compilation from source
FAIL: direct_read -O compilation from source
FAIL: direct_write compilation from source
FAIL: direct_write -O compilation from source
FAIL: emptystring compilation from source
FAIL: emptystring -O compilation from source
FAIL: err1 compilation from source
FAIL: err1 -O compilation from source
FAIL: err10 compilation from source
FAIL: err10 -O compilation from source
FAIL: err11 compilation from source
FAIL: err11 -O compilation from source
FAIL: err12 compilation from source
FAIL: err12 -O compilation from source
FAIL: err13 compilation from source
FAIL: err13 -O compilation from source
FAIL: err2 compilation from source
FAIL: err2 -O compilation from source
FAIL: err3 compilation from source
FAIL: err3 -O compilation from source
FAIL: err4 compilation from source
FAIL: err4 -O compilation from source
FAIL: err5 compilation from source
FAIL: err5 -O compilation from source
FAIL: err6 compilation from source
FAIL: err6 -O compilation from source
FAIL: err7 compilation from source
FAIL: err7 -O compilation from source
FAIL: err8 compilation from source
FAIL: err8 -O compilation from source
FAIL: err9 compilation from source
FAIL: err9 -O compilation from source
FAIL: final_inner compilation from source
FAIL: final_inner -O compilation from source
FAIL: final_int compilation from source
FAIL: final_int -O compilation from source
FAIL: final_static_and_friend compilation from source
FAIL: final_static_and_friend -O compilation from source
FAIL: indirect compilation from source
FAIL: indirect -O compilation from source
FAIL: indirect_read compilation from source
FAIL: indirect_read -O compilation from source
FAIL: indirect_write compilation from source
FAIL: indirect_write -O compilation from source
FAIL: inline compilation from source
FAIL: inline -O compilation from source
FAIL: inner1 compilation from source
FAIL: inner1 -O compilation from source
FAIL: inner2 compilation from source
FAIL: inner2 -O compilation from source
FAIL: inner3 compilation from source
FAIL: inner3 -O compilation from source
FAIL: inner4 compilation from source
FAIL: inner4 -O compilation from source
FAIL: inner_array compilation from source
FAIL: inner_array -O compilation from source
FAIL: inner_interface compilation from source
FAIL: inner_interface -O compilation from source
FAIL: instance compilation from source
WARNING: program timed out.
FAIL: instance execution - gij test
FAIL: instance -O compilation from source
WARNING: program timed out.
FAIL: instance execution - gij test
FAIL: instinit compilation from source
FAIL: instinit -O compilation from source
FAIL: instinit2 compilation from source
FAIL: instinit2 execution - gij test
FAIL: instinit2 -O compilation from source
FAIL: instinit2 execution - gij test
FAIL: invoke_from_inner compilation from source
FAIL: invoke_from_inner -O compilation from source
FAIL: invokethrow compilation from source
FAIL: invokethrow execution - gij test
FAIL: invokethrow -O compilation from source
FAIL: invokethrow execution - gij test
FAIL: klass compilation from source
FAIL: klass -O compilation from source
FAIL: multiple_finit compilation from source
FAIL: multiple_finit -O compilation from source
FAIL: negzero compilation from source
FAIL: negzero -O compilation from source
FAIL: nested_with_ctor compilation from source
FAIL: nested_with_ctor -O compilation from source
FAIL: pr109 compilation from source
FAIL: pr109 -O compilation from source
FAIL: pr133 compilation from source
FAIL: pr133 -O compilation from source
FAIL: pr179 compilation from source
FAIL: pr179 -O compilation from source
FAIL: pr184 compilation from source
FAIL: pr184 execution - gij test
FAIL: pr184 -O compilation from source
FAIL: pr184 execution - gij test
FAIL: pr83 compilation from source
FAIL: pr83 execution - gij test
FAIL: pr83 -O compilation from source
FAIL: pr83 execution - gij test
FAIL: private_direct_read compilation from source
FAIL: private_direct_read -O compilation from source
FAIL: search_outer compilation from source
FAIL: search_outer -O compilation from source
FAIL: stringconst compilation from source
FAIL: stringconst -O compilation from source
FAIL: stringconst2 compilation from source
FAIL: stringconst2 -O compilation from source
FAIL: stub compilation from source
FAIL: stub -O compilation from source
FAIL: test_long compilation from source
FAIL: test_long -O compilation from source
FAIL: tmi compilation from source
FAIL: tmi -O compilation from source
FAIL: tp compilation from source
FAIL: tp -O compilation from source
FAIL: update_outer compilation from source
FAIL: update_outer -O compilation from source
FAIL: utf8concat compilation from source
WARNING: program timed out.
FAIL: utf8concat execution - gij test
FAIL: utf8concat execution - bytecode->native test
FAIL: utf8concat -O compilation from source
WARNING: program timed out.
FAIL: utf8concat execution - gij test
FAIL: utf8concat -O execution - bytecode->native test
=== libjava Summary ===
# of expected passes 1706
# of unexpected failures 455
# of expected failures 23
# of untested testcases 571
=== libstdc++-v3 tests ===
Running target unix
XPASS: 22_locale/collate_members_wchar_t.cc execution test
XPASS: 22_locale/ctype_is_wchar_t.cc execution test
XPASS: 22_locale/money_get_members_wchar_t.cc execution test
XPASS: 22_locale/money_put_members_wchar_t.cc execution test
XPASS: 22_locale/moneypunct_members_wchar_t.cc execution test
XPASS: 22_locale/num_get_members_wchar_t.cc execution test
XPASS: 22_locale/num_put_members_wchar_t.cc execution test
XPASS: 22_locale/numpunct_members_wchar_t.cc execution test
XPASS: 22_locale/time_get_members_wchar_t.cc execution test
XPASS: 22_locale/time_put_members_wchar_t.cc execution test
FAIL: 26_numerics/c99_classification_macros_c.cc (test for excess errors)
FAIL: 27_io/filebuf_members.cc execution test
FAIL: 27_io/ios_base_storage.cc execution test
FAIL: 27_io/istream_extractor_arith.cc execution test
=== libstdc++-v3 Summary ===
# of expected passes 414
# of unexpected failures 4
# of unexpected successes 10
# of expected failures 17
Compiler version: 3.3 20021001 (experimental)
Platform: i686-pc-cygwin
configure flags: --host=i686-pc-cygwin --prefix=/usr/local/gcc-binutils --disable-shared --enable-threads=posix --enable-libgcj --enable-sjlj-exceptions --with-system-zlib --without-included-gettext
Counting all warnings,
there are 225 warnings in stage0 of this bootstrap.
Number of warnings per file:
59 cc1plus
46 libiberty/md5.c
27 include/i686-pc-cygwin/bits/gthr-default.h
9 libiberty/regex.c
6 libtool
6 libjava/gnu/gcj/convert/natIconv.cc
6 include/libiberty.h
6 include/i686-pc-cygwin/bits/c++locale.h
6 include/alloca.h
4 libjava/java/lang/strtod.c
4 libjava/java/lang/dtoa.c
4 libiberty/getopt.c
4 include/getopt.h
3 libf2c/libI77/rsne.c
3 libf2c/libI77/inquire.c
2 libobjc/linking.m
2 libjava/prims.cc
2 libjava/java/net/natPlainDatagramSocketImpl.cc
2 libjava/java/lang/w_exp.c
2 libjava/gnu/gcj/runtime/natSharedLibLoader.cc
2 libjava/gnu/gcj/runtime/natNameFinder.cc
2 libiberty/strsignal.c
2 libiberty/cplus-dem.c
2 libf2c/libI77/open.c
1 runtime-info.h
1 libobjc/encoding.c
1 libobjc/Protocol.m
1 libobjc/Object.m
1 libjava/verify.cc
1 libjava/java/net/natNetworkInterface.cc
1 libjava/java/lang/natVMThrowable.cc
1 libjava/java/lang/e_exp.c
1 libjava/interpret.cc
1 libjava/gnu/gcj/io/shs.cc
1 libiberty/sigsetmask.c
1 include/xregex2.h
1 gcc/boehm-gc/mark_rts.c
1 configure
Number of warning types:
59 -ffunction-sections may affect debugging on some targets
49 integer constant is unsigned in ANSI C, signed with -traditional
27 ignoring
19 unused
13 \`???' might be used uninitialized in this function
6 unused parameter \`???'
6 type punning cast is not type based aliasing safe
6 this is the location of the previous definition
6 \`???' redefined
4 undefined symbols not allowed in i686-pc-cygwin shared libraries
4 signed and unsigned type in conditional expression
4 function declaration isn't a prototype
4 comparison between signed and unsigned
4 \`???' defined but not used
3 unused
2 \`
1 wchar_t support disabled.
1 unused variable \`???'
1 traditional C rejects ISO C style function definitions
1 to ensure that POSIX-compatible ar will work
1 object name conflicts; overriding AR_FLAGS to 'cq'
1 implicit declaration of function \`???'
1 function returns address of local variable
1 comparison
1 ISO C90 does not support \`static' or type qualifiers in parameter array declarators
Counting all warnings,
there are 31 warnings in stage3 of this bootstrap.
Number of warnings per file:
8 gcc/gcc.c
5 /usr/share/bison/bison.simple
2 insn-conditions.c
2 gcc/java/lex.c
2 gcc/f/sta.c
2 gcc/cp/lang-specs.h
2 gcc/calls.c
1 gcc/varasm.c
1 gcc/unwind-pe.h
1 gcc/sdbout.c
1 gcc/java/jvspec.c
1 gcc/java/jcf-parse.c
1 gcc/function.c
1 gcc/emit-rtl.c
1 gcc/cp/decl2.c
Number of warning types:
7 string length \`???' is greater than the length \`???' ISO C89 compilers are required to support
4 traditional C rejects string concatenation
3 label \`???' defined but not used
2 type punning cast is not type based aliasing safe
2 traditional C rejects ISO C style function definitions
2 signed and unsigned type in conditional expression
2 comparison between signed and unsigned
2 assignment of read-only location
2 \`???' might be used uninitialized in this function
2 \`???' defined but not used
1 unused variable \`???'
1 passing arg ??? of \`???' from incompatible pointer type
1 assignment discards qualifiers from pointer target type