This is the mail archive of the
gcc-testresults@gcc.gnu.org
mailing list for the GCC project.
Results for 3.3 20020930 (experimental) testsuite on s390x-ibm-linux-gnu
- From: "Ulrich Weigand" <Ulrich dot Weigand at de dot ibm dot com>
- To: gcc-testresults at gcc dot gnu dot org
- Date: Mon, 30 Sep 2002 18:25:55 +0200
- Subject: Results for 3.3 20020930 (experimental) testsuite on s390x-ibm-linux-gnu
- Sensitivity:
Native configuration is s390x-ibm-linux-gnu
=== g++ tests ===
Running target unix
FAIL: g++.dg/abi/empty6.C (test for warnings, line 6)
FAIL: g++.dg/warn/Wunused-2.C (test for warnings, line 5)
=== g++ Summary ===
# of expected passes 7517
# of unexpected failures 2
# of expected failures 92
# of untested testcases 23
# of unsupported tests 8
/mnt/dasdc1/weigand/fsf/gcc-head-build/gcc/testsuite/../g++ version 3.3 20020930 (experimental)
=== g77 tests ===
Running target unix
FAIL: g77.dg/7388.f execution test
=== g77 Summary ===
# of expected passes 1637
# of unexpected failures 1
# of unsupported tests 8
/mnt/dasdc1/weigand/fsf/gcc-head-build/gcc/testsuite/../g77 version 3.3 20020930 (experimental)
=== gcc tests ===
Running target unix
FAIL: gcc.dg/noncompile/incomplete-1.c (test for excess errors)
=== gcc Summary ===
# of expected passes 20386
# of unexpected failures 1
# of expected failures 64
# of unsupported tests 140
/mnt/dasdc1/weigand/fsf/gcc-head-build/gcc/xgcc version 3.3 20020930 (experimental)
=== objc tests ===
Running target unix
=== objc Summary ===
# of expected passes 1153
/mnt/dasdc1/weigand/fsf/gcc-head-build/gcc/xgcc version 3.3 20020930 (experimental)
=== libjava tests ===
Running target unix
FAIL: PR1343 compilation from bytecode
FAIL: PR1343 -O compilation from bytecode
FAIL: Array_3 -O execution - source compiled test
FAIL: TestProxy execution - source compiled test
FAIL: TestProxy execution - bytecode->native test
FAIL: TestProxy -O execution - source compiled test
FAIL: TestProxy -O execution - bytecode->native test
FAIL: utf8concat execution - source compiled test
FAIL: utf8concat execution - bytecode->native test
FAIL: utf8concat -O execution - source compiled test
FAIL: utf8concat -O execution - bytecode->native test
=== libjava Summary ===
# of expected passes 2221
# of unexpected failures 11
# of expected failures 14
# of untested testcases 17
=== libstdc++-v3 tests ===
Running target unix
XPASS: 22_locale/collate_byname.cc execution test
XPASS: 22_locale/collate_members_char.cc execution test
XPASS: 22_locale/collate_members_wchar_t.cc execution test
XPASS: 22_locale/ctype_is_char.cc execution test
XPASS: 22_locale/ctype_is_wchar_t.cc execution test
XPASS: 22_locale/members.cc execution test
XPASS: 22_locale/messages_byname.cc execution test
XPASS: 22_locale/messages_members_char.cc execution test
XPASS: 22_locale/money_get_members_char.cc execution test
XPASS: 22_locale/money_get_members_wchar_t.cc execution test
XPASS: 22_locale/money_put_members_char.cc execution test
XPASS: 22_locale/money_put_members_wchar_t.cc execution test
XPASS: 22_locale/moneypunct_byname.cc execution test
XPASS: 22_locale/moneypunct_members_char.cc execution test
XPASS: 22_locale/moneypunct_members_wchar_t.cc execution test
XPASS: 22_locale/num_get_members_char.cc execution test
XPASS: 22_locale/num_get_members_wchar_t.cc execution test
XPASS: 22_locale/num_put_members_char.cc execution test
XPASS: 22_locale/num_put_members_wchar_t.cc execution test
XPASS: 22_locale/numpunct_byname.cc execution test
XPASS: 22_locale/numpunct_members_char.cc execution test
XPASS: 22_locale/numpunct_members_wchar_t.cc execution test
XPASS: 22_locale/time_get_members_char.cc execution test
XPASS: 22_locale/time_get_members_wchar_t.cc execution test
XPASS: 22_locale/time_put_members_char.cc execution test
XPASS: 22_locale/time_put_members_wchar_t.cc execution test
FAIL: 26_numerics/c99_classification_macros_c.cc (test for excess errors)
=== libstdc++-v3 Summary ===
# of expected passes 417
# of unexpected failures 1
# of unexpected successes 26
# of expected failures 1
Compiler version: 3.3 20020930 (experimental)
Platform: s390x-ibm-linux-gnu
configure flags: --host=s390x-ibm-linux --enable-shared --enable-threads --prefix=/home/weigand/fsf/gcc-head-install