This is the mail archive of the
gcc-testresults@gcc.gnu.org
mailing list for the GCC project.
Results for 3.3 20020921 (experimental) testsuite on mipseb-unknown-netbsd
- From: thorpej at shagadelic dot org (Jason R Thorpe)
- To: gcc-testresults at gcc dot gnu dot org
- Date: Mon, 23 Sep 2002 07:52:41 -0700 (PDT)
- Subject: Results for 3.3 20020921 (experimental) testsuite on mipseb-unknown-netbsd
LAST_UPDATED: Sat Sep 21 22:17:26 UTC 2002
Native configuration is mipseb-unknown-netbsd
NOTE: Includes a test (gcc.dg/20020913-1.c) which has not yet been
added to the master GCC source tree.
=== g++ tests ===
Running target unix
FAIL: g++.dg/opt/longbranch1.C (test for excess errors)
FAIL: g++.dg/parse/stack1.C (test for excess errors)
FAIL: g++.dg/warn/Wunused-2.C (test for warnings, line 5)
XPASS: g++.law/profile1.C (test for excess errors)
XPASS: g++.law/profile1.C Execution test
=== g++ Summary ===
# of expected passes 7501
# of unexpected failures 3
# of unexpected successes 2
# of expected failures 94
# of untested testcases 23
# of unsupported tests 6
/amd/frau-farbissina/u2/hack/gnu-toolchain/gcc/build/mipseb-mipseb/gcc/testsuite/../g++ version 3.3 20020921 (experimental)
=== g77 tests ===
Running target unix
FAIL: g77.dg/7388.f execution test
FAIL: g77.dg/7388.f execution test
FAIL: g77.f-torture/compile/990115-1.f, -O3 -fomit-frame-pointer -funroll-loops
FAIL: g77.f-torture/compile/990115-1.f, -O3 -fomit-frame-pointer -funroll-all-loops -finline-functions
=== g77 Summary ===
# of expected passes 1634
# of unexpected failures 4
# of unsupported tests 8
/amd/frau-farbissina/u2/hack/gnu-toolchain/gcc/build/mipseb-mipseb/gcc/testsuite/../g77 version 3.3 20020921 (experimental)
=== gcc tests ===
Running target unix
FAIL: gcc.c-torture/compile/20001226-1.c, -O0
WARNING: program timed out.
FAIL: gcc.c-torture/compile/20001226-1.c, -O1
WARNING: program timed out.
FAIL: gcc.c-torture/compile/20001226-1.c, -O2
WARNING: program timed out.
FAIL: gcc.c-torture/compile/20001226-1.c, -O3 -fomit-frame-pointer
WARNING: program timed out.
FAIL: gcc.c-torture/compile/20001226-1.c, -O3 -g
WARNING: program timed out.
FAIL: gcc.c-torture/compile/20001226-1.c, -Os
FAIL: gcc.c-torture/execute/20020412-1.c compilation, -O0
UNRESOLVED: gcc.c-torture/execute/20020412-1.c execution, -O0
FAIL: gcc.c-torture/execute/20020412-1.c compilation, -O1
UNRESOLVED: gcc.c-torture/execute/20020412-1.c execution, -O1
FAIL: gcc.c-torture/execute/20020412-1.c compilation, -O2
UNRESOLVED: gcc.c-torture/execute/20020412-1.c execution, -O2
FAIL: gcc.c-torture/execute/20020412-1.c compilation, -O3 -fomit-frame-pointer
UNRESOLVED: gcc.c-torture/execute/20020412-1.c execution, -O3 -fomit-frame-pointer
FAIL: gcc.c-torture/execute/20020412-1.c compilation, -O3 -fomit-frame-pointer -funroll-loops
UNRESOLVED: gcc.c-torture/execute/20020412-1.c execution, -O3 -fomit-frame-pointer -funroll-loops
FAIL: gcc.c-torture/execute/20020412-1.c compilation, -O3 -fomit-frame-pointer -funroll-all-loops -finline-functions
UNRESOLVED: gcc.c-torture/execute/20020412-1.c execution, -O3 -fomit-frame-pointer -funroll-all-loops -finline-functions
FAIL: gcc.c-torture/execute/20020412-1.c compilation, -O3 -g
UNRESOLVED: gcc.c-torture/execute/20020412-1.c execution, -O3 -g
FAIL: gcc.c-torture/execute/20020412-1.c compilation, -Os
UNRESOLVED: gcc.c-torture/execute/20020412-1.c execution, -Os
FAIL: gcc.c-torture/execute/960218-1.c compilation, -O0
UNRESOLVED: gcc.c-torture/execute/960218-1.c execution, -O0
FAIL: gcc.c-torture/execute/960218-1.c compilation, -O1
UNRESOLVED: gcc.c-torture/execute/960218-1.c execution, -O1
FAIL: gcc.c-torture/execute/960218-1.c compilation, -O2
UNRESOLVED: gcc.c-torture/execute/960218-1.c execution, -O2
FAIL: gcc.c-torture/execute/960218-1.c compilation, -O3 -fomit-frame-pointer
UNRESOLVED: gcc.c-torture/execute/960218-1.c execution, -O3 -fomit-frame-pointer
FAIL: gcc.c-torture/execute/960218-1.c compilation, -O3 -fomit-frame-pointer -funroll-loops
UNRESOLVED: gcc.c-torture/execute/960218-1.c execution, -O3 -fomit-frame-pointer -funroll-loops
FAIL: gcc.c-torture/execute/960218-1.c compilation, -O3 -fomit-frame-pointer -funroll-all-loops -finline-functions
UNRESOLVED: gcc.c-torture/execute/960218-1.c execution, -O3 -fomit-frame-pointer -funroll-all-loops -finline-functions
FAIL: gcc.c-torture/execute/960218-1.c compilation, -Os
UNRESOLVED: gcc.c-torture/execute/960218-1.c execution, -Os
FAIL: gcc.dg/20020913-1.c execution test
FAIL: gcc.dg/mips-args-1.c (test for excess errors)
FAIL: gcc.dg/mips-args-2.c execution test
FAIL: gcc.dg/unordered-1.c (test for excess errors)
FAIL: gcc.dg/noncompile/incomplete-1.c (test for excess errors)
FAIL: gcc.dg/special/gcsec-1.c (test for excess errors)
=== gcc Summary ===
# of expected passes 20275
# of unexpected failures 27
# of expected failures 86
# of unresolved testcases 15
# of unsupported tests 137
/amd/frau-farbissina/u2/hack/gnu-toolchain/gcc/build/mipseb-mipseb/gcc/xgcc version 3.3 20020921 (experimental)
=== objc tests ===
Running target unix
=== objc Summary ===
# of expected passes 1153
/amd/frau-farbissina/u2/hack/gnu-toolchain/gcc/build/mipseb-mipseb/gcc/xgcc version 3.3 20020921 (experimental)
=== libstdc++-v3 tests ===
Running target unix
XPASS: 22_locale/collate_members_wchar_t.cc execution test
XPASS: 22_locale/ctype_is_wchar_t.cc execution test
XPASS: 22_locale/money_get_members_wchar_t.cc execution test
XPASS: 22_locale/money_put_members_wchar_t.cc execution test
XPASS: 22_locale/moneypunct_members_wchar_t.cc execution test
XPASS: 22_locale/num_get_members_wchar_t.cc execution test
XPASS: 22_locale/num_put_members_wchar_t.cc execution test
XPASS: 22_locale/numpunct_members_wchar_t.cc execution test
XPASS: 22_locale/time_get_members_wchar_t.cc execution test
XPASS: 22_locale/time_put_members_wchar_t.cc execution test
=== libstdc++-v3 Summary ===
# of expected passes 406
# of unexpected successes 10
# of expected failures 17
# of unsupported tests 6
Compiler version: 3.3 20020921 (experimental)
Platform: mipseb-unknown-netbsd
configure flags: --prefix=/usr/local/gnu --disable-shared --host=mipseb-unknown-netbsd --target=mipseb-unknown-netbsd