This is the mail archive of the gcc-testresults@gcc.gnu.org mailing list for the GCC project.


Index Nav: [Date Index] [Subject Index] [Author Index] [Thread Index]
Message Nav: [Date Prev] [Date Next] [Thread Prev] [Thread Next]
Other format: [Raw text]

Results for 3.3 20020916 (experimental) testsuite on sparc64-sun-solaris2.8


LAST_UPDATED: Mon Sep 16 22:18:02 UTC 2002

Native configuration is sparc64-sun-solaris2.8

		=== g++ tests ===


Running target unix
FAIL: g++.dg/opt/cse2.C (test for excess errors)
WARNING: g++.dg/opt/cse2.C compilation failed to produce executable
FAIL: g++.dg/other/do1.C (test for excess errors)
FAIL: g++.dg/warn/Wunused-2.C  (test for warnings, line 5)
FAIL: g++.dg/special/conpr-2.C execution test
FAIL: g++.dg/special/conpr-3.C execution test
FAIL: g++.dg/special/initp1.C execution test
FAIL: g++.jason/pmem4.C caused compiler crash
FAIL: g++.other/crash32.C caused compiler crash

		=== g++ Summary ===

# of expected passes		7504
# of unexpected failures	8
# of expected failures		91
# of untested testcases		23
# of unsupported tests		4
/export/gccbuild/gcc/testsuite/../g++ version 3.3 20020916 (experimental)

		=== g77 tests ===


Running target unix
FAIL: g77.f-torture/execute/20010430.f compilation,  -O3 -fomit-frame-pointer -funroll-loops 
FAIL: g77.f-torture/execute/20010430.f compilation,  -O3 -fomit-frame-pointer -funroll-all-loops -finline-functions 

		=== g77 Summary ===

# of expected passes		1634
# of unexpected failures	2
# of untested testcases		2
# of unsupported tests		8
/export/gccbuild/gcc/testsuite/../g77 version 3.3 20020916 (experimental)

		=== gcc tests ===


Running target unix
WARNING: program timed out.
FAIL: gcc.c-torture/compile/20001226-1.c,  -O3 -g  
WARNING: program timed out.
FAIL: gcc.c-torture/compile/20001226-1.c,  -Os  
FAIL: gcc.c-torture/execute/20000605-1.c compilation,  -O3 -fomit-frame-pointer 
UNRESOLVED: gcc.c-torture/execute/20000605-1.c execution,  -O3 -fomit-frame-pointer 
FAIL: gcc.c-torture/execute/20000605-1.c compilation,  -O3 -fomit-frame-pointer -funroll-loops 
UNRESOLVED: gcc.c-torture/execute/20000605-1.c execution,  -O3 -fomit-frame-pointer -funroll-loops 
FAIL: gcc.c-torture/execute/20000605-1.c compilation,  -O3 -fomit-frame-pointer -funroll-all-loops -finline-functions 
UNRESOLVED: gcc.c-torture/execute/20000605-1.c execution,  -O3 -fomit-frame-pointer -funroll-all-loops -finline-functions 
FAIL: gcc.c-torture/execute/20000605-1.c compilation,  -O3 -g 
UNRESOLVED: gcc.c-torture/execute/20000605-1.c execution,  -O3 -g 
FAIL: gcc.c-torture/execute/20010118-1.c compilation,  -O3 -fomit-frame-pointer 
UNRESOLVED: gcc.c-torture/execute/20010118-1.c execution,  -O3 -fomit-frame-pointer 
FAIL: gcc.c-torture/execute/20010118-1.c compilation,  -O3 -g 
UNRESOLVED: gcc.c-torture/execute/20010118-1.c execution,  -O3 -g 
XPASS: gcc.c-torture/execute/20020227-1.c execution,  -O0 
XPASS: gcc.c-torture/execute/20020227-1.c execution,  -O1 
FAIL: gcc.c-torture/execute/20020720-1.c compilation,  -O1 
UNRESOLVED: gcc.c-torture/execute/20020720-1.c execution,  -O1 
FAIL: gcc.c-torture/execute/20020720-1.c compilation,  -O2 
UNRESOLVED: gcc.c-torture/execute/20020720-1.c execution,  -O2 
FAIL: gcc.c-torture/execute/20020720-1.c compilation,  -O3 -fomit-frame-pointer 
UNRESOLVED: gcc.c-torture/execute/20020720-1.c execution,  -O3 -fomit-frame-pointer 
FAIL: gcc.c-torture/execute/20020720-1.c compilation,  -O3 -g 
UNRESOLVED: gcc.c-torture/execute/20020720-1.c execution,  -O3 -g 
FAIL: gcc.c-torture/execute/20020720-1.c compilation,  -Os 
UNRESOLVED: gcc.c-torture/execute/20020720-1.c execution,  -Os 
FAIL: gcc.c-torture/execute/930106-1.c compilation,  -O3 -fomit-frame-pointer 
UNRESOLVED: gcc.c-torture/execute/930106-1.c execution,  -O3 -fomit-frame-pointer 
FAIL: gcc.c-torture/execute/930106-1.c compilation,  -O3 -g 
UNRESOLVED: gcc.c-torture/execute/930106-1.c execution,  -O3 -g 
FAIL: gcc.c-torture/execute/930921-1.c compilation,  -O3 -fomit-frame-pointer -funroll-loops 
UNRESOLVED: gcc.c-torture/execute/930921-1.c execution,  -O3 -fomit-frame-pointer -funroll-loops 
FAIL: gcc.c-torture/execute/930921-1.c compilation,  -O3 -fomit-frame-pointer -funroll-all-loops -finline-functions 
UNRESOLVED: gcc.c-torture/execute/930921-1.c execution,  -O3 -fomit-frame-pointer -funroll-all-loops -finline-functions 
FAIL: gcc.c-torture/execute/980605-1.c compilation,  -O3 -fomit-frame-pointer 
UNRESOLVED: gcc.c-torture/execute/980605-1.c execution,  -O3 -fomit-frame-pointer 
FAIL: gcc.c-torture/execute/980605-1.c compilation,  -O3 -g 
UNRESOLVED: gcc.c-torture/execute/980605-1.c execution,  -O3 -g 
FAIL: gcc.c-torture/execute/conversion.c compilation,  -O3 -fomit-frame-pointer 
UNRESOLVED: gcc.c-torture/execute/conversion.c execution,  -O3 -fomit-frame-pointer 
FAIL: gcc.c-torture/execute/conversion.c compilation,  -O3 -g 
UNRESOLVED: gcc.c-torture/execute/conversion.c execution,  -O3 -g 
FAIL: gcc.c-torture/execute/cvt-1.c compilation,  -O3 -fomit-frame-pointer 
UNRESOLVED: gcc.c-torture/execute/cvt-1.c execution,  -O3 -fomit-frame-pointer 
FAIL: gcc.c-torture/execute/cvt-1.c compilation,  -O3 -g 
UNRESOLVED: gcc.c-torture/execute/cvt-1.c execution,  -O3 -g 
FAIL: gcc.c-torture/execute/gofast.c compilation,  -O3 -fomit-frame-pointer 
UNRESOLVED: gcc.c-torture/execute/gofast.c execution,  -O3 -fomit-frame-pointer 
FAIL: gcc.c-torture/execute/gofast.c compilation,  -O3 -g 
UNRESOLVED: gcc.c-torture/execute/gofast.c execution,  -O3 -g 
FAIL: gcc.c-torture/unsorted/BUG11.c,  -O3 -fomit-frame-pointer  
FAIL: gcc.c-torture/unsorted/BUG11.c,  -O3 -g  
FAIL: gcc.c-torture/unsorted/conv.c,  -O3 -fomit-frame-pointer  
FAIL: gcc.c-torture/unsorted/conv.c,  -O3 -g  
FAIL: gcc.c-torture/unsorted/conv_tst.c,  -O3 -fomit-frame-pointer  
FAIL: gcc.c-torture/unsorted/conv_tst.c,  -O3 -g  
FAIL: gcc.c-torture/unsorted/round.c,  -O3 -fomit-frame-pointer  
FAIL: gcc.c-torture/unsorted/round.c,  -O3 -g  
FAIL: gcc.dg/noncompile/incomplete-1.c (test for excess errors)
UNRESOLVED: weak-1.c
UNRESOLVED: weak-2.c
UNRESOLVED: wkali-1.c
UNRESOLVED: wkali-2.c
UNRESOLVED: gcc.dg/weak

		=== gcc Summary ===

# of expected passes		20170
# of unexpected failures	34
# of unexpected successes	2
# of expected failures		66
# of unresolved testcases	28
# of unsupported tests		129
/export/gccbuild/gcc/xgcc version 3.3 20020916 (experimental)

		=== objc tests ===


Running target unix

		=== objc Summary ===

# of expected passes		1079
/export/gccbuild/gcc/xgcc version 3.3 20020916 (experimental)

		=== libstdc++-v3 tests ===


Running target unix
XPASS: 22_locale/collate_members_wchar_t.cc execution test
XPASS: 22_locale/ctype_is_wchar_t.cc execution test
XPASS: 22_locale/money_get_members_wchar_t.cc execution test
XPASS: 22_locale/money_put_members_wchar_t.cc execution test
XPASS: 22_locale/moneypunct_members_wchar_t.cc execution test
XPASS: 22_locale/num_get_members_wchar_t.cc execution test
XPASS: 22_locale/num_put_members_wchar_t.cc execution test
XPASS: 22_locale/numpunct_members_wchar_t.cc execution test
XPASS: 22_locale/time_get_members_wchar_t.cc execution test
XPASS: 22_locale/time_put_members_wchar_t.cc execution test
FAIL: 27_io/istream_extractor_arith.cc execution test

		=== libstdc++-v3 Summary ===

# of expected passes		417
# of unexpected failures	1
# of unexpected successes	10
# of expected failures		17

Compiler version: 3.3 20020916 (experimental) 
Platform: sparc64-sun-solaris2.8
configure flags: --host=sparc64-sun-solaris2.8 --enable-threads=posix --prefix=/opt/Pkg/SunOS/gcc33_64 --enable-languages=c,c++,f77,objc --disable-libgcj --with-gxx-include-dir=/opt/Pkg/SunOS/gcc33_64/include/g++ --with-system-zlib --enable-shared


Index Nav: [Date Index] [Subject Index] [Author Index] [Thread Index]
Message Nav: [Date Prev] [Date Next] [Thread Prev] [Thread Next]