This is the mail archive of the
gcc-testresults@gcc.gnu.org
mailing list for the GCC project.
Results for 3.3 20020914 (experimental) testsuite on sparc-sun-solaris2.7 (RTL check)
- From: "Kaveh R. Ghazi" <ghazi at caip dot rutgers dot edu>
- To: gcc-testresults at gcc dot gnu dot org
- Date: Mon, 16 Sep 2002 07:35:43 -0400 (EDT)
- Subject: Results for 3.3 20020914 (experimental) testsuite on sparc-sun-solaris2.7 (RTL check)
LAST_UPDATED:
Native configuration is sparc-sun-solaris2.7
=== g++ tests ===
Running target unix/-m64
FAIL: g++.dg/warn/Wunused-2.C (test for warnings, line 5)
FAIL: g++.dg/special/conpr-2.C execution test
FAIL: g++.dg/special/conpr-3.C execution test
FAIL: g++.dg/special/initp1.C execution test
FAIL: g++.oliva/typeof1.C (test for excess errors)
=== g++ Summary for unix/-m64 ===
# of expected passes 7502
# of unexpected failures 5
# of expected failures 90
# of untested testcases 21
# of unsupported tests 4
Running target unix/-fPIC
FAIL: g++.dg/warn/Wunused-2.C (test for warnings, line 5)
FAIL: g++.dg/special/conpr-2.C execution test
FAIL: g++.dg/special/conpr-3.C execution test
FAIL: g++.dg/special/initp1.C execution test
FAIL: g++.oliva/typeof1.C (test for excess errors)
=== g++ Summary for unix/-fPIC ===
# of expected passes 7502
# of unexpected failures 5
# of expected failures 90
# of untested testcases 21
# of unsupported tests 4
Running target unix/-fpic
FAIL: g++.dg/warn/Wunused-2.C (test for warnings, line 5)
FAIL: g++.dg/special/conpr-2.C execution test
FAIL: g++.dg/special/conpr-3.C execution test
FAIL: g++.dg/special/initp1.C execution test
FAIL: g++.oliva/typeof1.C (test for excess errors)
=== g++ Summary for unix/-fpic ===
# of expected passes 7502
# of unexpected failures 5
# of expected failures 90
# of untested testcases 21
# of unsupported tests 4
Running target unix
FAIL: g++.dg/warn/Wunused-2.C (test for warnings, line 5)
FAIL: g++.dg/special/conpr-2.C execution test
FAIL: g++.dg/special/conpr-3.C execution test
FAIL: g++.dg/special/initp1.C execution test
FAIL: g++.oliva/typeof1.C (test for excess errors)
=== g++ Summary for unix ===
# of expected passes 7502
# of unexpected failures 5
# of expected failures 90
# of untested testcases 21
# of unsupported tests 4
=== g++ Summary ===
# of expected passes 30008
# of unexpected failures 20
# of expected failures 360
# of untested testcases 84
# of unsupported tests 16
/teal/caip5/ghazi/gcc-testing/build/gcc/testsuite/../g++ version 3.3 20020914 (experimental)
=== g77 tests ===
Running target unix/-m64
=== g77 Summary for unix/-m64 ===
# of expected passes 1638
# of unsupported tests 8
Running target unix/-fPIC
FAIL: g77.dg/7388.f execution test
FAIL: g77.dg/7388.f execution test
=== g77 Summary for unix/-fPIC ===
# of expected passes 1636
# of unexpected failures 2
# of unsupported tests 8
Running target unix/-fpic
FAIL: g77.dg/7388.f execution test
FAIL: g77.dg/7388.f execution test
=== g77 Summary for unix/-fpic ===
# of expected passes 1636
# of unexpected failures 2
# of unsupported tests 8
Running target unix
FAIL: g77.dg/7388.f execution test
FAIL: g77.dg/7388.f execution test
=== g77 Summary for unix ===
# of expected passes 1636
# of unexpected failures 2
# of unsupported tests 8
=== g77 Summary ===
# of expected passes 6546
# of unexpected failures 6
# of unsupported tests 32
/teal/caip5/ghazi/gcc-testing/build/gcc/testsuite/../g77 version 3.3 20020914 (experimental)
=== gcc tests ===
Running target unix/-m64
WARNING: program timed out.
FAIL: gcc.c-torture/compile/20001226-1.c, -O3 -fomit-frame-pointer
WARNING: program timed out.
FAIL: gcc.c-torture/compile/20001226-1.c, -O3 -g
FAIL: gcc.c-torture/compile/960704-1.c, -O1
FAIL: gcc.c-torture/compile/960704-1.c, -O2
FAIL: gcc.c-torture/compile/960704-1.c, -O3 -fomit-frame-pointer
FAIL: gcc.c-torture/compile/960704-1.c, -O3 -g
FAIL: gcc.c-torture/compile/960704-1.c, -Os
XPASS: gcc.c-torture/execute/20020227-1.c execution, -O0
XPASS: gcc.c-torture/execute/20020227-1.c execution, -O1
FAIL: gcc.c-torture/execute/20020720-1.c compilation, -O1
UNRESOLVED: gcc.c-torture/execute/20020720-1.c execution, -O1
FAIL: gcc.c-torture/execute/20020720-1.c compilation, -O2
UNRESOLVED: gcc.c-torture/execute/20020720-1.c execution, -O2
FAIL: gcc.c-torture/execute/20020720-1.c compilation, -O3 -fomit-frame-pointer
UNRESOLVED: gcc.c-torture/execute/20020720-1.c execution, -O3 -fomit-frame-pointer
FAIL: gcc.c-torture/execute/20020720-1.c compilation, -O3 -g
UNRESOLVED: gcc.c-torture/execute/20020720-1.c execution, -O3 -g
FAIL: gcc.c-torture/execute/20020720-1.c compilation, -Os
UNRESOLVED: gcc.c-torture/execute/20020720-1.c execution, -Os
FAIL: gcc.c-torture/execute/930921-1.c compilation, -O3 -fomit-frame-pointer -funroll-loops
UNRESOLVED: gcc.c-torture/execute/930921-1.c execution, -O3 -fomit-frame-pointer -funroll-loops
FAIL: gcc.c-torture/execute/930921-1.c compilation, -O3 -fomit-frame-pointer -funroll-all-loops -finline-functions
UNRESOLVED: gcc.c-torture/execute/930921-1.c execution, -O3 -fomit-frame-pointer -funroll-all-loops -finline-functions
FAIL: gcc.c-torture/execute/991019-1.c compilation, -O1
UNRESOLVED: gcc.c-torture/execute/991019-1.c execution, -O1
FAIL: gcc.c-torture/execute/991019-1.c compilation, -O2
UNRESOLVED: gcc.c-torture/execute/991019-1.c execution, -O2
FAIL: gcc.c-torture/execute/991019-1.c compilation, -Os
UNRESOLVED: gcc.c-torture/execute/991019-1.c execution, -Os
FAIL: gcc.dg/sparc-ret.c (test for excess errors)
ERROR: gcc.dg/sparc-ret.c: error executing dg-final: couldn't open "sparc-ret.s": no such file or directory
UNRESOLVED: gcc.dg/sparc-ret.c: error executing dg-final: couldn't open "sparc-ret.s": no such file or directory
FAIL: gcc.dg/noncompile/incomplete-1.c (test for excess errors)
UNRESOLVED: weak-1.c
UNRESOLVED: weak-2.c
UNRESOLVED: wkali-1.c
UNRESOLVED: wkali-2.c
UNRESOLVED: gcc.dg/weak
=== gcc Summary for unix/-m64 ===
# of expected passes 20193
# of unexpected failures 19
# of unexpected successes 2
# of expected failures 66
# of unresolved testcases 16
# of unsupported tests 131
Running target unix/-fPIC
WARNING: program timed out.
FAIL: gcc.c-torture/compile/20001226-1.c, -O3 -g
FAIL: gcc.dg/20020312-2.c (test for excess errors)
WARNING: gcc.dg/20020312-2.c compilation failed to produce executable
FAIL: gcc.dg/noncompile/incomplete-1.c (test for excess errors)
UNRESOLVED: weak-1.c
UNRESOLVED: weak-2.c
UNRESOLVED: wkali-1.c
UNRESOLVED: wkali-2.c
UNRESOLVED: gcc.dg/weak
=== gcc Summary for unix/-fPIC ===
# of expected passes 20226
# of unexpected failures 3
# of expected failures 62
# of unresolved testcases 5
# of unsupported tests 131
Running target unix/-fpic
WARNING: program timed out.
FAIL: gcc.c-torture/compile/20001226-1.c, -O3 -g
FAIL: gcc.dg/20020312-2.c (test for excess errors)
WARNING: gcc.dg/20020312-2.c compilation failed to produce executable
FAIL: gcc.dg/noncompile/incomplete-1.c (test for excess errors)
UNRESOLVED: weak-1.c
UNRESOLVED: weak-2.c
UNRESOLVED: wkali-1.c
UNRESOLVED: wkali-2.c
UNRESOLVED: gcc.dg/weak
=== gcc Summary for unix/-fpic ===
# of expected passes 20226
# of unexpected failures 3
# of expected failures 62
# of unresolved testcases 5
# of unsupported tests 131
Running target unix
WARNING: program timed out.
FAIL: gcc.c-torture/compile/20001226-1.c, -O3 -g
FAIL: gcc.dg/noncompile/incomplete-1.c (test for excess errors)
UNRESOLVED: weak-1.c
UNRESOLVED: weak-2.c
UNRESOLVED: wkali-1.c
UNRESOLVED: wkali-2.c
UNRESOLVED: gcc.dg/weak
=== gcc Summary for unix ===
# of expected passes 20228
# of unexpected failures 2
# of expected failures 62
# of unresolved testcases 5
# of unsupported tests 131
=== gcc Summary ===
# of expected passes 80873
# of unexpected failures 27
# of unexpected successes 2
# of expected failures 252
# of unresolved testcases 31
# of unsupported tests 524
/teal/caip5/ghazi/gcc-testing/build/gcc/xgcc version 3.3 20020914 (experimental)
=== objc tests ===
Running target unix/-m64
=== objc Summary for unix/-m64 ===
# of expected passes 1079
Running target unix/-fPIC
=== objc Summary for unix/-fPIC ===
# of expected passes 1079
Running target unix/-fpic
=== objc Summary for unix/-fpic ===
# of expected passes 1079
Running target unix
=== objc Summary for unix ===
# of expected passes 1079
=== objc Summary ===
# of expected passes 4316
/teal/caip5/ghazi/gcc-testing/build/gcc/xgcc version 3.3 20020914 (experimental)
=== libstdc++-v3 tests ===
Running target unix/-m64
XPASS: 22_locale/collate_members_wchar_t.cc execution test
XPASS: 22_locale/ctype_is_wchar_t.cc execution test
XPASS: 22_locale/money_get_members_wchar_t.cc execution test
XPASS: 22_locale/money_put_members_wchar_t.cc execution test
XPASS: 22_locale/moneypunct_members_wchar_t.cc execution test
XPASS: 22_locale/num_get_members_wchar_t.cc execution test
XPASS: 22_locale/num_put_members_wchar_t.cc execution test
XPASS: 22_locale/numpunct_members_wchar_t.cc execution test
XPASS: 22_locale/time_get_members_wchar_t.cc execution test
XPASS: 22_locale/time_put_members_wchar_t.cc execution test
WARNING: program timed out.
FAIL: 27_io/ios_base_storage.cc execution test
FAIL: 27_io/istream_extractor_arith.cc execution test
=== libstdc++-v3 Summary for unix/-m64 ===
# of expected passes 416
# of unexpected failures 2
# of unexpected successes 10
# of expected failures 17
Running target unix/-fPIC
XPASS: 22_locale/collate_members_wchar_t.cc execution test
XPASS: 22_locale/ctype_is_wchar_t.cc execution test
XPASS: 22_locale/money_get_members_wchar_t.cc execution test
XPASS: 22_locale/money_put_members_wchar_t.cc execution test
XPASS: 22_locale/moneypunct_members_wchar_t.cc execution test
XPASS: 22_locale/num_get_members_wchar_t.cc execution test
XPASS: 22_locale/num_put_members_wchar_t.cc execution test
XPASS: 22_locale/numpunct_members_wchar_t.cc execution test
XPASS: 22_locale/time_get_members_wchar_t.cc execution test
XPASS: 22_locale/time_put_members_wchar_t.cc execution test
FAIL: 27_io/istream_extractor_arith.cc execution test
=== libstdc++-v3 Summary for unix/-fPIC ===
# of expected passes 417
# of unexpected failures 1
# of unexpected successes 10
# of expected failures 17
Running target unix/-fpic
XPASS: 22_locale/collate_members_wchar_t.cc execution test
XPASS: 22_locale/ctype_is_wchar_t.cc execution test
XPASS: 22_locale/money_get_members_wchar_t.cc execution test
XPASS: 22_locale/money_put_members_wchar_t.cc execution test
XPASS: 22_locale/moneypunct_members_wchar_t.cc execution test
XPASS: 22_locale/num_get_members_wchar_t.cc execution test
XPASS: 22_locale/num_put_members_wchar_t.cc execution test
XPASS: 22_locale/numpunct_members_wchar_t.cc execution test
XPASS: 22_locale/time_get_members_wchar_t.cc execution test
XPASS: 22_locale/time_put_members_wchar_t.cc execution test
FAIL: 27_io/istream_extractor_arith.cc execution test
=== libstdc++-v3 Summary for unix/-fpic ===
# of expected passes 417
# of unexpected failures 1
# of unexpected successes 10
# of expected failures 17
Running target unix
XPASS: 22_locale/collate_members_wchar_t.cc execution test
XPASS: 22_locale/ctype_is_wchar_t.cc execution test
XPASS: 22_locale/money_get_members_wchar_t.cc execution test
XPASS: 22_locale/money_put_members_wchar_t.cc execution test
XPASS: 22_locale/moneypunct_members_wchar_t.cc execution test
XPASS: 22_locale/num_get_members_wchar_t.cc execution test
XPASS: 22_locale/num_put_members_wchar_t.cc execution test
XPASS: 22_locale/numpunct_members_wchar_t.cc execution test
XPASS: 22_locale/time_get_members_wchar_t.cc execution test
XPASS: 22_locale/time_put_members_wchar_t.cc execution test
FAIL: 27_io/istream_extractor_arith.cc execution test
=== libstdc++-v3 Summary for unix ===
# of expected passes 417
# of unexpected failures 1
# of unexpected successes 10
# of expected failures 17
=== libstdc++-v3 Summary ===
# of expected passes 1667
# of unexpected failures 5
# of unexpected successes 40
# of expected failures 68
Compiler version: 3.3 20020914 (experimental)
Platform: sparc-sun-solaris2.7
configure flags: --host=sparc-sun-solaris2.7 --verbose --enable-checking=misc,tree,rtl,rtlflag,gc --enable-languages=c,objc,c++,f77